{"id":2800,"date":"2018-08-25T22:08:42","date_gmt":"2018-08-25T20:08:42","guid":{"rendered":"http:\/\/diablofans.ddev.site\/d2\/super-unikatni-bossove-5-akt-nihlathak\/"},"modified":"2018-08-25T22:08:42","modified_gmt":"2018-08-25T20:08:42","slug":"super-unikatni-bossove-5-akt-nihlathak","status":"publish","type":"page","link":"https:\/\/www.diablofans.cz\/d2\/super-unikatni-bossove-5-akt-nihlathak\/","title":{"rendered":"Super unik\u00e1tn\u00ed bossov\u00e9 &#8211; 5. akt &#8211; Nihlathak"},"content":{"rendered":"\n<div><img loading=\"lazy\" decoding=\"async\" src=\"https:\/\/www.diablofans.cz\/d2\/wp-content\/uploads\/2018\/08\/nihlathak-popis.gif\" alt=\"nihlathak-popis\" class=\"img-right\" width=\"68\" height=\"96\" \/><\/div>\n<h3 id=\"historie\">Historie<\/h3>\n<p>Pat\u0159il do klanu, jeho\u017e c\u00edlem bylo ochr\u00e1nit Worldstone. Jeliko\u017e ale hrozilo, \u017ee jeho klan tento \u00fakol nezvl\u00e1dne, za\u010dal <strong>propadat depres\u00edm a \u0161\u00edlenstv\u00ed<\/strong>. Nyn\u00ed se zd\u00e1 b\u00fdt neust\u00e1le zamy\u0161len\u00fd a vypad\u00e1 to, \u017ee se sna\u017e\u00ed nedopadnout tak, jako jeho kolegov\u00e9 z\u00a0klanu.<\/p>\n<h3 id=\"popis\">Popis<\/h3>\n<p>Hr\u00e1\u010di se Nihlathaka ob\u00e1vaj\u00ed p\u0159edev\u0161\u00edm kv\u016fli jeho dovednosti <strong>Corpse Explosion<\/strong>. A\u00a0to obzvl\u00e1\u0161t\u011b p\u0159i h\u0159e na Hardcore. Nihlathak je v\u00e1s schopen zab\u00edt pomoc\u00ed tohoto skillu b\u011bhem n\u011bkolika sekund, mo\u017en\u00e1 dokonce i\u00a0rychleji. Aby v\u0161ak mohl Corpse Explosion vyu\u017e\u00edt, mus\u00ed m\u00edt k\u00a0dispozici mrtv\u00e1 t\u011bla. Sna\u017ete se tedy dr\u017eet d\u00e1le od mrtv\u00fdch\u00a0t\u011bl.<\/p>\n<p>Krom\u011b vyh\u00fdb\u00e1n\u00ed se mrtv\u00fdm t\u011bl\u016fm je tak\u00e9 mo\u017en\u00e9 je vyu\u017e\u00edt <strong>d\u0159\u00edve ne\u017e Nihlathak<\/strong>. A\u00a0to se d\u00e1 ud\u011blat hned n\u011bkolika zp\u016fsoby. Paladin m\u016f\u017ee vyu\u017e\u00edt dovednosti Redemption, Barbarian zase Find Potion a Necromancer by mohl pou\u017e\u00edt skill Revive.<\/p>\n<p>Dal\u0161\u00ed mo\u017enost\u00ed je zab\u00edt monstra tak, aby po sob\u011b nezanech\u00e1vala \u017e\u00e1dn\u00e9 mrtvoly. Toho se d\u00e1 doc\u00edlit <strong>zmra\u017een\u00edm<\/strong>. Pokud nep\u0159\u00edtele zmraz\u00edte, po jeho smrti na zemi nez\u016fstane le\u017eet jeho mrtvola, ale jen rozt\u0159\u00ed\u0161t\u011bn\u00fd\u00a0led.<\/p>\n<p>Ka\u017edop\u00e1dn\u011b je vhodn\u00e9 se proti Corpse Explosion zodpov\u011bdn\u011b <strong>vybavit<\/strong>. Pomoci m\u016f\u017ee zv\u00fd\u0161en\u00e1 odolnost v\u016f\u010di ohni (Fire Resistance), ale tak\u00e9 odolnost v\u016f\u010di fyzick\u00e9mu po\u0161kozen\u00ed (Physical Damage) nebo zv\u00fd\u0161en\u00e1 \u0161ance na blokov\u00e1n\u00ed (Chance to Block).<\/p>\n<p>Mezi <strong>dal\u0161\u00ed Nihlathakovy dovednosti<\/strong> pat\u0159\u00ed skilly jako Summon Baal&#8217;s\u00a0Minion (vyvol\u00e1v\u00e1n\u00ed pomocn\u00edk\u016f), Minion Frenzy (podpora jeho pomocn\u00edk\u016f), Arctic Blast (ledov\u00fd dech) \u010di Teleport (schopnost okam\u017eit\u00e9ho p\u0159em\u00edst\u011bn\u00ed).<\/p>\n<h3 id=\"vlastnosti\">Vlastnosti<\/h3>\n<table style=\"text-align:center\">\n<thead>\n<tr>\n<th colspan=\"3\">Level<\/th>\n<th colspan=\"3\">Experience<\/th>\n<th colspan=\"3\">Hit Points<\/th>\n<\/tr>\n<\/thead>\n<tbody>\n<tr>\n<td>Normal<\/td>\n<td>Nightmare<\/td>\n<td>Hell<\/td>\n<td>Normal<\/td>\n<td>Nightmare<\/td>\n<td>Hell<\/td>\n<td>Normal<\/td>\n<td>Nightmare<\/td>\n<td>Hell<\/td>\n<\/tr>\n<tr>\n<td>68<\/td>\n<td>73<\/td>\n<td>95<\/td>\n<td>53695<\/td>\n<td>284475<\/td>\n<td>840804<\/td>\n<td>911<\/td>\n<td>3218<\/td>\n<td>13345<\/td>\n<\/tr>\n<\/tbody>\n<\/table>\n<table style=\"text-align:center\">\n<thead>\n<tr>\n<th colspan=\"3\">Melee Attack 1<\/th>\n<th colspan=\"3\">Attack Rating 1<\/th>\n<\/tr>\n<\/thead>\n<tbody>\n<tr>\n<td>Normal<\/td>\n<td>Nightmare<\/td>\n<td>Hell<\/td>\n<td>Normal<\/td>\n<td>Nightmare<\/td>\n<td>Hell<\/td>\n<\/tr>\n<tr>\n<td colspan=\"6\">\u2013<\/td>\n<\/tr>\n<\/tbody>\n<\/table>\n<table style=\"text-align:center\">\n<thead>\n<tr>\n<th colspan=\"3\">Melee Attack 2<\/th>\n<th colspan=\"3\">Attack Rating 2<\/th>\n<\/tr>\n<\/thead>\n<tbody>\n<tr>\n<td>Normal<\/td>\n<td>Nightmare<\/td>\n<td>Hell<\/td>\n<td>Normal<\/td>\n<td>Nightmare<\/td>\n<td>Hell<\/td>\n<\/tr>\n<tr>\n<td colspan=\"6\">\u2013<\/td>\n<\/tr>\n<\/tbody>\n<\/table>\n<table style=\"text-align:center\">\n<thead>\n<tr>\n<th colspan=\"3\">Defense<\/th>\n<th colspan=\"3\">% to Block<\/th>\n<\/tr>\n<\/thead>\n<tbody>\n<tr>\n<td>Normal<\/td>\n<td>Nightmare<\/td>\n<td>Hell<\/td>\n<td>Normal<\/td>\n<td>Nightmare<\/td>\n<td>Hell<\/td>\n<\/tr>\n<tr>\n<td>491<\/td>\n<td>1029<\/td>\n<td>1951<\/td>\n<td colspan=\"3\">50<\/td>\n<\/tr>\n<\/tbody>\n<\/table>\n<table style=\"text-align:center\">\n<thead>\n<tr>\n<th colspan=\"3\">Damage Resist<\/th>\n<th colspan=\"3\">Magic Resist<\/th>\n<\/tr>\n<\/thead>\n<tbody>\n<tr>\n<td>Normal<\/td>\n<td>Nightmare<\/td>\n<td>Hell<\/td>\n<td>Normal<\/td>\n<td>Nightmare<\/td>\n<td>Hell<\/td>\n<\/tr>\n<tr>\n<td colspan=\"5\">0<\/td>\n<td>25<\/td>\n<\/tr>\n<\/tbody>\n<\/table>\n<table style=\"text-align:center\">\n<thead>\n<tr>\n<th colspan=\"3\">Fire Resist<\/th>\n<th colspan=\"3\">Cold Resist<\/th>\n<\/tr>\n<\/thead>\n<tbody>\n<tr>\n<td>Normal<\/td>\n<td>Nightmare<\/td>\n<td>Hell<\/td>\n<td>Normal<\/td>\n<td>Nightmare<\/td>\n<td>Hell<\/td>\n<\/tr>\n<tr>\n<td colspan=\"2\">0<\/td>\n<td>33<\/td>\n<td colspan=\"3\">70<\/td>\n<\/tr>\n<\/tbody>\n<\/table>\n<table style=\"text-align:center\">\n<thead>\n<tr>\n<th colspan=\"3\">Lightning Resist<\/th>\n<th colspan=\"3\">Poison Resist<\/th>\n<\/tr>\n<\/thead>\n<tbody>\n<tr>\n<td>Normal<\/td>\n<td>Nightmare<\/td>\n<td>Hell<\/td>\n<td>Normal<\/td>\n<td>Nightmare<\/td>\n<td>Hell<\/td>\n<\/tr>\n<tr>\n<td colspan=\"2\">0<\/td>\n<td>33<\/td>\n<td colspan=\"3\">70<\/td>\n<\/tr>\n<\/tbody>\n<\/table>\n<table style=\"text-align:center\">\n<thead>\n<tr>\n<th colspan=\"3\">Drain Effectiveness<\/th>\n<th colspan=\"3\">Immunities<\/th>\n<th colspan=\"3\">Chill Effectiveness<\/th>\n<\/tr>\n<\/thead>\n<tbody>\n<tr>\n<td>Normal<\/td>\n<td>Nightmare<\/td>\n<td>Hell<\/td>\n<td>Normal<\/td>\n<td>Nightmare<\/td>\n<td>Hell<\/td>\n<td>Normal<\/td>\n<td>Nightmare<\/td>\n<td>Hell<\/td>\n<\/tr>\n<tr>\n<td colspan=\"3\">100<\/td>\n<td colspan=\"3\">\u2013<\/td>\n<td>50<\/td>\n<td>40<\/td>\n<td>33<\/td>\n<\/tr>\n<\/tbody>\n<\/table>\n<p>Vysv\u011btlivky k\u00a0vlastnostem uveden\u00fdch v\u00a0tabulk\u00e1ch:<\/p>\n<ul>\n<li>Level = \u00farove\u0148<\/li>\n<li>Experience = zku\u0161enosti<\/li>\n<li>Life = \u017eivoty<\/li>\n<li>Normal = obt\u00ed\u017enost Normal (Norm\u00e1ln\u00ed)<\/li>\n<li>Nightmare = obt\u00ed\u017enost Nightmare (No\u010dn\u00ed M\u016fra)<\/li>\n<li>Hell = obt\u00ed\u017enost Hell (Peklo)<\/li>\n<li>Melee Attack 1, 2 = \u00fatok zbl\u00edzka 1, 2<\/li>\n<li>Attack Rating 1, 2 = \u00fato\u010dn\u00e9 hodnocen\u00ed 1, 2<\/li>\n<li>Defense = obrana<\/li>\n<li>% Block = x-procentn\u00ed \u0161ance na blokov\u00e1n\u00ed<\/li>\n<li>Damage Resist = odolnost v\u016f\u010di po\u0161kozen\u00ed<\/li>\n<li>Magic Resist = odolnost v\u016f\u010di magii<\/li>\n<li>Fire Resist = odolnost v\u016f\u010di ohni<\/li>\n<li>Cold Resist = odolnost v\u016f\u010di chladu<\/li>\n<li>Lightning Resist = odolnost v\u016f\u010di blesk\u016fm<\/li>\n<li>Poison Resist = odolnost v\u016f\u010di jedu<\/li>\n<li>Drain Effectiveness = \u00fa\u010dinnost s\u00e1n\u00ed<\/li>\n<li>Immunities = imunity<\/li>\n<li>Chill Effectiveness = \u00fa\u010dinnost chladu<\/li>\n<\/ul>\n<p style=\"text-align:center\">&#8212;\u00a0\u2014 &#8212;\u00a0\u2014 &#8212;\u00a0\u2014 &#8212;\u00a0\u2014 &#8212;\u00a0\u2014 &#8212;\u00a0\u2014 &#8212;\u00a0\u2014 &#8212;\u00a0\u2014 &#8212;\u00a0\u2014 &#8212;\u00a0\u2014 &#8212;\u00a0\u2014\u00a0&#8212;<\/p>\n<p style=\"text-align:center\"><a href=\"https:\/\/www.diablofans.cz\/d2\/super-unikatni-bossove-5-akt\">\u00ab Zp\u011bt do sekce Super unik\u00e1tn\u00ed bossov\u00e9\u00a0\u2013 5.\u00a0akt.<\/a><\/p>\n<p> <!-- by Texy2! --><\/p>\n","protected":false},"excerpt":{"rendered":"<p>Historie Pat\u0159il do klanu, jeho\u017e c\u00edlem bylo ochr\u00e1nit Worldstone. Jeliko\u017e ale hrozilo, \u017ee jeho klan tento \u00fakol nezvl\u00e1dne, za\u010dal propadat depres\u00edm a \u0161\u00edlenstv\u00ed. Nyn\u00ed se zd\u00e1 b\u00fdt neust\u00e1le zamy\u0161len\u00fd a vypad\u00e1 to, \u017ee se sna\u017e\u00ed nedopadnout tak, jako jeho kolegov\u00e9 z\u00a0klanu. Popis Hr\u00e1\u010di se Nihlathaka ob\u00e1vaj\u00ed p\u0159edev\u0161\u00edm kv\u016fli jeho dovednosti Corpse Explosion. A\u00a0to obzvl\u00e1\u0161t\u011b p\u0159i [&#8230;]<\/p>\n<p><a class=\"btn btn-secondary understrap-read-more-link\" href=\"https:\/\/www.diablofans.cz\/d2\/super-unikatni-bossove-5-akt-nihlathak\/\">\u010c\u00edst d\u00e1le&#8230;<span class=\"screen-reader-text\"> from Super unik\u00e1tn\u00ed bossov\u00e9 &#8211; 5. akt &#8211; Nihlathak<\/span><\/a><\/p>\n","protected":false},"author":1,"featured_media":0,"parent":0,"menu_order":0,"comment_status":"open","ping_status":"open","template":"","meta":{"footnotes":""},"class_list":["post-2800","page","type-page","status-publish","hentry"],"_links":{"self":[{"href":"https:\/\/www.diablofans.cz\/d2\/wp-json\/wp\/v2\/pages\/2800","targetHints":{"allow":["GET"]}}],"collection":[{"href":"https:\/\/www.diablofans.cz\/d2\/wp-json\/wp\/v2\/pages"}],"about":[{"href":"https:\/\/www.diablofans.cz\/d2\/wp-json\/wp\/v2\/types\/page"}],"author":[{"embeddable":true,"href":"https:\/\/www.diablofans.cz\/d2\/wp-json\/wp\/v2\/users\/1"}],"replies":[{"embeddable":true,"href":"https:\/\/www.diablofans.cz\/d2\/wp-json\/wp\/v2\/comments?post=2800"}],"version-history":[{"count":0,"href":"https:\/\/www.diablofans.cz\/d2\/wp-json\/wp\/v2\/pages\/2800\/revisions"}],"wp:attachment":[{"href":"https:\/\/www.diablofans.cz\/d2\/wp-json\/wp\/v2\/media?parent=2800"}],"curies":[{"name":"wp","href":"https:\/\/api.w.org\/{rel}","templated":true}]}}