{"id":2803,"date":"2018-08-25T22:08:42","date_gmt":"2018-08-25T20:08:42","guid":{"rendered":"http:\/\/diablofans.ddev.site\/d2\/predmety-unique-normal-boots\/"},"modified":"2018-08-25T22:08:42","modified_gmt":"2018-08-25T20:08:42","slug":"predmety-unique-normal-boots","status":"publish","type":"page","link":"https:\/\/www.diablofans.cz\/d2\/predmety-unique-normal-boots\/","title":{"rendered":"Unique &#8211; Normal &#8211; Boots"},"content":{"rendered":"\n<div class=\"predmety\">\n<p style=\"text-align:center\"><a href=\"https:\/\/www.diablofans.cz\/d2\/predmety-unique\">Unik\u00e1tn\u00ed p\u0159edm\u011bty: Boty<\/a>\u00a0\u2013 <strong><a href=\"https:\/\/www.diablofans.cz\/d2\/predmety-unique-normal-boots\">Normal<\/a><\/strong>\u00a0\u2013 <a href=\"https:\/\/www.diablofans.cz\/d2\/predmety-unique-exceptional-boots\">Exceptional<\/a>\u00a0\u2013\u00a0<a href=\"https:\/\/www.diablofans.cz\/d2\/predmety-unique-elite-boots\">Elite<\/a><\/p>\n<div class=\"itemy_navigace\">\n<table>\n<thead>\n<tr>\n<th>Normal unik\u00e1ty<\/th>\n<\/tr>\n<\/thead>\n<tbody>\n<tr>\n<td><a href=\"https:\/\/www.diablofans.cz\/d2\/predmety-unique-normal-axes\">Axes<\/a><\/td>\n<\/tr>\n<tr>\n<td><a href=\"https:\/\/www.diablofans.cz\/d2\/predmety-unique-normal-bows\">Bows<\/a><\/td>\n<\/tr>\n<tr>\n<td><a href=\"https:\/\/www.diablofans.cz\/d2\/predmety-unique-normal-crossbows\">Crossbows<\/a><\/td>\n<\/tr>\n<tr>\n<td><a href=\"https:\/\/www.diablofans.cz\/d2\/predmety-unique-normal-daggers\">Daggers<\/a><\/td>\n<\/tr>\n<tr>\n<td><a href=\"https:\/\/www.diablofans.cz\/d2\/predmety-unique-normal-maces\">Maces<\/a><\/td>\n<\/tr>\n<tr>\n<td><a href=\"https:\/\/www.diablofans.cz\/d2\/predmety-unique-normal-polearms\">Polearms<\/a><\/td>\n<\/tr>\n<tr>\n<td><a href=\"https:\/\/www.diablofans.cz\/d2\/predmety-unique-normal-scepters\">Scepters<\/a><\/td>\n<\/tr>\n<tr>\n<td><a href=\"https:\/\/www.diablofans.cz\/d2\/predmety-unique-normal-spears\">Spears<\/a><\/td>\n<\/tr>\n<tr>\n<td><a href=\"https:\/\/www.diablofans.cz\/d2\/predmety-unique-normal-staves\">Staves<\/a><\/td>\n<\/tr>\n<tr>\n<td><a href=\"https:\/\/www.diablofans.cz\/d2\/predmety-unique-normal-swords\">Swords<\/a><\/td>\n<\/tr>\n<tr>\n<td><a href=\"https:\/\/www.diablofans.cz\/d2\/predmety-unique-normal-wands\">Wands<\/a><\/td>\n<\/tr>\n<tr>\n<th>Brn\u011bn\u00ed<\/th>\n<\/tr>\n<tr>\n<td><a href=\"https:\/\/www.diablofans.cz\/d2\/predmety-unique-normal-armor\">Armor<\/a><\/td>\n<\/tr>\n<tr>\n<td><a href=\"https:\/\/www.diablofans.cz\/d2\/predmety-unique-normal-belts\">Belts<\/a><\/td>\n<\/tr>\n<tr>\n<td><strong><a href=\"https:\/\/www.diablofans.cz\/d2\/predmety-unique-normal-boots\">Boots<\/a><\/strong><\/td>\n<\/tr>\n<tr>\n<td><a href=\"https:\/\/www.diablofans.cz\/d2\/predmety-unique-normal-gloves\">Gloves<\/a><\/td>\n<\/tr>\n<tr>\n<td><a href=\"https:\/\/www.diablofans.cz\/d2\/predmety-unique-normal-helms\">Helms<\/a><\/td>\n<\/tr>\n<tr>\n<td><a href=\"https:\/\/www.diablofans.cz\/d2\/predmety-unique-normal-shields\">Shields<\/a><\/td>\n<\/tr>\n<\/tbody>\n<\/table><\/div>\n<h3 class=\"zlata\"><a href=\"files\/predmety\/unique\/boots\/normal\/hotspur.d2i\">Hotspur<\/a><\/h3>\n<div><img loading=\"lazy\" decoding=\"async\" src=\"https:\/\/www.diablofans.cz\/d2\/wp-content\/uploads\/2018\/08\/hotspur.gif\" class=\"nahled\" alt=\"Hotspur\" width=\"62\" height=\"63\" \/><\/div>\n<ul class=\"typ\">\n<li>Boots<\/li>\n<\/ul>\n<ul class=\"zaklady\">\n<li>Defense: 10 (Base Defense: 2\u20133)<\/li>\n<li>Required Level: 5<\/li>\n<li>Durability: 12<\/li>\n<li>Assassin Kick Damage: 3\u20138<\/li>\n<\/ul>\n<ul class=\"vlastnosti\">\n<li>+10\u201320% Enhanced Defense (varies)<\/li>\n<li>+6\u00a0Defense<\/li>\n<li>Fire Resist +45%<\/li>\n<li>15% To Max Fire Resist<\/li>\n<li>Adds 3\u20136 Fire Damage<\/li>\n<li>+15\u00a0To Life<\/li>\n<li>(Patch 1.09\u00a0or later)<\/li>\n<\/ul>\n<p style=\"text-align:center\">&#8212;\u00a0\u2014 &#8212;\u00a0\u2014 &#8212;\u00a0\u2014 &#8212;\u00a0\u2014 &#8212;\u00a0\u2014 &#8212;\u00a0\u2014 &#8212;\u00a0\u2014 &#8212;\u00a0\u2014 &#8212;\u00a0\u2014 &#8212;\u00a0\u2014 &#8212;\u00a0\u2014\u00a0&#8212;<\/p>\n<h3 class=\"zlata\"><a href=\"files\/predmety\/unique\/boots\/normal\/gorefoot.d2i\">Gorefoot<\/a><\/h3>\n<div><img loading=\"lazy\" decoding=\"async\" src=\"https:\/\/www.diablofans.cz\/d2\/wp-content\/uploads\/2018\/08\/gorefoot.gif\" class=\"nahled\" alt=\"Gorefoot\" width=\"62\" height=\"63\" \/><\/div>\n<ul class=\"typ\">\n<li>Heavy Boots<\/li>\n<\/ul>\n<ul class=\"zaklady\">\n<li>Defense: 20\u201321 (varies)(Base Defense: 5\u20136)<\/li>\n<li>Required Level: 9<\/li>\n<li>Required Strength: 18<\/li>\n<li>Durability: 14<\/li>\n<li>Assassin Kick Damage: 4\u201310<\/li>\n<\/ul>\n<ul class=\"vlastnosti\">\n<li>+20\u201330% Enhanced Defense (varies)<\/li>\n<li>20% Faster Run\/Walk<\/li>\n<li>2% Mana Stolen Per Hit<\/li>\n<li>Attacker Takes Damage Of 2<\/li>\n<li>+12\u00a0Defense<\/li>\n<li>+2\u00a0To Leap (Barbarian Only)<\/li>\n<li>(Patch 1.09\u00a0or later)<\/li>\n<\/ul>\n<p style=\"text-align:center\">&#8212;\u00a0\u2014 &#8212;\u00a0\u2014 &#8212;\u00a0\u2014 &#8212;\u00a0\u2014 &#8212;\u00a0\u2014 &#8212;\u00a0\u2014 &#8212;\u00a0\u2014 &#8212;\u00a0\u2014 &#8212;\u00a0\u2014 &#8212;\u00a0\u2014 &#8212;\u00a0\u2014\u00a0&#8212;<\/p>\n<h3 class=\"zlata\"><a href=\"files\/predmety\/unique\/boots\/normal\/treads of cthon.d2i\">Treads of Cthon<\/a><\/h3>\n<div><img loading=\"lazy\" decoding=\"async\" src=\"https:\/\/www.diablofans.cz\/d2\/wp-content\/uploads\/2018\/08\/treadsofcthon.gif\" class=\"nahled\" alt=\"Treads of Cthon\" width=\"62\" height=\"63\" \/><\/div>\n<ul class=\"typ\">\n<li>Chain Boots<\/li>\n<\/ul>\n<ul class=\"zaklady\">\n<li>Defense: 25\u201326 (varies)(Base Defense: 8\u20139)<\/li>\n<li>Required Level: 15<\/li>\n<li>Required Strength: 30<\/li>\n<li>Durability: 16<\/li>\n<li>Assassin Kick Damage: 6\u201312<\/li>\n<\/ul>\n<ul class=\"vlastnosti\">\n<li>+30\u201340% Enhanced Defense (varies)<\/li>\n<li>+12\u00a0Defense<\/li>\n<li>50% Stamina Drain<\/li>\n<li>30% Faster Run\/Walk<\/li>\n<li>+50\u00a0Defense VS. Missile<\/li>\n<li>+10\u00a0To Life<\/li>\n<li>(Patch 1.09\u00a0or later)<\/li>\n<\/ul>\n<p style=\"text-align:center\">&#8212;\u00a0\u2014 &#8212;\u00a0\u2014 &#8212;\u00a0\u2014 &#8212;\u00a0\u2014 &#8212;\u00a0\u2014 &#8212;\u00a0\u2014 &#8212;\u00a0\u2014 &#8212;\u00a0\u2014 &#8212;\u00a0\u2014 &#8212;\u00a0\u2014 &#8212;\u00a0\u2014\u00a0&#8212;<\/p>\n<h3 class=\"zlata\"><a href=\"files\/predmety\/unique\/boots\/normal\/goblin toe.d2i\">Goblin Toe<\/a><\/h3>\n<div><img loading=\"lazy\" decoding=\"async\" src=\"https:\/\/www.diablofans.cz\/d2\/wp-content\/uploads\/2018\/08\/goblintoe.gif\" class=\"nahled\" alt=\"Goblin Toe\" width=\"62\" height=\"63\" \/><\/div>\n<ul class=\"typ\">\n<li>Light Plated Boots<\/li>\n<\/ul>\n<ul class=\"zaklady\">\n<li>Defense: 33\u201334 (varies)(Base Defense: 9\u201311)<\/li>\n<li>Required Level: 22<\/li>\n<li>Required Strength: 50<\/li>\n<li>Durability: 18<\/li>\n<li>Assassin Kick Damage: 8\u201316<\/li>\n<\/ul>\n<ul class=\"vlastnosti\">\n<li>+50\u201360% Enhanced Defense (varies)<\/li>\n<li>25% Chance Of Crushing Blow<\/li>\n<li>\u20131 To Light Radius<\/li>\n<li>Damage Reduced By 1<\/li>\n<li>Magic Damage Reduced By 1<\/li>\n<li>+15\u00a0Defense<\/li>\n<li>(Patch 1.09\u00a0or later)<\/li>\n<\/ul>\n<p style=\"text-align:center\">&#8212;\u00a0\u2014 &#8212;\u00a0\u2014 &#8212;\u00a0\u2014 &#8212;\u00a0\u2014 &#8212;\u00a0\u2014 &#8212;\u00a0\u2014 &#8212;\u00a0\u2014 &#8212;\u00a0\u2014 &#8212;\u00a0\u2014 &#8212;\u00a0\u2014 &#8212;\u00a0\u2014\u00a0&#8212;<\/p>\n<h3 class=\"zlata\"><a href=\"files\/predmety\/unique\/boots\/normal\/tearhaunch.d2i\">Tearhaunch<\/a><\/h3>\n<div><img loading=\"lazy\" decoding=\"async\" src=\"https:\/\/www.diablofans.cz\/d2\/wp-content\/uploads\/2018\/08\/tearhaunch.gif\" class=\"nahled\" alt=\"Tearhaunch\" width=\"62\" height=\"63\" \/><\/div>\n<ul class=\"typ\">\n<li>Greaves<\/li>\n<\/ul>\n<ul class=\"zaklady\">\n<li>Defense: 60\u201363 (varies)(Base Defense: 12\u201315)<\/li>\n<li>Required Level: 29<\/li>\n<li>Required Strength: 70<\/li>\n<li>Durability: 24<\/li>\n<li>Assassin Kick Damage: 10\u201320<\/li>\n<\/ul>\n<ul class=\"vlastnosti\">\n<li>+60\u201380% Enhanced Defense (varies)<\/li>\n<li>20% Faster Run\/Walk<\/li>\n<li>All Resistances +10%<\/li>\n<li>+35\u00a0Defense<\/li>\n<li>+5\u00a0To Dexterity<\/li>\n<li>+5\u00a0To Strength<\/li>\n<li>+2\u00a0To Vigor (Paladin Only)<\/li>\n<li>(Patch 1.09\u00a0or later)<\/li>\n<\/ul>\n<p style=\"text-align:center\">&#8212;\u00a0\u2014 &#8212;\u00a0\u2014 &#8212;\u00a0\u2014 &#8212;\u00a0\u2014 &#8212;\u00a0\u2014 &#8212;\u00a0\u2014 &#8212;\u00a0\u2014 &#8212;\u00a0\u2014 &#8212;\u00a0\u2014 &#8212;\u00a0\u2014 &#8212;\u00a0\u2014\u00a0&#8212;<\/p>\n<p style=\"text-align:center\"><a href=\"https:\/\/www.diablofans.cz\/d2\/predmety-unique\">\u00ab Zp\u011bt do sekce P\u0159edm\u011bty\u00a0\u2013 Unique.<\/a><\/p>\n<\/p><\/div>\n<p> <!-- by Texy2! --><\/p>\n","protected":false},"excerpt":{"rendered":"<p>Unik\u00e1tn\u00ed p\u0159edm\u011bty: Boty\u00a0\u2013 Normal\u00a0\u2013 Exceptional\u00a0\u2013\u00a0Elite Normal unik\u00e1ty Axes Bows Crossbows Daggers Maces Polearms Scepters Spears Staves Swords Wands Brn\u011bn\u00ed Armor Belts Boots Gloves Helms Shields Hotspur Boots Defense: 10 (Base Defense: 2\u20133) Required Level: 5 Durability: 12 Assassin Kick Damage: 3\u20138 +10\u201320% Enhanced Defense (varies) +6\u00a0Defense Fire Resist +45% 15% To Max Fire Resist Adds [&#8230;]<\/p>\n<p><a class=\"btn btn-secondary understrap-read-more-link\" href=\"https:\/\/www.diablofans.cz\/d2\/predmety-unique-normal-boots\/\">\u010c\u00edst d\u00e1le&#8230;<span class=\"screen-reader-text\"> from Unique &#8211; Normal &#8211; Boots<\/span><\/a><\/p>\n","protected":false},"author":1,"featured_media":0,"parent":0,"menu_order":0,"comment_status":"open","ping_status":"open","template":"","meta":{"footnotes":""},"class_list":["post-2803","page","type-page","status-publish","hentry"],"_links":{"self":[{"href":"https:\/\/www.diablofans.cz\/d2\/wp-json\/wp\/v2\/pages\/2803","targetHints":{"allow":["GET"]}}],"collection":[{"href":"https:\/\/www.diablofans.cz\/d2\/wp-json\/wp\/v2\/pages"}],"about":[{"href":"https:\/\/www.diablofans.cz\/d2\/wp-json\/wp\/v2\/types\/page"}],"author":[{"embeddable":true,"href":"https:\/\/www.diablofans.cz\/d2\/wp-json\/wp\/v2\/users\/1"}],"replies":[{"embeddable":true,"href":"https:\/\/www.diablofans.cz\/d2\/wp-json\/wp\/v2\/comments?post=2803"}],"version-history":[{"count":0,"href":"https:\/\/www.diablofans.cz\/d2\/wp-json\/wp\/v2\/pages\/2803\/revisions"}],"wp:attachment":[{"href":"https:\/\/www.diablofans.cz\/d2\/wp-json\/wp\/v2\/media?parent=2803"}],"curies":[{"name":"wp","href":"https:\/\/api.w.org\/{rel}","templated":true}]}}