{"id":2811,"date":"2018-08-25T22:08:42","date_gmt":"2018-08-25T20:08:42","guid":{"rendered":"http:\/\/diablofans.ddev.site\/d2\/predmety-unique-normal-shields\/"},"modified":"2018-08-25T22:08:42","modified_gmt":"2018-08-25T20:08:42","slug":"predmety-unique-normal-shields","status":"publish","type":"page","link":"https:\/\/www.diablofans.cz\/d2\/predmety-unique-normal-shields\/","title":{"rendered":"Unique &#8211; Normal &#8211; Shields"},"content":{"rendered":"\n<div class=\"predmety\">\n<p style=\"text-align:center\"><a href=\"https:\/\/www.diablofans.cz\/d2\/predmety-unique\">Unik\u00e1tn\u00ed p\u0159edm\u011bty: \u0160t\u00edty<\/a>\u00a0\u2013 <a href=\"https:\/\/www.diablofans.cz\/d2\/predmety-unique-class-specific-necromancer\">Class-Specific (Necromancer<\/a>\u00a0\u2013 <a href=\"https:\/\/www.diablofans.cz\/d2\/predmety-unique-class-specific-paladin\">Paladin)<\/a>\u00a0\u2013 <strong><a href=\"https:\/\/www.diablofans.cz\/d2\/predmety-unique-normal-shields\">Normal<\/a><\/strong>\u00a0\u2013 <a href=\"https:\/\/www.diablofans.cz\/d2\/predmety-unique-exceptional-shields\">Exceptional<\/a>\u00a0\u2013\u00a0<a href=\"https:\/\/www.diablofans.cz\/d2\/predmety-unique-elite-shields\">Elite<\/a><\/p>\n<div class=\"itemy_navigace\">\n<table>\n<thead>\n<tr>\n<th>Normal unik\u00e1ty<\/th>\n<\/tr>\n<\/thead>\n<tbody>\n<tr>\n<td><a href=\"https:\/\/www.diablofans.cz\/d2\/predmety-unique-normal-axes\">Axes<\/a><\/td>\n<\/tr>\n<tr>\n<td><a href=\"https:\/\/www.diablofans.cz\/d2\/predmety-unique-normal-bows\">Bows<\/a><\/td>\n<\/tr>\n<tr>\n<td><a href=\"https:\/\/www.diablofans.cz\/d2\/predmety-unique-normal-crossbows\">Crossbows<\/a><\/td>\n<\/tr>\n<tr>\n<td><a href=\"https:\/\/www.diablofans.cz\/d2\/predmety-unique-normal-daggers\">Daggers<\/a><\/td>\n<\/tr>\n<tr>\n<td><a href=\"https:\/\/www.diablofans.cz\/d2\/predmety-unique-normal-maces\">Maces<\/a><\/td>\n<\/tr>\n<tr>\n<td><a href=\"https:\/\/www.diablofans.cz\/d2\/predmety-unique-normal-polearms\">Polearms<\/a><\/td>\n<\/tr>\n<tr>\n<td><a href=\"https:\/\/www.diablofans.cz\/d2\/predmety-unique-normal-scepters\">Scepters<\/a><\/td>\n<\/tr>\n<tr>\n<td><a href=\"https:\/\/www.diablofans.cz\/d2\/predmety-unique-normal-spears\">Spears<\/a><\/td>\n<\/tr>\n<tr>\n<td><a href=\"https:\/\/www.diablofans.cz\/d2\/predmety-unique-normal-staves\">Staves<\/a><\/td>\n<\/tr>\n<tr>\n<td><a href=\"https:\/\/www.diablofans.cz\/d2\/predmety-unique-normal-swords\">Swords<\/a><\/td>\n<\/tr>\n<tr>\n<td><a href=\"https:\/\/www.diablofans.cz\/d2\/predmety-unique-normal-wands\">Wands<\/a><\/td>\n<\/tr>\n<tr>\n<th>Brn\u011bn\u00ed<\/th>\n<\/tr>\n<tr>\n<td><a href=\"https:\/\/www.diablofans.cz\/d2\/predmety-unique-normal-armor\">Armor<\/a><\/td>\n<\/tr>\n<tr>\n<td><a href=\"https:\/\/www.diablofans.cz\/d2\/predmety-unique-normal-belts\">Belts<\/a><\/td>\n<\/tr>\n<tr>\n<td><a href=\"https:\/\/www.diablofans.cz\/d2\/predmety-unique-normal-boots\">Boots<\/a><\/td>\n<\/tr>\n<tr>\n<td><a href=\"https:\/\/www.diablofans.cz\/d2\/predmety-unique-normal-gloves\">Gloves<\/a><\/td>\n<\/tr>\n<tr>\n<td><a href=\"https:\/\/www.diablofans.cz\/d2\/predmety-unique-normal-helms\">Helms<\/a><\/td>\n<\/tr>\n<tr>\n<td><strong><a href=\"https:\/\/www.diablofans.cz\/d2\/predmety-unique-normal-shields\">Shields<\/a><\/strong><\/td>\n<\/tr>\n<\/tbody>\n<\/table><\/div>\n<h3 class=\"zlata\"><a href=\"files\/predmety\/unique\/shields\/normal\/pelta lunata.d2i\">Pelta Lunata<\/a><\/h3>\n<div><img loading=\"lazy\" decoding=\"async\" src=\"https:\/\/www.diablofans.cz\/d2\/wp-content\/uploads\/2018\/08\/peltalunata.gif\" class=\"nahled\" alt=\"Pelta Lunata\" width=\"62\" height=\"119\" \/><\/div>\n<ul class=\"typ\">\n<li>Buckler<\/li>\n<\/ul>\n<ul class=\"zaklady\">\n<li>Defense: 39 (Base Defense: 4\u20136)<\/li>\n<li>Required Level: 2<\/li>\n<li>Required Strength: 12<\/li>\n<li>Durability: 20\u201324 (varies)<\/li>\n<li>Chance to Block: Pal: 50%, Ama\/Asn\/Bar\/: 45%, Dru\/Nec\/Sor:\u00a040%<\/li>\n<li>Paladin Smite Damage: 1\u00a0To 3<\/li>\n<\/ul>\n<ul class=\"vlastnosti\">\n<li>+2\u00a0To Strength<\/li>\n<li>+10\u00a0To Energy<\/li>\n<li>+10\u00a0To Vitality<\/li>\n<li>+40% Enhanced Defense<\/li>\n<li>+20% Increased Chance Of Blocking<\/li>\n<li>+30\u00a0Defense<\/li>\n<li>+12\u00a0Maximum Durability<\/li>\n<\/ul>\n<p style=\"text-align:center\">&#8212;\u00a0\u2014 &#8212;\u00a0\u2014 &#8212;\u00a0\u2014 &#8212;\u00a0\u2014 &#8212;\u00a0\u2014 &#8212;\u00a0\u2014 &#8212;\u00a0\u2014 &#8212;\u00a0\u2014 &#8212;\u00a0\u2014 &#8212;\u00a0\u2014 &#8212;\u00a0\u2014\u00a0&#8212;<\/p>\n<h3 class=\"zlata\"><a href=\"files\/predmety\/unique\/shields\/normal\/umbral disk.d2i\">Umbral Disk<\/a><\/h3>\n<div><img loading=\"lazy\" decoding=\"async\" src=\"https:\/\/www.diablofans.cz\/d2\/wp-content\/uploads\/2018\/08\/umbraldisk.gif\" class=\"nahled\" alt=\"Umbral Disk\" width=\"62\" height=\"119\" \/><\/div>\n<ul class=\"typ\">\n<li>Small Shield<\/li>\n<\/ul>\n<ul class=\"zaklady\">\n<li>Defense: 45\u201346 (varies)(Base Defense: 8\u201310)<\/li>\n<li>Required Level: 9<\/li>\n<li>Required Strength: 22<\/li>\n<li>Durability: 26\u201331 (varies)<\/li>\n<li>Chance to Block: Pal: 65%, Ama\/Asn\/Bar: 60%, Dru\/Nec\/Sor:\u00a055%<\/li>\n<li>Paladin Smite Damage: 2\u00a0To 3<\/li>\n<\/ul>\n<ul class=\"vlastnosti\">\n<li>+10\u00a0To Dexterity<\/li>\n<li>+20\u00a0To Life<\/li>\n<li>+50% Enhanced Defense<\/li>\n<li>+30% Increased Chance Of Blocking<\/li>\n<li>+30\u00a0Defense<\/li>\n<li>+15\u00a0Maximum Durability<\/li>\n<li>\u20132 To Light Radius<\/li>\n<li>Hit Blinds Target<\/li>\n<\/ul>\n<p style=\"text-align:center\">&#8212;\u00a0\u2014 &#8212;\u00a0\u2014 &#8212;\u00a0\u2014 &#8212;\u00a0\u2014 &#8212;\u00a0\u2014 &#8212;\u00a0\u2014 &#8212;\u00a0\u2014 &#8212;\u00a0\u2014 &#8212;\u00a0\u2014 &#8212;\u00a0\u2014 &#8212;\u00a0\u2014\u00a0&#8212;<\/p>\n<h3 class=\"zlata\"><a href=\"files\/predmety\/unique\/shields\/normal\/stormguild.d2i\">Stormguild<\/a><\/h3>\n<div><img loading=\"lazy\" decoding=\"async\" src=\"https:\/\/www.diablofans.cz\/d2\/wp-content\/uploads\/2018\/08\/stormguild.gif\" class=\"nahled\" alt=\"Stormguild\" width=\"62\" height=\"119\" \/><\/div>\n<ul class=\"typ\">\n<li>Large Shield<\/li>\n<\/ul>\n<ul class=\"zaklady\">\n<li>Defense: 52\u201354 (varies)(Base Defense: 12\u201314)<\/li>\n<li>Required Level: 13<\/li>\n<li>Required Strength: 34<\/li>\n<li>Durability: 34\u201339 (varies)<\/li>\n<li>Chance to Block: Pal: 72%, Ama\/Asn\/Bar: 67%, Dru\/Nec\/Sor:\u00a062%<\/li>\n<li>Paladin Smite Damage: 2\u00a0To 4<\/li>\n<\/ul>\n<ul class=\"vlastnosti\">\n<li>+60% Enhanced Defense<\/li>\n<li>+30% Increased Chance Of Blocking<\/li>\n<li>+30\u00a0Defense<\/li>\n<li>Magic Damage Reduced By 1<\/li>\n<li>Lightning Resist +25%<\/li>\n<li>Adds 1\u20136 Lightning Damage<\/li>\n<li>+15\u00a0Maximum Durability<\/li>\n<\/ul>\n<p style=\"text-align:center\">&#8212;\u00a0\u2014 &#8212;\u00a0\u2014 &#8212;\u00a0\u2014 &#8212;\u00a0\u2014 &#8212;\u00a0\u2014 &#8212;\u00a0\u2014 &#8212;\u00a0\u2014 &#8212;\u00a0\u2014 &#8212;\u00a0\u2014 &#8212;\u00a0\u2014 &#8212;\u00a0\u2014\u00a0&#8212;<\/p>\n<h3 class=\"zlata\"><a href=\"files\/predmety\/unique\/shields\/normal\/steelclash.d2i\">Steelclash<\/a><\/h3>\n<div><img loading=\"lazy\" decoding=\"async\" src=\"https:\/\/www.diablofans.cz\/d2\/wp-content\/uploads\/2018\/08\/steelclash.gif\" class=\"nahled\" alt=\"Steelclash\" width=\"62\" height=\"119\" \/><\/div>\n<ul class=\"typ\">\n<li>Kite Shield<\/li>\n<\/ul>\n<ul class=\"zaklady\">\n<li>Defense: 50\u201358 (varies)(Base Defense: 16\u201318)<\/li>\n<li>Required Level: 17<\/li>\n<li>Required Strength: 47<\/li>\n<li>Durability: 45\u201350 (varies)<\/li>\n<li>Chance to Block: Pal: 63%, Ama\/Asn\/Bar: 58%, Dru\/Nec\/Sor:\u00a053%<\/li>\n<li>Paladin Smite Damage: 2\u00a0To 5<\/li>\n<\/ul>\n<ul class=\"vlastnosti\">\n<li>+100% Enhanced Defense<\/li>\n<li>+25% Increased Chance Of Blocking<\/li>\n<li>+20\u00a0Defense<\/li>\n<li>Damage Reduced By 3<\/li>\n<li>All Resistances +15<\/li>\n<li>+20\u00a0Maximum Durability<\/li>\n<li>+1\u00a0To Paladin Skill Levels<\/li>\n<\/ul>\n<p style=\"text-align:center\">&#8212;\u00a0\u2014 &#8212;\u00a0\u2014 &#8212;\u00a0\u2014 &#8212;\u00a0\u2014 &#8212;\u00a0\u2014 &#8212;\u00a0\u2014 &#8212;\u00a0\u2014 &#8212;\u00a0\u2014 &#8212;\u00a0\u2014 &#8212;\u00a0\u2014 &#8212;\u00a0\u2014\u00a0&#8212;<\/p>\n<h3 class=\"zlata\"><a href=\"files\/predmety\/unique\/shields\/normal\/swordback hold.d2i\">Swordback Hold<\/a><\/h3>\n<div><img loading=\"lazy\" decoding=\"async\" src=\"https:\/\/www.diablofans.cz\/d2\/wp-content\/uploads\/2018\/08\/swordbackhold.gif\" class=\"nahled\" alt=\"Swordback Hold\" width=\"62\" height=\"119\" \/><\/div>\n<ul class=\"typ\">\n<li>Spiked Shield<\/li>\n<\/ul>\n<ul class=\"zaklady\">\n<li>Defense: 43\u201351 (varies)(Base Defense: 15\u201325)<\/li>\n<li>Required Level: 15<\/li>\n<li>Required Strength: 30<\/li>\n<li>Durability: 40<\/li>\n<li>Chance to Block: Pal: 60%, Ama\/Asn\/Bar: 55%, Dru\/Nec\/Sor:\u00a050%<\/li>\n<li>Paladin Smite Damage: 5\u00a0To 9<\/li>\n<\/ul>\n<ul class=\"vlastnosti\">\n<li>+60% Enhanced Defense<\/li>\n<li>+20% Increased Chance Of Blocking<\/li>\n<li>+10\u00a0Defense<\/li>\n<li>Attacker Takes Damage Of 10<\/li>\n<li>50% Chance Of Open Wounds<\/li>\n<\/ul>\n<p style=\"text-align:center\">&#8212;\u00a0\u2014 &#8212;\u00a0\u2014 &#8212;\u00a0\u2014 &#8212;\u00a0\u2014 &#8212;\u00a0\u2014 &#8212;\u00a0\u2014 &#8212;\u00a0\u2014 &#8212;\u00a0\u2014 &#8212;\u00a0\u2014 &#8212;\u00a0\u2014 &#8212;\u00a0\u2014\u00a0&#8212;<\/p>\n<h3 class=\"zlata\"><a href=\"files\/predmety\/unique\/shields\/normal\/bverrit keep.d2i\">Bverrit Keep<\/a><\/h3>\n<div><img loading=\"lazy\" decoding=\"async\" src=\"https:\/\/www.diablofans.cz\/d2\/wp-content\/uploads\/2018\/08\/bverritkeep.gif\" class=\"nahled\" alt=\"Bverrit Keep\" width=\"62\" height=\"119\" \/><\/div>\n<ul class=\"typ\">\n<li>Tower Shield<\/li>\n<\/ul>\n<ul class=\"zaklady\">\n<li>Defense: 76\u201387 (varies)(Base Defense: 22\u201325)<\/li>\n<li>Required Level: 19<\/li>\n<li>Required Strength: 75<\/li>\n<li>Durability: 140\u2013160 (varies)<\/li>\n<li>Chance to Block: Pal: 64%, Ama\/Asn\/Bar: 59%, Dru\/Nec\/Sor:\u00a054%<\/li>\n<li>Paladin Smite Damage: 1\u00a0To 5<\/li>\n<\/ul>\n<ul class=\"vlastnosti\">\n<li>+5\u00a0To Strength<\/li>\n<li>+120% Enhanced Defense<\/li>\n<li>+10% Increased Chance Of Blocking<\/li>\n<li>+30\u00a0Defense<\/li>\n<li>Magic Damage Reduced By 5<\/li>\n<li>Fire Resist +75%<\/li>\n<li>+100\u00a0Maximum Durability<\/li>\n<\/ul>\n<p style=\"text-align:center\">&#8212;\u00a0\u2014 &#8212;\u00a0\u2014 &#8212;\u00a0\u2014 &#8212;\u00a0\u2014 &#8212;\u00a0\u2014 &#8212;\u00a0\u2014 &#8212;\u00a0\u2014 &#8212;\u00a0\u2014 &#8212;\u00a0\u2014 &#8212;\u00a0\u2014 &#8212;\u00a0\u2014\u00a0&#8212;<\/p>\n<h3 class=\"zlata\"><a href=\"files\/predmety\/unique\/shields\/normal\/wall of the eyeless.d2i\">Wall of the Eyeless<\/a><\/h3>\n<div><img loading=\"lazy\" decoding=\"async\" src=\"https:\/\/www.diablofans.cz\/d2\/wp-content\/uploads\/2018\/08\/walloftheeyeless.gif\" class=\"nahled\" alt=\"Wall of the Eyeless\" width=\"62\" height=\"119\" \/><\/div>\n<ul class=\"typ\">\n<li>Bone Shield<\/li>\n<\/ul>\n<ul class=\"zaklady\">\n<li>Defense: 50\u201353 (varies)(Base Defense: 10\u201330)<\/li>\n<li>Required Level: 20<\/li>\n<li>Required Strength: 25<\/li>\n<li>Durability: 40<\/li>\n<li>Chance to Block: Pal: 50%, Ama\/Asn\/Bar: 45%, Dru\/Nec\/Sor:\u00a040%<\/li>\n<li>Paladin Smite Damage: 3\u00a0To 6<\/li>\n<\/ul>\n<ul class=\"vlastnosti\">\n<li>+40% Enhanced Defense<\/li>\n<li>+10\u00a0Defense<\/li>\n<li>Poison Resist +20%<\/li>\n<li>3% Mana Stolen Per Hit<\/li>\n<li>20% Faster Cast Rate<\/li>\n<li>+5\u00a0To Mana After Each Kill<\/li>\n<\/ul>\n<p style=\"text-align:center\">&#8212;\u00a0\u2014 &#8212;\u00a0\u2014 &#8212;\u00a0\u2014 &#8212;\u00a0\u2014 &#8212;\u00a0\u2014 &#8212;\u00a0\u2014 &#8212;\u00a0\u2014 &#8212;\u00a0\u2014 &#8212;\u00a0\u2014 &#8212;\u00a0\u2014 &#8212;\u00a0\u2014\u00a0&#8212;<\/p>\n<h3 class=\"zlata\"><a href=\"files\/predmety\/unique\/shields\/normal\/the ward.d2i\">The Ward<\/a><\/h3>\n<div><img loading=\"lazy\" decoding=\"async\" src=\"https:\/\/www.diablofans.cz\/d2\/wp-content\/uploads\/2018\/08\/theward.gif\" class=\"nahled\" alt=\"The Ward\" width=\"62\" height=\"119\" \/><\/div>\n<ul class=\"typ\">\n<li>Gothic Shield<\/li>\n<\/ul>\n<ul class=\"zaklady\">\n<li>Defense: 112 (Base Defense: 30\u201335)<\/li>\n<li>Required Level: 26<\/li>\n<li>Required Strength: 60<\/li>\n<li>Durability: 40<\/li>\n<li>Chance to Block: Pal: 56%, Ama\/Asn\/Bar: 51%, Dru\/Nec\/Sor:\u00a046%<\/li>\n<li>Paladin Smite Damage: 2\u00a0To 6<\/li>\n<\/ul>\n<ul class=\"vlastnosti\">\n<li>+10\u00a0To Strength<\/li>\n<li>+100% Enhanced Defense<\/li>\n<li>+10% Increased Chance Of Blocking<\/li>\n<li>+40\u00a0Defense<\/li>\n<li>Magic Damage Reduced By 2<\/li>\n<li>All Resistances +30\u201350 (varies)<\/li>\n<\/ul>\n<p style=\"text-align:center\">&#8212;\u00a0\u2014 &#8212;\u00a0\u2014 &#8212;\u00a0\u2014 &#8212;\u00a0\u2014 &#8212;\u00a0\u2014 &#8212;\u00a0\u2014 &#8212;\u00a0\u2014 &#8212;\u00a0\u2014 &#8212;\u00a0\u2014 &#8212;\u00a0\u2014 &#8212;\u00a0\u2014\u00a0&#8212;<\/p>\n<p style=\"text-align:center\"><a href=\"https:\/\/www.diablofans.cz\/d2\/predmety-unique\">\u00ab Zp\u011bt do sekce P\u0159edm\u011bty\u00a0\u2013 Unique.<\/a><\/p>\n<\/p><\/div>\n<p> <!-- by Texy2! --><\/p>\n","protected":false},"excerpt":{"rendered":"<p>Unik\u00e1tn\u00ed p\u0159edm\u011bty: \u0160t\u00edty\u00a0\u2013 Class-Specific (Necromancer\u00a0\u2013 Paladin)\u00a0\u2013 Normal\u00a0\u2013 Exceptional\u00a0\u2013\u00a0Elite Normal unik\u00e1ty Axes Bows Crossbows Daggers Maces Polearms Scepters Spears Staves Swords Wands Brn\u011bn\u00ed Armor Belts Boots Gloves Helms Shields Pelta Lunata Buckler Defense: 39 (Base Defense: 4\u20136) Required Level: 2 Required Strength: 12 Durability: 20\u201324 (varies) Chance to Block: Pal: 50%, Ama\/Asn\/Bar\/: 45%, Dru\/Nec\/Sor:\u00a040% Paladin Smite [&#8230;]<\/p>\n<p><a class=\"btn btn-secondary understrap-read-more-link\" href=\"https:\/\/www.diablofans.cz\/d2\/predmety-unique-normal-shields\/\">\u010c\u00edst d\u00e1le&#8230;<span class=\"screen-reader-text\"> from Unique &#8211; Normal &#8211; Shields<\/span><\/a><\/p>\n","protected":false},"author":1,"featured_media":0,"parent":0,"menu_order":0,"comment_status":"open","ping_status":"open","template":"","meta":{"footnotes":""},"class_list":["post-2811","page","type-page","status-publish","hentry"],"_links":{"self":[{"href":"https:\/\/www.diablofans.cz\/d2\/wp-json\/wp\/v2\/pages\/2811","targetHints":{"allow":["GET"]}}],"collection":[{"href":"https:\/\/www.diablofans.cz\/d2\/wp-json\/wp\/v2\/pages"}],"about":[{"href":"https:\/\/www.diablofans.cz\/d2\/wp-json\/wp\/v2\/types\/page"}],"author":[{"embeddable":true,"href":"https:\/\/www.diablofans.cz\/d2\/wp-json\/wp\/v2\/users\/1"}],"replies":[{"embeddable":true,"href":"https:\/\/www.diablofans.cz\/d2\/wp-json\/wp\/v2\/comments?post=2811"}],"version-history":[{"count":0,"href":"https:\/\/www.diablofans.cz\/d2\/wp-json\/wp\/v2\/pages\/2811\/revisions"}],"wp:attachment":[{"href":"https:\/\/www.diablofans.cz\/d2\/wp-json\/wp\/v2\/media?parent=2811"}],"curies":[{"name":"wp","href":"https:\/\/api.w.org\/{rel}","templated":true}]}}