{"id":2815,"date":"2018-08-25T22:08:42","date_gmt":"2018-08-25T20:08:42","guid":{"rendered":"http:\/\/diablofans.ddev.site\/d2\/predmety-unique-normal-wands\/"},"modified":"2018-08-25T22:08:42","modified_gmt":"2018-08-25T20:08:42","slug":"predmety-unique-normal-wands","status":"publish","type":"page","link":"https:\/\/www.diablofans.cz\/d2\/predmety-unique-normal-wands\/","title":{"rendered":"Unique &#8211; Normal &#8211; Wands"},"content":{"rendered":"\n<div class=\"predmety\">\n<p style=\"text-align:center\"><a href=\"https:\/\/www.diablofans.cz\/d2\/predmety-unique\">Unik\u00e1tn\u00ed p\u0159edm\u011bty: H\u016flky<\/a>\u00a0\u2013 <strong><a href=\"https:\/\/www.diablofans.cz\/d2\/predmety-unique-normal-wands\">Normal<\/a><\/strong>\u00a0\u2013 <a href=\"https:\/\/www.diablofans.cz\/d2\/predmety-unique-exceptional-wands\">Exceptional<\/a>\u00a0\u2013\u00a0<a href=\"https:\/\/www.diablofans.cz\/d2\/predmety-unique-elite-wands\">Elite<\/a><\/p>\n<div class=\"itemy_navigace\">\n<table>\n<thead>\n<tr>\n<th>Normal unik\u00e1ty<\/th>\n<\/tr>\n<\/thead>\n<tbody>\n<tr>\n<td><a href=\"https:\/\/www.diablofans.cz\/d2\/predmety-unique-normal-axes\">Axes<\/a><\/td>\n<\/tr>\n<tr>\n<td><a href=\"https:\/\/www.diablofans.cz\/d2\/predmety-unique-normal-bows\">Bows<\/a><\/td>\n<\/tr>\n<tr>\n<td><a href=\"https:\/\/www.diablofans.cz\/d2\/predmety-unique-normal-crossbows\">Crossbows<\/a><\/td>\n<\/tr>\n<tr>\n<td><a href=\"https:\/\/www.diablofans.cz\/d2\/predmety-unique-normal-daggers\">Daggers<\/a><\/td>\n<\/tr>\n<tr>\n<td><a href=\"https:\/\/www.diablofans.cz\/d2\/predmety-unique-normal-maces\">Maces<\/a><\/td>\n<\/tr>\n<tr>\n<td><a href=\"https:\/\/www.diablofans.cz\/d2\/predmety-unique-normal-polearms\">Polearms<\/a><\/td>\n<\/tr>\n<tr>\n<td><a href=\"https:\/\/www.diablofans.cz\/d2\/predmety-unique-normal-scepters\">Scepters<\/a><\/td>\n<\/tr>\n<tr>\n<td><a href=\"https:\/\/www.diablofans.cz\/d2\/predmety-unique-normal-spears\">Spears<\/a><\/td>\n<\/tr>\n<tr>\n<td><a href=\"https:\/\/www.diablofans.cz\/d2\/predmety-unique-normal-staves\">Staves<\/a><\/td>\n<\/tr>\n<tr>\n<td><a href=\"https:\/\/www.diablofans.cz\/d2\/predmety-unique-normal-swords\">Swords<\/a><\/td>\n<\/tr>\n<tr>\n<td><strong><a href=\"https:\/\/www.diablofans.cz\/d2\/predmety-unique-normal-wands\">Wands<\/a><\/strong><\/td>\n<\/tr>\n<tr>\n<th>Brn\u011bn\u00ed<\/th>\n<\/tr>\n<tr>\n<td><a href=\"https:\/\/www.diablofans.cz\/d2\/predmety-unique-normal-armor\">Armor<\/a><\/td>\n<\/tr>\n<tr>\n<td><a href=\"https:\/\/www.diablofans.cz\/d2\/predmety-unique-normal-belts\">Belts<\/a><\/td>\n<\/tr>\n<tr>\n<td><a href=\"https:\/\/www.diablofans.cz\/d2\/predmety-unique-normal-boots\">Boots<\/a><\/td>\n<\/tr>\n<tr>\n<td><a href=\"https:\/\/www.diablofans.cz\/d2\/predmety-unique-normal-gloves\">Gloves<\/a><\/td>\n<\/tr>\n<tr>\n<td><a href=\"https:\/\/www.diablofans.cz\/d2\/predmety-unique-normal-helms\">Helms<\/a><\/td>\n<\/tr>\n<tr>\n<td><a href=\"https:\/\/www.diablofans.cz\/d2\/predmety-unique-normal-shields\">Shields<\/a><\/td>\n<\/tr>\n<\/tbody>\n<\/table><\/div>\n<h3 class=\"zlata\"><a href=\"files\/predmety\/unique\/weapons\/wand\/Torch of Iros Wand.d2i\">Torch of Iro<\/a><\/h3>\n<div><img loading=\"lazy\" decoding=\"async\" src=\"https:\/\/www.diablofans.cz\/d2\/wp-content\/uploads\/2018\/08\/irostorch.gif\" class=\"nahled\" alt=\"Torch of Iro\" width=\"62\" height=\"118\" \/><\/div>\n<ul class=\"typ\">\n<li>Wand<\/li>\n<\/ul>\n<ul class=\"zaklady\">\n<li>One-Hand Damage: 2\u00a0To 4<\/li>\n<li>Durability: 15<\/li>\n<li>Base Weapon Speed: [0]<\/li>\n<li>Required Level: 5<\/li>\n<\/ul>\n<ul class=\"vlastnosti\">\n<li>+50% Damage To Undead<\/li>\n<li>Adds 5\u20139 Fire Damage<\/li>\n<li>+1\u00a0To Necromancer Skill Levels<\/li>\n<li>+10\u00a0To Energy<\/li>\n<li>Regenerate Mana 5%<\/li>\n<li>6% Life Stolen Per Hit<\/li>\n<li>+3\u00a0To Light Radius<\/li>\n<li>(Patch 1.09\u00a0or later)<\/li>\n<\/ul>\n<p style=\"text-align:center\">&#8212;\u00a0\u2014 &#8212;\u00a0\u2014 &#8212;\u00a0\u2014 &#8212;\u00a0\u2014 &#8212;\u00a0\u2014 &#8212;\u00a0\u2014 &#8212;\u00a0\u2014 &#8212;\u00a0\u2014 &#8212;\u00a0\u2014 &#8212;\u00a0\u2014 &#8212;\u00a0\u2014\u00a0&#8212;<\/p>\n<h3 class=\"zlata\"><a href=\"files\/predmety\/unique\/weapons\/wand\/Maelstrom Yew Wand.d2i\">Maelstrom<\/a><\/h3>\n<div><img loading=\"lazy\" decoding=\"async\" src=\"https:\/\/www.diablofans.cz\/d2\/wp-content\/uploads\/2018\/08\/maelstromwrath.gif\" class=\"nahled\" alt=\"Maelstrom\" width=\"62\" height=\"118\" \/><\/div>\n<ul class=\"typ\">\n<li>Yew Wand<\/li>\n<\/ul>\n<ul class=\"zaklady\">\n<li>One-Hand Damage: 2\u00a0To 8<\/li>\n<li>Durability: 15<\/li>\n<li>Base Weapon Speed: [10]<\/li>\n<li>Required Level: 14<\/li>\n<\/ul>\n<ul class=\"vlastnosti\">\n<li>+50% Damage To Undead<\/li>\n<li>Adds 1\u20139 Lightning Damage<\/li>\n<li>+13\u00a0To Mana<\/li>\n<li>30% Faster Cast Rate<\/li>\n<li>Lightning Resist +40%<\/li>\n<li>+1\u20133 To Iron Maiden (Necromancer Only)<\/li>\n<li>+1\u20133 To Amplify Damage (Necromancer Only)<\/li>\n<li>+1\u20133 To Terror (Necromancer Only)<\/li>\n<li>+1\u20133 To Corpse Explosion (Necromancer Only)<\/li>\n<li>(Patch 1.09\u00a0or later)<\/li>\n<\/ul>\n<p style=\"text-align:center\">&#8212;\u00a0\u2014 &#8212;\u00a0\u2014 &#8212;\u00a0\u2014 &#8212;\u00a0\u2014 &#8212;\u00a0\u2014 &#8212;\u00a0\u2014 &#8212;\u00a0\u2014 &#8212;\u00a0\u2014 &#8212;\u00a0\u2014 &#8212;\u00a0\u2014 &#8212;\u00a0\u2014\u00a0&#8212;<\/p>\n<h3 class=\"zlata\"><a href=\"files\/predmety\/unique\/weapons\/wand\/Gravenspine Bone Wand.d2i\">Gravenspine<\/a><\/h3>\n<div><img loading=\"lazy\" decoding=\"async\" src=\"https:\/\/www.diablofans.cz\/d2\/wp-content\/uploads\/2018\/08\/gravenspine.gif\" class=\"nahled\" alt=\"Gravenspine\" width=\"62\" height=\"118\" \/><\/div>\n<ul class=\"typ\">\n<li>Bone Wand<\/li>\n<\/ul>\n<ul class=\"zaklady\">\n<li>One-Hand Damage: 3\u00a0To 7<\/li>\n<li>Durability: 15<\/li>\n<li>Base Weapon Speed: [-20]<\/li>\n<li>Required Level: 20<\/li>\n<\/ul>\n<ul class=\"vlastnosti\">\n<li>+50% Damage To Undead<\/li>\n<li>+2\u00a0To Necromancer Skill Levels<\/li>\n<li>Adds 4\u20138 Cold Damage, Cold Duration: 3\u00a0Seconds<\/li>\n<li>5% Mana Stolen Per Hit<\/li>\n<li>+25\u201350 To Mana (varies)<\/li>\n<li>+10\u00a0To Dexterity<\/li>\n<li>+10\u00a0To Strength<\/li>\n<li>(Patch 1.09\u00a0or later)<\/li>\n<\/ul>\n<p style=\"text-align:center\">&#8212;\u00a0\u2014 &#8212;\u00a0\u2014 &#8212;\u00a0\u2014 &#8212;\u00a0\u2014 &#8212;\u00a0\u2014 &#8212;\u00a0\u2014 &#8212;\u00a0\u2014 &#8212;\u00a0\u2014 &#8212;\u00a0\u2014 &#8212;\u00a0\u2014 &#8212;\u00a0\u2014\u00a0&#8212;<\/p>\n<h3 class=\"zlata\"><a href=\"files\/predmety\/unique\/weapons\/wand\/Umes Lament Grim Wand.d2i\">Ume&#8217;s\u00a0Lament<\/a><\/h3>\n<div><img loading=\"lazy\" decoding=\"async\" src=\"https:\/\/www.diablofans.cz\/d2\/wp-content\/uploads\/2018\/08\/grimwand.gif\" class=\"nahled\" alt=\"Ume's\u00a0Lament\" width=\"62\" height=\"118\" \/><\/div>\n<ul class=\"typ\">\n<li>Grim Wand<\/li>\n<\/ul>\n<ul class=\"zaklady\">\n<li>One-Hand Damage: 5\u00a0To 11<\/li>\n<li>Durability: 15<\/li>\n<li>Base Weapon Speed: [0]<\/li>\n<li>Required Level: 28<\/li>\n<\/ul>\n<ul class=\"vlastnosti\">\n<li>+50% Damage To Undead<\/li>\n<li>+2\u00a0To Necromancer Skill Levels<\/li>\n<li>20% Faster Cast Rate<\/li>\n<li>+40\u00a0To Mana<\/li>\n<li>Hit Causes Monster To Flee 50%<\/li>\n<li>+2\u00a0To Decrepify (Necromancer Only)<\/li>\n<li>+3\u00a0To Terror (Necromancer Only)<\/li>\n<li>(Patch 1.09\u00a0or later)<\/li>\n<\/ul>\n<p style=\"text-align:center\">&#8212;\u00a0\u2014 &#8212;\u00a0\u2014 &#8212;\u00a0\u2014 &#8212;\u00a0\u2014 &#8212;\u00a0\u2014 &#8212;\u00a0\u2014 &#8212;\u00a0\u2014 &#8212;\u00a0\u2014 &#8212;\u00a0\u2014 &#8212;\u00a0\u2014 &#8212;\u00a0\u2014\u00a0&#8212;<\/p>\n<p style=\"text-align:center\"><a href=\"https:\/\/www.diablofans.cz\/d2\/predmety-unique\">\u00ab Zp\u011bt do sekce P\u0159edm\u011bty\u00a0\u2013 Unique.<\/a><\/p>\n<\/p><\/div>\n<p> <!-- by Texy2! --><\/p>\n","protected":false},"excerpt":{"rendered":"<p>Unik\u00e1tn\u00ed p\u0159edm\u011bty: H\u016flky\u00a0\u2013 Normal\u00a0\u2013 Exceptional\u00a0\u2013\u00a0Elite Normal unik\u00e1ty Axes Bows Crossbows Daggers Maces Polearms Scepters Spears Staves Swords Wands Brn\u011bn\u00ed Armor Belts Boots Gloves Helms Shields Torch of Iro Wand One-Hand Damage: 2\u00a0To 4 Durability: 15 Base Weapon Speed: [0] Required Level: 5 +50% Damage To Undead Adds 5\u20139 Fire Damage +1\u00a0To Necromancer Skill Levels +10\u00a0To [&#8230;]<\/p>\n<p><a class=\"btn btn-secondary understrap-read-more-link\" href=\"https:\/\/www.diablofans.cz\/d2\/predmety-unique-normal-wands\/\">\u010c\u00edst d\u00e1le&#8230;<span class=\"screen-reader-text\"> from Unique &#8211; Normal &#8211; Wands<\/span><\/a><\/p>\n","protected":false},"author":1,"featured_media":0,"parent":0,"menu_order":0,"comment_status":"open","ping_status":"open","template":"","meta":{"footnotes":""},"class_list":["post-2815","page","type-page","status-publish","hentry"],"_links":{"self":[{"href":"https:\/\/www.diablofans.cz\/d2\/wp-json\/wp\/v2\/pages\/2815","targetHints":{"allow":["GET"]}}],"collection":[{"href":"https:\/\/www.diablofans.cz\/d2\/wp-json\/wp\/v2\/pages"}],"about":[{"href":"https:\/\/www.diablofans.cz\/d2\/wp-json\/wp\/v2\/types\/page"}],"author":[{"embeddable":true,"href":"https:\/\/www.diablofans.cz\/d2\/wp-json\/wp\/v2\/users\/1"}],"replies":[{"embeddable":true,"href":"https:\/\/www.diablofans.cz\/d2\/wp-json\/wp\/v2\/comments?post=2815"}],"version-history":[{"count":0,"href":"https:\/\/www.diablofans.cz\/d2\/wp-json\/wp\/v2\/pages\/2815\/revisions"}],"wp:attachment":[{"href":"https:\/\/www.diablofans.cz\/d2\/wp-json\/wp\/v2\/media?parent=2815"}],"curies":[{"name":"wp","href":"https:\/\/api.w.org\/{rel}","templated":true}]}}