{"id":2903,"date":"2018-08-25T22:08:46","date_gmt":"2018-08-25T20:08:46","guid":{"rendered":"http:\/\/diablofans.ddev.site\/d2\/predmety-setove-sady-trang-ouls-avatar\/"},"modified":"2018-08-25T22:08:46","modified_gmt":"2018-08-25T20:08:46","slug":"predmety-setove-sady-trang-ouls-avatar","status":"publish","type":"page","link":"https:\/\/www.diablofans.cz\/d2\/predmety-setove-sady-trang-ouls-avatar\/","title":{"rendered":"Setov\u00e9 p\u0159edm\u011bty &#8211; Trang-Ouls Avatar"},"content":{"rendered":"\n<div class=\"predmety\"><sup><a href=\"https:\/\/www.diablofans.cz\/d2\/predmety-setove-sady-aldurs-watchtower\">Aldur&#8217;s<\/a> | <a href=\"https:\/\/www.diablofans.cz\/d2\/predmety-setove-sady-angelic-raiment\">Angelic<\/a> | <a href=\"https:\/\/www.diablofans.cz\/d2\/predmety-setove-sady-arcannas-tricks\">Arcanna&#8217;s<\/a> | <a href=\"https:\/\/www.diablofans.cz\/d2\/predmety-setove-sady-arctic-gear\">Arctic<\/a> | <a href=\"https:\/\/www.diablofans.cz\/d2\/predmety-setove-sady-berserkers-arsenal\">Berserker&#8217;s<\/a> | <a href=\"https:\/\/www.diablofans.cz\/d2\/predmety-setove-sady-bul-kathos-children\">Bul-Kathos&#8216;<\/a> | <a href=\"https:\/\/www.diablofans.cz\/d2\/predmety-setove-sady-cathans-traps\">Cathan&#8217;s<\/a> | <a href=\"https:\/\/www.diablofans.cz\/d2\/predmety-setove-sady-civerbs-vestments\">Civerb&#8217;s<\/a> | <a href=\"https:\/\/www.diablofans.cz\/d2\/predmety-setove-sady-cleglaws-brace\">Cleglaw&#8217;s<\/a> | <a href=\"https:\/\/www.diablofans.cz\/d2\/predmety-setove-sady-cow-kings-leathers\">Cow King&#8217;s<\/a> | <a href=\"https:\/\/www.diablofans.cz\/d2\/predmety-setove-sady-deaths-disguise\">Death&#8217;s<\/a> | <a href=\"https:\/\/www.diablofans.cz\/d2\/predmety-setove-sady-griswolds-legacy\">Griswold&#8217;s<\/a> | <a href=\"https:\/\/www.diablofans.cz\/d2\/predmety-setove-sady-heavens-brethren\">Heaven&#8217;s\u00a0Brethen<\/a> | <a href=\"https:\/\/www.diablofans.cz\/d2\/predmety-setove-sady-hsarus-defense\">Hsarus&#8216;<\/a> | <a href=\"https:\/\/www.diablofans.cz\/d2\/predmety-setove-sady-hwanins-majesty\">Hwanin&#8217;s<\/a> | <a href=\"https:\/\/www.diablofans.cz\/d2\/predmety-setove-sady-immortal-king\">Immortal King&#8217;s<\/a> | <a href=\"https:\/\/www.diablofans.cz\/d2\/predmety-setove-sady-infernal-tools\">Infernal Tools<\/a> | <a href=\"https:\/\/www.diablofans.cz\/d2\/predmety-setove-sady-irathas-finery\">Iratha&#8217;s<\/a> | <a href=\"https:\/\/www.diablofans.cz\/d2\/predmety-setove-sady-isenharts-armory\">Isenhart&#8217;s<\/a> | <a href=\"https:\/\/www.diablofans.cz\/d2\/predmety-setove-sady-mavinas-battle-hymn\">M&#8217;avina&#8217;s<\/a> | <a href=\"https:\/\/www.diablofans.cz\/d2\/predmety-setove-sady-milabregas-regalia\">Milabrega&#8217;s<\/a> | <a href=\"https:\/\/www.diablofans.cz\/d2\/predmety-setove-sady-najs-ancient-vestige\">Naj&#8217;s<\/a> | <a href=\"https:\/\/www.diablofans.cz\/d2\/predmety-setove-sady-natalyas-odium\">Natalya&#8217;s<\/a> | <a href=\"https:\/\/www.diablofans.cz\/d2\/predmety-setove-sady-orphans-call\">Orphan&#8217;s<\/a> | <a href=\"https:\/\/www.diablofans.cz\/d2\/predmety-setove-sady-sanders-folly\">Sander&#8217;s<\/a> | <a href=\"https:\/\/www.diablofans.cz\/d2\/predmety-setove-sady-sazabis-grand-tribute\">Sazabi&#8217;s<\/a> | <a href=\"https:\/\/www.diablofans.cz\/d2\/predmety-setove-sady-sigons-complete-steel\">Sigon&#8217;s<\/a> | <a href=\"https:\/\/www.diablofans.cz\/d2\/predmety-setove-sady-tal-rashas-wrappings\">Tal Rasha&#8217;s<\/a> | <a href=\"https:\/\/www.diablofans.cz\/d2\/predmety-setove-sady-tancreds-battlegear\">Tancred&#8217;s<\/a> | <a href=\"https:\/\/www.diablofans.cz\/d2\/predmety-setove-sady-the-disciple\">The Disciple<\/a> | <strong><a href=\"https:\/\/www.diablofans.cz\/d2\/predmety-setove-sady-trang-ouls-avatar\">Trang-Oul&#8217;s<\/a><\/strong> | <a href=\"https:\/\/www.diablofans.cz\/d2\/predmety-setove-sady-vidalas-rig\">Vidala&#8217;s<\/a> ||| <strong><a href=\"https:\/\/www.diablofans.cz\/d2\/predmety-setove\">\u00ab Zp\u011bt do sekce P\u0159edm\u011bty\u00a0\u2013 Sety<\/a><\/strong><\/sup> <\/p>\n<hr \/>\n<h3 class=\"zelena\"><a href=\"files\/predmety\/setove_sady\/exc-a-elite-sets\/trang-ouls_avatar\/helmet.d2i\">Trang-Oul&#8217;s\u00a0Guise<\/a><\/h3>\n<div><img loading=\"lazy\" decoding=\"async\" src=\"https:\/\/www.diablofans.cz\/d2\/wp-content\/uploads\/2018\/08\/trang-oulsguise.gif\" class=\"nahled\" alt=\"Trang-Oul's\u00a0Guise\" width=\"48\" height=\"54\" \/><\/div>\n<ul class=\"typ\">\n<li>Bone Visage<\/li>\n<\/ul>\n<ul class=\"zaklady\">\n<li>Defense: 180\u2013257 (varies)(Base Defense: 100\u2013157)<\/li>\n<li>Required Level: 65<\/li>\n<li>Required Strength: 106<\/li>\n<li>Durability: 40<\/li>\n<\/ul>\n<ul class=\"vlastnosti\">\n<li>+150\u00a0to Mana<\/li>\n<li>+80\u2013100 Defense (varies)<\/li>\n<li>Replenish Life +5<\/li>\n<li>Attacker Takes Damage of 20<\/li>\n<li>25% Faster Hit Recovery<\/li>\n<\/ul>\n<p style=\"text-align:center\">&#8212;\u00a0\u2014 &#8212;\u00a0\u2014 &#8212;\u00a0\u2014 &#8212;\u00a0\u2014 &#8212;\u00a0\u2014 &#8212;\u00a0\u2014 &#8212;\u00a0\u2014 &#8212;\u00a0\u2014 &#8212;\u00a0\u2014 &#8212;\u00a0\u2014 &#8212;\u00a0\u2014\u00a0&#8212;<\/p>\n<h3 class=\"zelena\"><a href=\"files\/predmety\/setove_sady\/exc-a-elite-sets\/trang-ouls_avatar\/armor.d2i\">Trang-Oul&#8217;s\u00a0Scales<\/a><\/h3>\n<div><img loading=\"lazy\" decoding=\"async\" src=\"https:\/\/www.diablofans.cz\/d2\/wp-content\/uploads\/2018\/08\/trang-oulsscales.gif\" class=\"nahled\" alt=\"Trang-Oul's\u00a0Scales\" width=\"52\" height=\"84\" \/><\/div>\n<ul class=\"typ\">\n<li>Chaos Armor<\/li>\n<\/ul>\n<ul class=\"zaklady\">\n<li>Defense: 857 (Base Defense: 315\u2013343)<\/li>\n<li>Required Level: 49<\/li>\n<li>Required Strength: 84<\/li>\n<li>Durability: 70<\/li>\n<\/ul>\n<ul class=\"vlastnosti\">\n<li>+150% Enhanced Defense<\/li>\n<li>+100\u00a0Defense vs. Missile<\/li>\n<li>Poison Resist +40%<\/li>\n<li>Requirements\u00a0\u201340%<\/li>\n<li>40% Faster Run\/Walk<\/li>\n<li>+2\u00a0to Summoning Skills (Necromancer Only)<\/li>\n<\/ul>\n<ul class=\"zelena\">\n<li>Lightning Resist +50% (3 p\u0159edm\u011bty)<\/li>\n<li>Damage Reduced By 25% (Kompletn\u00ed set)<\/li>\n<\/ul>\n<p style=\"text-align:center\">&#8212;\u00a0\u2014 &#8212;\u00a0\u2014 &#8212;\u00a0\u2014 &#8212;\u00a0\u2014 &#8212;\u00a0\u2014 &#8212;\u00a0\u2014 &#8212;\u00a0\u2014 &#8212;\u00a0\u2014 &#8212;\u00a0\u2014 &#8212;\u00a0\u2014 &#8212;\u00a0\u2014\u00a0&#8212;<\/p>\n<h3 class=\"zelena\"><a href=\"files\/predmety\/setove_sady\/exc-a-elite-sets\/trang-ouls_avatar\/shield.d2i\">Trang-Oul&#8217;s\u00a0Wing<\/a><\/h3>\n<div><img loading=\"lazy\" decoding=\"async\" src=\"https:\/\/www.diablofans.cz\/d2\/wp-content\/uploads\/2018\/08\/trang-oulswing.gif\" class=\"nahled\" alt=\"Trang-Oul's\u00a0Wing\" width=\"40\" height=\"50\" \/><\/div>\n<ul class=\"typ\">\n<li>Cantor Trophy<\/li>\n<\/ul>\n<ul class=\"zaklady\">\n<li>Defense: 175\u2013189 (varies)(Base Defense: 50\u201364)<\/li>\n<li>Required Level: 54<\/li>\n<li>Required Strength: 50<\/li>\n<li>Durability: 20<\/li>\n<li>Chance to Block: 60%<\/li>\n<li>(Necromancer Only)<\/li>\n<\/ul>\n<ul class=\"vlastnosti\">\n<li>+25\u00a0to Strength<\/li>\n<li>+15\u00a0to Dexterity<\/li>\n<li>+30% Increased Chance of Blocking<\/li>\n<li>+125\u00a0Defense<\/li>\n<li>Fire Resist +38\u201345% (varies)<\/li>\n<li>Poison Resist +40%<\/li>\n<li>+2\u00a0to Poison and Bone Skills (Necromancer Only)<\/li>\n<\/ul>\n<ul class=\"zelena\">\n<li>\u201325% To Enemy Poison Resistance (3 p\u0159edm\u011bty)<\/li>\n<li>Replenish Life +15 (4 p\u0159edm\u011bty)<\/li>\n<\/ul>\n<p style=\"text-align:center\">&#8212;\u00a0\u2014 &#8212;\u00a0\u2014 &#8212;\u00a0\u2014 &#8212;\u00a0\u2014 &#8212;\u00a0\u2014 &#8212;\u00a0\u2014 &#8212;\u00a0\u2014 &#8212;\u00a0\u2014 &#8212;\u00a0\u2014 &#8212;\u00a0\u2014 &#8212;\u00a0\u2014\u00a0&#8212;<\/p>\n<h3 class=\"zelena\"><a href=\"files\/predmety\/setove_sady\/exc-a-elite-sets\/trang-ouls_avatar\/belt.d2i\">Trang-Oul&#8217;s\u00a0Girth<\/a><\/h3>\n<div><img loading=\"lazy\" decoding=\"async\" src=\"https:\/\/www.diablofans.cz\/d2\/wp-content\/uploads\/2018\/08\/trang-oulsgirth.gif\" class=\"nahled\" alt=\"Trang-Oul's\u00a0Girth\" width=\"52\" height=\"27\" \/><\/div>\n<ul class=\"typ\">\n<li>Troll Belt<\/li>\n<\/ul>\n<ul class=\"zaklady\">\n<li>Defense: 134\u2013166 (varies)(Base Defense: 59\u201366)<\/li>\n<li>Required Level: 62<\/li>\n<li>Required Strength: 91<\/li>\n<li>Durability: 18<\/li>\n<li>16\u00a0boxes<\/li>\n<\/ul>\n<ul class=\"vlastnosti\">\n<li>+66\u00a0to Life<\/li>\n<li>+25\u201350 to Mana (varies)<\/li>\n<li>+30\u00a0to Maximum Stamina<\/li>\n<li>+75\u2013100 Defense (varies)<\/li>\n<li>Replenish Life +5<\/li>\n<li>Requirements\u00a0\u201340%<\/li>\n<li>Cannot Be Frozen<\/li>\n<\/ul>\n<ul class=\"zelena\">\n<li>Cold Resist +40% (3 p\u0159edm\u011bty)<\/li>\n<\/ul>\n<p style=\"text-align:center\">&#8212;\u00a0\u2014 &#8212;\u00a0\u2014 &#8212;\u00a0\u2014 &#8212;\u00a0\u2014 &#8212;\u00a0\u2014 &#8212;\u00a0\u2014 &#8212;\u00a0\u2014 &#8212;\u00a0\u2014 &#8212;\u00a0\u2014 &#8212;\u00a0\u2014 &#8212;\u00a0\u2014\u00a0&#8212;<\/p>\n<h3 class=\"zelena\"><a href=\"files\/predmety\/setove_sady\/exc-a-elite-sets\/trang-ouls_avatar\/gloves.d2i\">Trang-Oul&#8217;s\u00a0Claws<\/a><\/h3>\n<div><img loading=\"lazy\" decoding=\"async\" src=\"https:\/\/www.diablofans.cz\/d2\/wp-content\/uploads\/2018\/08\/trang-oulsclaws.gif\" class=\"nahled\" alt=\"Trang-Oul's\u00a0Claws\" width=\"51\" height=\"52\" \/><\/div>\n<ul class=\"typ\">\n<li>Heavy Bracers<\/li>\n<\/ul>\n<ul class=\"zaklady\">\n<li>Defense: 67\u201374 (varies)(Base Defense: 37\u201344)<\/li>\n<li>Required Level: 45<\/li>\n<li>Required Strength: 58<\/li>\n<li>Durability: 16<\/li>\n<\/ul>\n<ul class=\"vlastnosti\">\n<li>+30\u00a0Defense<\/li>\n<li>Cold Resist +30%<\/li>\n<li>20% Faster Cast Rate<\/li>\n<li>+2\u00a0to Curses (Necromancer Only)<\/li>\n<li>+25% to Poison Skill Damage<\/li>\n<\/ul>\n<p style=\"text-align:center\">&#8212;\u00a0\u2014 &#8212;\u00a0\u2014 &#8212;\u00a0\u2014 &#8212;\u00a0\u2014 &#8212;\u00a0\u2014 &#8212;\u00a0\u2014 &#8212;\u00a0\u2014 &#8212;\u00a0\u2014 &#8212;\u00a0\u2014 &#8212;\u00a0\u2014 &#8212;\u00a0\u2014\u00a0&#8212;<\/p>\n<p>\u010c\u00e1ste\u010dn\u00fd setov\u00fd bonus:<\/p>\n<ul class=\"zlata\">\n<li>+18\u00a0To Fire Ball (2 p\u0159edm\u011bty)<\/li>\n<li>Regenerate Mana 15% (2 p\u0159edm\u011bty)<\/li>\n<li>+13\u00a0To Fire Wall (3 p\u0159edm\u011bty)<\/li>\n<li>Additional Regenerate Mana 15% (3 p\u0159edm\u011bty)<\/li>\n<li>Additional Regenerate Mana 15% (4 p\u0159edm\u011bty)<\/li>\n<li>+10\u00a0To Meteor (4 p\u0159edm\u011bty)<\/li>\n<\/ul>\n<p>Kompletn\u00ed setov\u00fd bonus:<\/p>\n<ul class=\"zlata\">\n<li>+3\u00a0To Necromancer Skill Levels<\/li>\n<li>20% Life Stolen Per Hit<\/li>\n<li>+3\u00a0To Fire Mastery<\/li>\n<li>+10\u00a0To Meteor<\/li>\n<li>+13\u00a0To Fire Wall<\/li>\n<li>+18\u00a0To Fire Ball<\/li>\n<li>+200\u00a0Defense<\/li>\n<li>+100\u00a0To Mana<\/li>\n<li>Regenerate Mana 60%<\/li>\n<li>Replenish Life +5<\/li>\n<li>All Resistances +50<\/li>\n<li>Transforms into Vampire<\/li>\n<\/ul>\n<p style=\"text-align:center\">&#8212;\u00a0\u2014 &#8212;\u00a0\u2014 &#8212;\u00a0\u2014 &#8212;\u00a0\u2014 &#8212;\u00a0\u2014 &#8212;\u00a0\u2014 &#8212;\u00a0\u2014 &#8212;\u00a0\u2014 &#8212;\u00a0\u2014 &#8212;\u00a0\u2014 &#8212;\u00a0\u2014\u00a0&#8212;<\/p>\n<p style=\"margin-top:20px\"><strong>\u010c\u00e1ste\u010dn\u00fd i\u00a0kompletn\u00ed setov\u00fd bonus<\/strong>: bonusy k\u00a0skill\u016fm Fire Ball, Fire Wall, Meteor a Fire Mastery\u00a0\u2013 nejde o\u00a0klasick\u00e9 bonusy, ale o\u00a0<a href=\"https:\/\/www.diablofans.cz\/d2\/dovednosti#oskills\">oskill<\/a> bonusy.<\/p>\n<p style=\"text-align:center\">&#8212;\u00a0\u2014 &#8212;\u00a0\u2014 &#8212;\u00a0\u2014 &#8212;\u00a0\u2014 &#8212;\u00a0\u2014 &#8212;\u00a0\u2014 &#8212;\u00a0\u2014 &#8212;\u00a0\u2014 &#8212;\u00a0\u2014 &#8212;\u00a0\u2014 &#8212;\u00a0\u2014\u00a0&#8212;<\/p>\n<p style=\"text-align:center\"><a href=\"https:\/\/www.diablofans.cz\/d2\/predmety-setove\">\u00ab Zp\u011bt do sekce P\u0159edm\u011bty\u00a0\u2013 Sety.<\/a><\/p>\n<\/p><\/div>\n<p> <!-- by Texy2! --><\/p>\n","protected":false},"excerpt":{"rendered":"<p>Aldur&#8217;s | Angelic | Arcanna&#8217;s | Arctic | Berserker&#8217;s | Bul-Kathos&#8216; | Cathan&#8217;s | Civerb&#8217;s | Cleglaw&#8217;s | Cow King&#8217;s | Death&#8217;s | Griswold&#8217;s | Heaven&#8217;s\u00a0Brethen | Hsarus&#8216; | Hwanin&#8217;s | Immortal King&#8217;s | Infernal Tools | Iratha&#8217;s | Isenhart&#8217;s | M&#8217;avina&#8217;s | Milabrega&#8217;s | Naj&#8217;s | Natalya&#8217;s | Orphan&#8217;s | Sander&#8217;s | Sazabi&#8217;s | [&#8230;]<\/p>\n<p><a class=\"btn btn-secondary understrap-read-more-link\" href=\"https:\/\/www.diablofans.cz\/d2\/predmety-setove-sady-trang-ouls-avatar\/\">\u010c\u00edst d\u00e1le&#8230;<span class=\"screen-reader-text\"> from Setov\u00e9 p\u0159edm\u011bty &#8211; Trang-Ouls Avatar<\/span><\/a><\/p>\n","protected":false},"author":1,"featured_media":0,"parent":0,"menu_order":0,"comment_status":"open","ping_status":"open","template":"","meta":{"footnotes":""},"class_list":["post-2903","page","type-page","status-publish","hentry"],"_links":{"self":[{"href":"https:\/\/www.diablofans.cz\/d2\/wp-json\/wp\/v2\/pages\/2903","targetHints":{"allow":["GET"]}}],"collection":[{"href":"https:\/\/www.diablofans.cz\/d2\/wp-json\/wp\/v2\/pages"}],"about":[{"href":"https:\/\/www.diablofans.cz\/d2\/wp-json\/wp\/v2\/types\/page"}],"author":[{"embeddable":true,"href":"https:\/\/www.diablofans.cz\/d2\/wp-json\/wp\/v2\/users\/1"}],"replies":[{"embeddable":true,"href":"https:\/\/www.diablofans.cz\/d2\/wp-json\/wp\/v2\/comments?post=2903"}],"version-history":[{"count":0,"href":"https:\/\/www.diablofans.cz\/d2\/wp-json\/wp\/v2\/pages\/2903\/revisions"}],"wp:attachment":[{"href":"https:\/\/www.diablofans.cz\/d2\/wp-json\/wp\/v2\/media?parent=2903"}],"curies":[{"name":"wp","href":"https:\/\/api.w.org\/{rel}","templated":true}]}}