{"id":3068,"date":"2018-08-25T22:08:49","date_gmt":"2018-08-25T20:08:49","guid":{"rendered":"http:\/\/diablofans.ddev.site\/d2\/predmety-normal-amazon-weapons\/"},"modified":"2018-08-25T22:08:49","modified_gmt":"2018-08-25T20:08:49","slug":"predmety-normal-amazon-weapons","status":"publish","type":"page","link":"https:\/\/www.diablofans.cz\/d2\/predmety-normal-amazon-weapons\/","title":{"rendered":"P\u0159edm\u011bty &#8211; Normal &#8211; Amazon Bows, Spears and Javelins"},"content":{"rendered":"<br \/>\n<h3>Bows<\/h3>\n<table style=\"text-align:center\">\n<thead>\n<tr>\n<th>N\u00e1zev<\/th>\n<th>Two Hand Damage<\/th>\n<th>Level Requirement<\/th>\n<th>Min Strength<\/th>\n<th>Min Dexterity<\/th>\n<th>Socket\u016f<\/th>\n<th>Speed for Amazon<\/th>\n<th>Quality Level<\/th>\n<\/tr>\n<\/thead>\n<tbody>\n<tr>\n<td><img loading=\"lazy\" decoding=\"async\" src=\"https:\/\/www.diablofans.cz\/d2\/wp-content\/uploads\/2018\/08\/stagbow.gif\" class=\"img-center\" alt=\"stagbow\" width=\"56\" height=\"112\" \/><br \/> Stag Bow<\/td>\n<td>7\u201312<br \/> (9,5\u00a0Avg)<\/td>\n<td>14<\/td>\n<td>30<\/td>\n<td>45<\/td>\n<td>5<\/td>\n<td>[0]<br \/> Fast<\/td>\n<td>18<\/td>\n<\/tr>\n<tr>\n<td><img loading=\"lazy\" decoding=\"async\" src=\"https:\/\/www.diablofans.cz\/d2\/wp-content\/uploads\/2018\/08\/reflexbow.gif\" class=\"img-center\" alt=\"reflexbow\" width=\"56\" height=\"112\" \/><br \/> Reflex Bow<\/td>\n<td>9\u201319<br \/> (14 Avg)<\/td>\n<td>20<\/td>\n<td>35<\/td>\n<td>60<\/td>\n<td>5<\/td>\n<td>[10]<br \/> Fast<\/td>\n<td>27<\/td>\n<\/tr>\n<\/tbody>\n<\/table>\n<p style=\"text-align:center\">&#8212;\u00a0\u2014 &#8212;\u00a0\u2014 &#8212;\u00a0\u2014 &#8212;\u00a0\u2014 &#8212;\u00a0\u2014 &#8212;\u00a0\u2014 &#8212;\u00a0\u2014 &#8212;\u00a0\u2014 &#8212;\u00a0\u2014 &#8212;\u00a0\u2014 &#8212;\u00a0\u2014\u00a0&#8212;<\/p>\n<h3>Spears<\/h3>\n<table style=\"text-align:center\">\n<thead>\n<tr>\n<th><span style=\"font-size: 80%;\"> N\u00e1zev <\/span><\/th>\n<th><span style=\"font-size: 80%;\"> Min\/Max<br \/> Two Hand Damage <\/span><\/th>\n<th><span style=\"font-size: 70%;\"> Level Requirement <\/span><\/th>\n<th><span style=\"font-size: 80%;\"> Min Strength <\/span><\/th>\n<th><span style=\"font-size: 80%;\"> Min Dexterity <\/span><\/th>\n<th><span style=\"font-size: 70%;\"> <a href=\"https:\/\/www.diablofans.cz\/d2\/dosah-a-vzdialenost#meleerange\">Rangeadder<\/a> <\/span><\/th>\n<th><span style=\"font-size: 70%;\"> Durability <\/span><\/th>\n<th><span style=\"font-size: 80%;\"> Socket\u016f <\/span><\/th>\n<th><span style=\"font-size: 80%;\"> Speed for Amazon <\/span><\/th>\n<th><span style=\"font-size: 80%;\"> Quality Level <\/span><\/th>\n<\/tr>\n<\/thead>\n<tbody>\n<tr>\n<td><img loading=\"lazy\" decoding=\"async\" src=\"https:\/\/www.diablofans.cz\/d2\/wp-content\/uploads\/2018\/08\/maidenspear.gif\" class=\"img-center\" alt=\"maidenspear\" width=\"56\" height=\"112\" \/><br \/> Maiden Spear<\/td>\n<td><span style=\"font-size: 80%;\"> 18\u201324<br \/> (21 Avg) <\/span><\/td>\n<td>14<\/td>\n<td>54<\/td>\n<td>40<\/td>\n<td>4<\/td>\n<td>28<\/td>\n<td>6<\/td>\n<td>[0]<br \/> Normal<\/td>\n<td>18<\/td>\n<\/tr>\n<tr>\n<td><img loading=\"lazy\" decoding=\"async\" src=\"https:\/\/www.diablofans.cz\/d2\/wp-content\/uploads\/2018\/08\/maidenpike.gif\" class=\"img-center\" alt=\"maidenpike\" width=\"56\" height=\"112\" \/><br \/> Maiden Pike<\/td>\n<td><span style=\"font-size: 80%;\"> 23\u201355<br \/> (39 Avg) <\/span><\/td>\n<td>20<\/td>\n<td>63<\/td>\n<td>52<\/td>\n<td>4<\/td>\n<td>25<\/td>\n<td>6<\/td>\n<td>[0]<br \/> Normal<\/td>\n<td>27<\/td>\n<\/tr>\n<\/tbody>\n<\/table>\n<p style=\"text-align:center\">&#8212;\u00a0\u2014 &#8212;\u00a0\u2014 &#8212;\u00a0\u2014 &#8212;\u00a0\u2014 &#8212;\u00a0\u2014 &#8212;\u00a0\u2014 &#8212;\u00a0\u2014 &#8212;\u00a0\u2014 &#8212;\u00a0\u2014 &#8212;\u00a0\u2014 &#8212;\u00a0\u2014\u00a0&#8212;<\/p>\n<h3>Javelins<\/h3>\n<table style=\"text-align:center\">\n<thead>\n<tr>\n<th><span style=\"font-size: 80%;\"> N\u00e1zev <\/span><\/th>\n<th><span style=\"font-size: 80%;\"> Throw Damage <\/span><\/th>\n<th><span style=\"font-size: 80%;\"> Min\/Max<br \/> One Hand Damage <\/span><\/th>\n<th><span style=\"font-size: 80%;\"> Level Requirement <\/span><\/th>\n<th><span style=\"font-size: 80%;\"> Min Strength <\/span><\/th>\n<th><span style=\"font-size: 80%;\"> Min Dexterity <\/span><\/th>\n<th><span style=\"font-size: 80%;\"> Melee <a href=\"https:\/\/www.diablofans.cz\/d2\/dosah-a-vzdialenost#meleerange\">Rangeadder<\/a> <\/span><\/th>\n<th><span style=\"font-size: 80%;\"> Max Stack <\/span><\/th>\n<th><span style=\"font-size: 80%;\"> Speed for Amazon <\/span><\/th>\n<th><span style=\"font-size: 80%;\"> Quality Level <\/span><\/th>\n<\/tr>\n<\/thead>\n<tbody>\n<tr>\n<td><img loading=\"lazy\" decoding=\"async\" src=\"https:\/\/www.diablofans.cz\/d2\/wp-content\/uploads\/2018\/08\/maidenjavelin.gif\" class=\"img-center\" alt=\"maidenjavelin\" width=\"28\" height=\"84\" \/><br \/> Maiden Javelin<\/td>\n<td><span style=\"font-size: 80%;\"> 6\u201322<br \/> (14 Avg) <\/span><\/td>\n<td><span style=\"font-size: 80%;\"> 8\u201314<br \/> (11 Avg) <\/span><\/td>\n<td>17<\/td>\n<td>33<\/td>\n<td>47<\/td>\n<td>2<\/td>\n<td>80<\/td>\n<td>[-10]<br \/> Very Fast<\/td>\n<td>23<\/td>\n<\/tr>\n<\/tbody>\n<\/table>\n<p style=\"text-align:center\">&#8212;\u00a0\u2014 &#8212;\u00a0\u2014 &#8212;\u00a0\u2014 &#8212;\u00a0\u2014 &#8212;\u00a0\u2014 &#8212;\u00a0\u2014 &#8212;\u00a0\u2014 &#8212;\u00a0\u2014 &#8212;\u00a0\u2014 &#8212;\u00a0\u2014 &#8212;\u00a0\u2014\u00a0&#8212;<\/p>\n<p style=\"text-align:center\"><a href=\"https:\/\/www.diablofans.cz\/d2\/normalni-predmety#normal\">\u00ab Zp\u011bt na p\u0159ehled norm\u00e1ln\u00edch p\u0159edm\u011bt\u016f. \u00ab<\/a><\/p>\n<p> <!-- by Texy2! --><\/p>\n","protected":false},"excerpt":{"rendered":"<p>Bows N\u00e1zev Two Hand Damage Level Requirement Min Strength Min Dexterity Socket\u016f Speed for Amazon Quality Level Stag Bow 7\u201312 (9,5\u00a0Avg) 14 30 45 5 [0] Fast 18 Reflex Bow 9\u201319 (14 Avg) 20 35 60 5 [10] Fast 27 &#8212;\u00a0\u2014 &#8212;\u00a0\u2014 &#8212;\u00a0\u2014 &#8212;\u00a0\u2014 &#8212;\u00a0\u2014 &#8212;\u00a0\u2014 &#8212;\u00a0\u2014 &#8212;\u00a0\u2014 &#8212;\u00a0\u2014 &#8212;\u00a0\u2014 &#8212;\u00a0\u2014\u00a0&#8212; Spears N\u00e1zev Min\/Max Two [&#8230;]<\/p>\n<p><a class=\"btn btn-secondary understrap-read-more-link\" href=\"https:\/\/www.diablofans.cz\/d2\/predmety-normal-amazon-weapons\/\">\u010c\u00edst d\u00e1le&#8230;<span class=\"screen-reader-text\"> from P\u0159edm\u011bty &#8211; Normal &#8211; Amazon Bows, Spears and Javelins<\/span><\/a><\/p>\n","protected":false},"author":1,"featured_media":0,"parent":0,"menu_order":0,"comment_status":"open","ping_status":"open","template":"","meta":{"footnotes":""},"class_list":["post-3068","page","type-page","status-publish","hentry"],"_links":{"self":[{"href":"https:\/\/www.diablofans.cz\/d2\/wp-json\/wp\/v2\/pages\/3068","targetHints":{"allow":["GET"]}}],"collection":[{"href":"https:\/\/www.diablofans.cz\/d2\/wp-json\/wp\/v2\/pages"}],"about":[{"href":"https:\/\/www.diablofans.cz\/d2\/wp-json\/wp\/v2\/types\/page"}],"author":[{"embeddable":true,"href":"https:\/\/www.diablofans.cz\/d2\/wp-json\/wp\/v2\/users\/1"}],"replies":[{"embeddable":true,"href":"https:\/\/www.diablofans.cz\/d2\/wp-json\/wp\/v2\/comments?post=3068"}],"version-history":[{"count":0,"href":"https:\/\/www.diablofans.cz\/d2\/wp-json\/wp\/v2\/pages\/3068\/revisions"}],"wp:attachment":[{"href":"https:\/\/www.diablofans.cz\/d2\/wp-json\/wp\/v2\/media?parent=3068"}],"curies":[{"name":"wp","href":"https:\/\/api.w.org\/{rel}","templated":true}]}}