{"id":3162,"date":"2018-08-25T22:08:51","date_gmt":"2018-08-25T20:08:51","guid":{"rendered":"http:\/\/diablofans.ddev.site\/d2\/avalon-buildy-paladin-hammersmiter\/"},"modified":"2018-08-25T22:08:51","modified_gmt":"2018-08-25T20:08:51","slug":"avalon-buildy-paladin-hammersmiter","status":"publish","type":"page","link":"https:\/\/www.diablofans.cz\/d2\/avalon-buildy-paladin-hammersmiter\/","title":{"rendered":"Buildy &#8211; Avalon &#8211; Hammersmiter"},"content":{"rendered":"\n<p>Ni\u010d\u00ed hordy nep\u0159\u00e1tel ohromnou rychlost\u00ed, nav\u00edc potkat immune potvoru je opravdu n\u00e1hoda a d\u00edky Smite se m\u016f\u017eete beze strachu vydat do uber Tristramu. I\u00a0Pit of Acheron zvl\u00e1dnete s\u00a0p\u0159ehledem.<\/p>\n<h3>Skilly<\/h3>\n<p>Bez t\u011bchto skill\u016f se neobejdete:<\/p>\n<ul>\n<li>Blessed Hammer\u00a0\u2013 V\u00e1\u0161 hlavn\u00ed \u00fato\u010dn\u00fd skill, tak\u017ee ho namaxujte. Nemaxujte ze za\u010d\u00e1tku (max. 5\u201310 bod\u016f) m\u011bli byste potom velk\u00e9 probl\u00e9my s\u00a0manou. Maxujte a\u017e si budete jist\u00ed, \u017ee to va\u0161e mana\u00a0snese.<\/li>\n<li>Concentration\u00a0\u2013 Va\u0161e hlavn\u00ed aura, tak\u017ee tak\u00e9 namaxovat.<\/li>\n<li>Vigor\u00a0\u2013 Synergie k\u00a0BH, zvy\u0161uje tak\u00e9 FRW, ale jen kdy\u017e je zapnut\u00a0\u2013 namaxovat.<\/li>\n<li>Blessed Aim\u00a0\u2013 Dal\u0161\u00ed synergie k\u00a0BH, namaxujte ji.<\/li>\n<li>Holy shield\u00a0\u2013 Sem sta\u010d\u00ed d\u00e1t takov\u00fdch 5\u201310 bod\u016f.<\/li>\n<li>Smite\u00a0\u2013 Tento skill se pokuste namaxovat, ale p\u0159ipravte se na to, \u017ee po\u0159\u00e1dn\u00e1 dmg p\u0159ijde zhruba po 95\u00a0lvlu<\/li>\n<\/ul>\n<p>Te\u010f p\u00e1r skill\u016f ve kter\u00fdch je dobr\u00e9 m\u00edt alespo\u0148 bod:<\/p>\n<ul>\n<li>Redemption\u00a0\u2013 Sem dejte jeden bod, tato aura odstran\u00ed mrtv\u00e1 t\u011bla a dopln\u00ed v\u00e1m z\u00a0nich HP a\u00a0manu.<\/li>\n<li>Fanaticism\u00a0\u2013 Tuto auru jen kv\u016fli Smite, ale j\u00e1 si mysl\u00edm, \u017ee Concentration v\u00e1m bude sta\u010dit. Tady z\u00e1le\u017e\u00ed jen na v\u00e1s, jestli ten bod investujete.<\/li>\n<\/ul>\n<h3>Staty<\/h3>\n<ul>\n<li>Strenght\u00a0\u2013 Tak akor\u00e1t na equip. Ze za\u010d\u00e1tku tam p\u00e1r bod\u016f dejte, a\u0165 m\u00e1te bez equipu alespo\u0148 100\u00a0str.<\/li>\n<li>Dexterity\u00a0\u2013 Zase stejn\u011b jako u\u00a0str, tak akor\u00e1t zhruba 90\u00a0bod\u00edk\u016f sem dejte, full block v\u00e1m zajist\u00ed\u00a0HS.<\/li>\n<li>Vitality\u00a0\u2013 Sem narv\u011bte v\u0161echno, co m\u016f\u017eete.<\/li>\n<li>Energy\u00a0\u2013 Ani bod, v\u0161echno za v\u00e1s zajist\u00ed itemy, ze za\u010d\u00e1tku budete m\u00edt trochu s\u00a0manou probl\u00e9my, ale to p\u0159ejde, nebojte\u00a0se.<\/li>\n<\/ul>\n<h3>Vybaven\u00ed<\/h3>\n<ul>\n<li>Helma: Zvolil jsem uniq Commander, kter\u00e1 n\u00e1m umo\u017e\u0148uje pou\u017e\u00edvat BC, BO, Shout a Burst of\u00a0Speed.<\/li>\n<li>Zbroj: Tak tady op\u011bt All skills , FCR a rezy. Nap\u0159.: uniq Fabulous Powder, ale tato zbroj je pom\u011brn\u011b n\u00e1ro\u010dn\u00e1 na str. Nebo dal\u0161\u00ed uniq Stormgleam.<\/li>\n<li>P\u00e1sek: Volil bych Crack Coil kv\u016fli dmg, kterou p\u0159id\u00e1v\u00e1 ke\u00a0smite.<\/li>\n<li>Boty: Uniq Dwarw shoes.<\/li>\n<li>Rukavice: Zde je asi jasn\u00e1 volba a to sice uniq Devils\u00a0Child.<\/li>\n<li>Prsteny: Cokoliv s\u00a0all skills, fcr nebo all rez.<\/li>\n<li>Amulet: Dobr\u00fd je nap\u0159. Freezing God s\u00a03\u00a0all skills a 75%\u00a0FCR.<\/li>\n<li>\u0160t\u00edty: Tady zat\u00edm je\u0161t\u011b p\u00e1tr\u00e1m po ne\u010dem, co by mi opravdu na tento build sed\u011blo. Bu\u010fto uniq Herald of Zakarum, nebo dal\u0161\u00ed uniq Windshield osocketovan\u00fd all skills jewely.<\/li>\n<li>Zbran\u011b: Nejl\u00e9pe n\u011bco s\u00a0hodn\u011b all skills a FCR. Nap\u0159.: RW Apokalypse (Zod+Jah+Ber+Cham), z\u00a0levn\u011bj\u0161\u00edch nap\u0159. Hoto (Ko+Vex+Pul+Thul), j\u00e1 pou\u017e\u00edv\u00e1m uniq cryptic sword Stormfury, kter\u00fd p\u0159id\u00e1v\u00e1 5\u00a0all skills, FRW, a 400\u00a0life.<\/li>\n<li>Charmy: Nap\u0159. n\u011bjak\u00e9 theowiky na rezy, FHR, life, dmg reduce a samoz\u0159ejm\u011b Hellfire Torch, annihilus, a n\u011bjak\u00e9 dal\u0161\u00ed skillery.<\/li>\n<\/ul>\n<h3>Mercenary<\/h3>\n<p>Z\u00a02\u00a0aktu na Nm s\u00a0Holy Freeze aurou, ale takov\u00e1 Rogue tak\u00e9 nen\u00ed k\u00a0zahozen\u00ed.<\/p>\n<h3>Strategie<\/h3>\n<p>Nebojte se nabalit na sebe hodn\u011b nep\u0159\u00e1tel, m\u00e1te full block a vysok\u00e9 rezy. Pokud vyu\u017eijete i\u00a0BO, tak budete m\u00edt mnim\u00e1ln\u011b 3.5k\u00a0HP.<\/p>\n<h3>Zkratky:<\/h3>\n<ul>\n<li>BO = Battle Orders<\/li>\n<li>BC = Battle Commands<\/li>\n<li>FCR = Faster Cast Rate<\/li>\n<li>FRW = Faster Run\/Walk<\/li>\n<li>FHR = Faster Hit Recovery<\/li>\n<li>BH = Blessed Hamer<\/li>\n<li>HS = Holy Shield<\/li>\n<\/ul>\n<p style=\"text-align:center\">&#8212;\u00a0\u2014 &#8212;\u00a0\u2014 &#8212;\u00a0\u2014 &#8212;\u00a0\u2014 &#8212;\u00a0\u2014 &#8212;\u00a0\u2014 &#8212;\u00a0\u2014 &#8212;\u00a0\u2014 &#8212;\u00a0\u2014 &#8212;\u00a0\u2014 &#8212;\u00a0\u2014\u00a0&#8212;<\/p>\n<p style=\"text-align:center\"><a href=\"https:\/\/www.diablofans.cz\/d2\/mody-avalon\">\u00ab Zp\u011bt do sekce Mody\u00a0\u2013 Avalon.<\/a><\/p>\n<p><sub>Autor: PaN Error<\/sub><\/p>\n<p> <!-- by Texy2! --><\/p>\n","protected":false},"excerpt":{"rendered":"<p>Ni\u010d\u00ed hordy nep\u0159\u00e1tel ohromnou rychlost\u00ed, nav\u00edc potkat immune potvoru je opravdu n\u00e1hoda a d\u00edky Smite se m\u016f\u017eete beze strachu vydat do uber Tristramu. I\u00a0Pit of Acheron zvl\u00e1dnete s\u00a0p\u0159ehledem. Skilly Bez t\u011bchto skill\u016f se neobejdete: Blessed Hammer\u00a0\u2013 V\u00e1\u0161 hlavn\u00ed \u00fato\u010dn\u00fd skill, tak\u017ee ho namaxujte. Nemaxujte ze za\u010d\u00e1tku (max. 5\u201310 bod\u016f) m\u011bli byste potom velk\u00e9 probl\u00e9my s\u00a0manou. [&#8230;]<\/p>\n<p><a class=\"btn btn-secondary understrap-read-more-link\" href=\"https:\/\/www.diablofans.cz\/d2\/avalon-buildy-paladin-hammersmiter\/\">\u010c\u00edst d\u00e1le&#8230;<span class=\"screen-reader-text\"> from Buildy &#8211; Avalon &#8211; Hammersmiter<\/span><\/a><\/p>\n","protected":false},"author":1,"featured_media":0,"parent":0,"menu_order":0,"comment_status":"open","ping_status":"open","template":"","meta":{"footnotes":""},"class_list":["post-3162","page","type-page","status-publish","hentry"],"_links":{"self":[{"href":"https:\/\/www.diablofans.cz\/d2\/wp-json\/wp\/v2\/pages\/3162","targetHints":{"allow":["GET"]}}],"collection":[{"href":"https:\/\/www.diablofans.cz\/d2\/wp-json\/wp\/v2\/pages"}],"about":[{"href":"https:\/\/www.diablofans.cz\/d2\/wp-json\/wp\/v2\/types\/page"}],"author":[{"embeddable":true,"href":"https:\/\/www.diablofans.cz\/d2\/wp-json\/wp\/v2\/users\/1"}],"replies":[{"embeddable":true,"href":"https:\/\/www.diablofans.cz\/d2\/wp-json\/wp\/v2\/comments?post=3162"}],"version-history":[{"count":0,"href":"https:\/\/www.diablofans.cz\/d2\/wp-json\/wp\/v2\/pages\/3162\/revisions"}],"wp:attachment":[{"href":"https:\/\/www.diablofans.cz\/d2\/wp-json\/wp\/v2\/media?parent=3162"}],"curies":[{"name":"wp","href":"https:\/\/api.w.org\/{rel}","templated":true}]}}