{"id":3165,"date":"2018-08-25T22:08:51","date_gmt":"2018-08-25T20:08:51","guid":{"rendered":"http:\/\/diablofans.ddev.site\/d2\/avalon-buildy-sorceress-hit-me-fireball\/"},"modified":"2018-08-25T22:08:51","modified_gmt":"2018-08-25T20:08:51","slug":"avalon-buildy-sorceress-hit-me-fireball","status":"publish","type":"page","link":"https:\/\/www.diablofans.cz\/d2\/avalon-buildy-sorceress-hit-me-fireball\/","title":{"rendered":"Buildy &#8211; Avalon &#8211; Hit Me Fireball Sorceress"},"content":{"rendered":"<br \/>\n<h3>Skill pointy<\/h3>\n<ul>\n<li>Fire Ball: 20<\/li>\n<li>Meteor: 20<\/li>\n<li>Fire Bolt: 20<\/li>\n<li>Fire Mastery: 20<\/li>\n<li>Lightning Mastery: 10+<\/li>\n<li>Cold Mastery: 10+<\/li>\n<li>Teleport: 1<\/li>\n<li>Warmth: 1<\/li>\n<\/ul>\n<p><em>1\u00a0Energy shield (ak nem\u00e1me charm s\u00a0energy shield)<br \/> (static netreba, ten n\u00e1m casti hit me set a to s\u00a095% when struck)<\/em><\/p>\n<h3>Staty<\/h3>\n<ul>\n<li>Strength: nic (Alamo a Silencer ring n\u00e1m daju hafo\u00a0str)<\/li>\n<li>Dexterity: nic<\/li>\n<li>Vitality: v\u0161etko<\/li>\n<li>Energy: nieje potrebn\u00e9 sem d\u00e1vat body<\/li>\n<\/ul>\n<h3>V\u00fdbava<\/h3>\n<ul>\n<li>Helma: Black Round (uber item) , Shako of Avalon (shako), Circlet of Omipotence (circlet)<\/li>\n<li>Brnenie: jedine HIT ME armor (sacred armor) &#8594; je dobr\u00e9 ho osocketovat napr Hel runou alebo -% req jevelom<\/li>\n<li>P\u00e1sek: jedine HIT ME belt (vampirefang belt)<\/li>\n<li>Rukavice: jedine HIT ME gloves (vampirebone gloves)<\/li>\n<li>Zbran: jedine HIT ME sword (short sword)<\/li>\n<li>Boty: Malcolm graves (boneweave boots), Kuu&#8217;s\u00a0Greaves (boneweave\u00a0boots)<\/li>\n<li>Rings: 1.\u00a0jedine HIT ME ring 2.\u00a0Silencer popr. Ring of Four, Apperentice\u00a0ring<\/li>\n<li>Amulet: jedine HIT ME amulet<\/li>\n<li>Shield: Alamo (hyperion)<\/li>\n<li>Switch: Voices of Avalon (mace) + shield s\u00a0co najviac all\u00a0skills<\/li>\n<\/ul>\n<h3>V\u00fdsledok<\/h3>\n<p>T\u00e1to sorceress toho dost vydr\u017e\u00ed aj v\u00a0uber leveloch. Vdaka masteries ktor\u00e9 zvy\u0161uj\u00fa dmg u\u00a0skillov z\u00a0HIT ME setu d\u00e1 bez probl\u00e9mov Raven, Tristram, s\u00a0fullkami jej nerob\u00ed probl\u00e9m ani Pit of Acheron, Pit level 2, Abbadon, a d\u00e1 sa aj zv\u00e1dnut Ancient Tunels. S\u00a0uber charmami jej u\u017e nerob\u00ed probl\u00e9m ani Infernal Pit alebo\u00a0Aron<\/p>\n<p style=\"text-align:center\">&#8212;\u00a0\u2014 &#8212;\u00a0\u2014 &#8212;\u00a0\u2014 &#8212;\u00a0\u2014 &#8212;\u00a0\u2014 &#8212;\u00a0\u2014 &#8212;\u00a0\u2014 &#8212;\u00a0\u2014 &#8212;\u00a0\u2014 &#8212;\u00a0\u2014 &#8212;\u00a0\u2014\u00a0&#8212;<\/p>\n<p style=\"text-align:center\"><a href=\"https:\/\/www.diablofans.cz\/d2\/mody-avalon\">\u00ab Zp\u011bt do sekce Mody\u00a0\u2013 Avalon.<\/a><\/p>\n<p><sub>Autor: Hefo<\/sub><\/p>\n<p> <!-- by Texy2! --><\/p>\n","protected":false},"excerpt":{"rendered":"<p>Skill pointy Fire Ball: 20 Meteor: 20 Fire Bolt: 20 Fire Mastery: 20 Lightning Mastery: 10+ Cold Mastery: 10+ Teleport: 1 Warmth: 1 1\u00a0Energy shield (ak nem\u00e1me charm s\u00a0energy shield) (static netreba, ten n\u00e1m casti hit me set a to s\u00a095% when struck) Staty Strength: nic (Alamo a Silencer ring n\u00e1m daju hafo\u00a0str) Dexterity: nic [&#8230;]<\/p>\n<p><a class=\"btn btn-secondary understrap-read-more-link\" href=\"https:\/\/www.diablofans.cz\/d2\/avalon-buildy-sorceress-hit-me-fireball\/\">\u010c\u00edst d\u00e1le&#8230;<span class=\"screen-reader-text\"> from Buildy &#8211; Avalon &#8211; Hit Me Fireball Sorceress<\/span><\/a><\/p>\n","protected":false},"author":1,"featured_media":0,"parent":0,"menu_order":0,"comment_status":"open","ping_status":"open","template":"","meta":{"footnotes":""},"class_list":["post-3165","page","type-page","status-publish","hentry"],"_links":{"self":[{"href":"https:\/\/www.diablofans.cz\/d2\/wp-json\/wp\/v2\/pages\/3165","targetHints":{"allow":["GET"]}}],"collection":[{"href":"https:\/\/www.diablofans.cz\/d2\/wp-json\/wp\/v2\/pages"}],"about":[{"href":"https:\/\/www.diablofans.cz\/d2\/wp-json\/wp\/v2\/types\/page"}],"author":[{"embeddable":true,"href":"https:\/\/www.diablofans.cz\/d2\/wp-json\/wp\/v2\/users\/1"}],"replies":[{"embeddable":true,"href":"https:\/\/www.diablofans.cz\/d2\/wp-json\/wp\/v2\/comments?post=3165"}],"version-history":[{"count":0,"href":"https:\/\/www.diablofans.cz\/d2\/wp-json\/wp\/v2\/pages\/3165\/revisions"}],"wp:attachment":[{"href":"https:\/\/www.diablofans.cz\/d2\/wp-json\/wp\/v2\/media?parent=3165"}],"curies":[{"name":"wp","href":"https:\/\/api.w.org\/{rel}","templated":true}]}}