{"id":3179,"date":"2018-08-25T22:08:51","date_gmt":"2018-08-25T20:08:51","guid":{"rendered":"http:\/\/diablofans.ddev.site\/d2\/talismany-skillery\/"},"modified":"2018-08-25T22:08:51","modified_gmt":"2018-08-25T20:08:51","slug":"talismany-skillery","status":"publish","type":"page","link":"https:\/\/www.diablofans.cz\/d2\/talismany-skillery\/","title":{"rendered":"Talismany &#8211; Skillery"},"content":{"rendered":"\n<div><img loading=\"lazy\" decoding=\"async\" src=\"https:\/\/www.diablofans.cz\/d2\/wp-content\/uploads\/2018\/08\/largecharm01.gif\" alt=\"Grand Charm\" class=\"img-left\" width=\"28\" height=\"84\" \/><\/div>\n<p><strong>Skillery<\/strong> jsou talismany, neboli charmy, jejich\u017e vlastnosti vylep\u0161uj\u00ed\u00ed dovednosti postav. Skiller je takov\u00fd talisman, kter\u00fd vylep\u0161uje skupinu skill\u016f n\u011bjak\u00e9ho odv\u011btv\u00ed.<\/p>\n<p>Ka\u017ed\u00e1 postava m\u00e1 t\u0159i odv\u011btv\u00ed skill\u016f (skilll tree), proto jsou skillery pro lep\u0161\u00ed p\u0159ehlednost rozd\u011bleny do <strong>7\u00a0kategori\u00ed<\/strong>:<\/p>\n<ul style=\"padding-left:40px\">\n<li><a href=\"https:\/\/www.diablofans.cz\/d2\/talismany-skillery-amazon\">Amazon<\/a><\/li>\n<li><a href=\"https:\/\/www.diablofans.cz\/d2\/talismany-skillery-assassin\">Assassin<\/a><\/li>\n<li><a href=\"https:\/\/www.diablofans.cz\/d2\/talismany-skillery-barbarian\">Barbarian<\/a><\/li>\n<li><a href=\"https:\/\/www.diablofans.cz\/d2\/talismany-skillery-druid\">Druid<\/a><\/li>\n<li><a href=\"https:\/\/www.diablofans.cz\/d2\/talismany-skillery-necromancer\">Necromancer<\/a><\/li>\n<li><a href=\"https:\/\/www.diablofans.cz\/d2\/talismany-skillery-paladin\">Paladin<\/a><\/li>\n<li><a href=\"https:\/\/www.diablofans.cz\/d2\/talismany-skillery-sorceress\">Sorceress<\/a><\/li>\n<\/ul>\n<p>V\u00a0ka\u017ed\u00e9 kategorii jsou uvedeny jen ty talismany, kter\u00e9 se t\u00fdkaj\u00ed skill\u016f dan\u00e9 postavy. Jednotliv\u00e9 charmy lze kliknut\u00edm na jejich n\u00e1zev st\u00e1hnout ve form\u00e1tu .d2i. N\u00e1vod, jak vlo\u017eit talismany postav\u011b, \u010dt\u011bte v\u00a0sekci <a href=\"https:\/\/www.diablofans.cz\/d2\/editory-postav\">Editory postav<\/a>.<\/p>\n<p style=\"text-align:center\">&#8212;\u00a0\u2014 &#8212;\u00a0\u2014 &#8212;\u00a0\u2014 &#8212;\u00a0\u2014 &#8212;\u00a0\u2014 &#8212;\u00a0\u2014 &#8212;\u00a0\u2014 &#8212;\u00a0\u2014 &#8212;\u00a0\u2014 &#8212;\u00a0\u2014 &#8212;\u00a0\u2014\u00a0&#8212;<\/p>\n<p style=\"text-align:center\"><a href=\"https:\/\/www.diablofans.cz\/d2\/predmety-ostatni#charmy\">\u00ab Zp\u011bt do sekce Ostatn\u00ed p\u0159edm\u011bty.<\/a><\/p>\n<p> <!-- by Texy2! --><\/p>\n","protected":false},"excerpt":{"rendered":"<p>Skillery jsou talismany, neboli charmy, jejich\u017e vlastnosti vylep\u0161uj\u00ed\u00ed dovednosti postav. Skiller je takov\u00fd talisman, kter\u00fd vylep\u0161uje skupinu skill\u016f n\u011bjak\u00e9ho odv\u011btv\u00ed. Ka\u017ed\u00e1 postava m\u00e1 t\u0159i odv\u011btv\u00ed skill\u016f (skilll tree), proto jsou skillery pro lep\u0161\u00ed p\u0159ehlednost rozd\u011bleny do 7\u00a0kategori\u00ed: Amazon Assassin Barbarian Druid Necromancer Paladin Sorceress V\u00a0ka\u017ed\u00e9 kategorii jsou uvedeny jen ty talismany, kter\u00e9 se t\u00fdkaj\u00ed skill\u016f [&#8230;]<\/p>\n<p><a class=\"btn btn-secondary understrap-read-more-link\" href=\"https:\/\/www.diablofans.cz\/d2\/talismany-skillery\/\">\u010c\u00edst d\u00e1le&#8230;<span class=\"screen-reader-text\"> from Talismany &#8211; Skillery<\/span><\/a><\/p>\n","protected":false},"author":1,"featured_media":0,"parent":0,"menu_order":0,"comment_status":"open","ping_status":"open","template":"","meta":{"footnotes":""},"class_list":["post-3179","page","type-page","status-publish","hentry"],"_links":{"self":[{"href":"https:\/\/www.diablofans.cz\/d2\/wp-json\/wp\/v2\/pages\/3179","targetHints":{"allow":["GET"]}}],"collection":[{"href":"https:\/\/www.diablofans.cz\/d2\/wp-json\/wp\/v2\/pages"}],"about":[{"href":"https:\/\/www.diablofans.cz\/d2\/wp-json\/wp\/v2\/types\/page"}],"author":[{"embeddable":true,"href":"https:\/\/www.diablofans.cz\/d2\/wp-json\/wp\/v2\/users\/1"}],"replies":[{"embeddable":true,"href":"https:\/\/www.diablofans.cz\/d2\/wp-json\/wp\/v2\/comments?post=3179"}],"version-history":[{"count":0,"href":"https:\/\/www.diablofans.cz\/d2\/wp-json\/wp\/v2\/pages\/3179\/revisions"}],"wp:attachment":[{"href":"https:\/\/www.diablofans.cz\/d2\/wp-json\/wp\/v2\/media?parent=3179"}],"curies":[{"name":"wp","href":"https:\/\/api.w.org\/{rel}","templated":true}]}}