{"id":3194,"date":"2018-08-25T22:08:51","date_gmt":"2018-08-25T20:08:51","guid":{"rendered":"http:\/\/diablofans.ddev.site\/d2\/runova-slova-early\/"},"modified":"2023-08-30T12:48:35","modified_gmt":"2023-08-30T10:48:35","slug":"runova-slova-early","status":"publish","type":"page","link":"https:\/\/www.diablofans.cz\/d2\/runova-slova-early\/","title":{"rendered":"Runov\u00e1 slova v ran\u00fdch verz\u00edch"},"content":{"rendered":"<p>Fakt, \u017ee runy boli pridan\u00e9 do hry pr\u00edchodom datadisku (z\u00e1kladn\u00e1 verzia 1.07), nie je ni\u010d nezn\u00e1me. Ale to, \u017ee runov\u00e9 slov\u00e1 pri\u0161li do Diabla tie\u017e u\u017e vo verzii 1.07, je menej zn\u00e1ma vec. Blizzard o\u010dividne pl\u00e1noval tieto runov\u00e9 slov\u00e1 len pre Battle.net, ale nakoniec ostali pr\u00edstupn\u00e9 aj pre Single Player a taktie\u017e aj trochu zabudnut\u00e9.<\/p>\n<h3>Verzia 1.07<\/h3>\n<p>Obsahuje 22&nbsp;zauj\u00edmav\u00fdch runov\u00fdch slov, ktor\u00e9 funguj\u00fa na v\u0161etk\u00fdch hern\u00fdch m\u00f3doch. Hlavn\u00fdm probl\u00e9mom posklada\u0165 ich b\u00fdva v\u00e4\u010d\u0161inou len zl\u00e1 dostupnos\u0165 r\u00fan (hlavne vysok\u00fdch) v&nbsp;tejto verzii.<\/p>\n<p>Nasleduj\u00faci zoznam obsahuje v\u0161etky tieto runov\u00e9 slov\u00e1 aj s&nbsp;rozpisom ich vlastnost\u00ed a ostatn\u00fdmi potrebn\u00fdmi inform\u00e1ciami:<\/p>\n<div class=\"predmety\">\n<h3 class=\"nazevrw\">Ancient&#8217;s&nbsp;Pledge<\/h3>\n<div class=\"zaklady\">Ral + Ort + Tal<br \/>\n3&nbsp;Socket Shields<\/div>\n<div class=\"vlastnosti\">10% Damage Taken Goes To Mana<br \/>\n+50% Enhanced Defense<br \/>\nAll Resistances +43<\/div>\n<h3 class=\"nazevrw\">Armageddon<\/h3>\n<div class=\"zaklady\">Amn + Jo + Cham + Sol + Amn + Ith<br \/>\n6&nbsp;Socket Axes\/ Clubs\/ Polearms\/ Hammers<\/div>\n<div class=\"vlastnosti\">Slows Target by 25%Freezes Target<br \/>\n17% Life Stolen Per Hit<br \/>\n+185% Enhanced Damage<br \/>\n+300&nbsp;To Attack Rating<br \/>\n+9&nbsp;To Minimum Damage<br \/>\n+9&nbsp;To Maximum Damage<br \/>\nIncreased Attack Speed<\/div>\n<h3 class=\"nazevrw\">Authority<\/h3>\n<div class=\"zaklady\">Zod + Gul + Um<br \/>\n3&nbsp;Socket Helms<\/div>\n<div class=\"vlastnosti\">Indestructible+1&nbsp;To All Skill Levels<br \/>\n+150% Enhanced Defense<br \/>\n+3% To Maximum Poison Resistance<br \/>\nAll Resistances +15<br \/>\n+20&nbsp;To Strenght<\/div>\n<h3 class=\"nazevrw\">Beast<\/h3>\n<div class=\"zaklady\">Zod + Tir + Um + Mal + Lum<br \/>\n5&nbsp;Socket Axes\/ Clubs\/ Hammers<\/div>\n<div class=\"vlastnosti\">\nIndestructible<br \/>\n+2&nbsp;To Mana After Each Kill<br \/>\n25% Chance Of Crushing Blow<br \/>\n50% Chance Of Open Wounds<br \/>\n150% Damage To Undead<br \/>\n150% Damage To Demons<br \/>\nPrevent Monster Heal<br \/>\n+200% Enhanced Damage<br \/>\n+10&nbsp;To Energy<\/div>\n<h3 class=\"nazevrw\">Beauty<\/h3>\n<div class=\"zaklady\">\nEl + Ral + Eth<br \/>\n3&nbsp;Socket Helms<\/div>\n<div class=\"vlastnosti\">\nFaster Hit Recovery<br \/>\n+3&nbsp;To Light Radius<br \/>\nRegenerate Mana 15%<br \/>\nFire Resist +30%<br \/>\n+15&nbsp;Defense<br \/>\n50% Better Chance Of Getting Magic Items<\/div>\n<h3 class=\"nazevrw\">Black<\/h3>\n<div class=\"zaklady\">\nPo + Sol + Eld<br \/>\n3&nbsp;Socket Clubs\/ Hammers\/ Maces<\/div>\n<div class=\"vlastnosti\">\n+100&nbsp;To Attack Rating Against Undead<br \/>\n200% Damage To Undead<br \/>\n7% Life Stolen Per Hit<br \/>\n7% Mana Stolen Per Hit<br \/>\n+133% Enhanced Damage<br \/>\n+9&nbsp;To Minimum Damage<br \/>\n+10&nbsp;To Vitality<\/div>\n<h3 class=\"nazevrw\">Blood<\/h3>\n<div class=\"zaklady\">\nJo + Ber + El + Um<br \/>\n4&nbsp;Socket Spears\/ Axes\/ Swords<\/div>\n<div class=\"vlastnosti\">\nSlows Target By 25%<br \/>\n25% Deadly Strike<br \/>\n20% Chance Of Crushing Blow<br \/>\n100% Chance Of Open Wounds<br \/>\n+1&nbsp;To Light Radius<br \/>\n13% Life Stolen Per Hit<br \/>\n+175% Enhanced Damage<br \/>\n+50&nbsp;To Attack Rating<br \/>\n+13&nbsp;To Strenght<\/p>\n<\/div>\n<h3 class=\"nazevrw\">Bone<\/h3>\n<div class=\"zaklady\">\nLum + Eld<br \/>\n2&nbsp;Socket Spears<\/div>\n<div class=\"vlastnosti\">\n+250&nbsp;To Attack Rating Against Undead<br \/>\n250% Damage To Undead<br \/>\n9% Mana Stolen Per Hit<br \/>\n+180% Enhanced Damage<br \/>\n+10&nbsp;To Energy<br \/>\n+4&nbsp;To Poison And Bone Skills (Necromancer Only)<\/div>\n<h3 class=\"nazevrw\">Bramble<\/h3>\n<div class=\"zaklady\">\nEth + Ral<br \/>\n2&nbsp;Socket Body Armor<\/div>\n<div class=\"vlastnosti\">\nFast Run\/Walk<br \/>\n+47% Enhanced Defense<br \/>\nRegenerate Mana 15%<br \/>\nLightning Resist +33%<br \/>\nFire Resist +33%<\/div>\n<h3 class=\"nazevrw\">Brand<\/h3>\n<div class=\"zaklady\">\nEl + Hel + Ral + Ith<br \/>\n4&nbsp;Socket Scepters\/ Swords<\/div>\n<div class=\"vlastnosti\">\nRequirements&nbsp;\u201320%<br \/>\n+2&nbsp;To Light Radius<br \/>\n+100% Enhanced Damage<br \/>\nCold Resist +35%<br \/>\nAdds 15\u201360 Fire Damage<br \/>\n+50&nbsp;To Attack Rating<br \/>\n+9&nbsp;To Maximum Damage<\/div>\n<h3 class=\"nazevrw\">Breath of the Dying<\/h3>\n<div class=\"zaklady\">\nJo + Tal + Ist + Lo + Ort + Lem<br \/>\n6&nbsp;Socket Weapons<\/div>\n<div class=\"vlastnosti\">\nSlows Target By 25%<br \/>\n20% Deadly Strike<br \/>\n+5&nbsp;To Mana After Each Kill<br \/>\n+100% Enhanced Damage<br \/>\n+20&nbsp;Poison Damage Over 1&nbsp;Second<br \/>\nAdds 9\u201315 Cold Damage<br \/>\nAdds 1\u201350 Lightning Damage<br \/>\n30% Better Chance Of Getting Magic Items<br \/>\n75% Extra Gold From Monsters<\/div>\n<h3 class=\"nazevrw\">Broken Promise<\/h3>\n<div class=\"zaklady\">\nTal + Ohm + Dol<br \/>\n3&nbsp;Socket Weapons<\/div>\n<div class=\"vlastnosti\">\nHit Causes Monster To Flee 25%<br \/>\n+75% Enhanced Damage<br \/>\nAdds 20\u201339 Poison Damage Over 1&nbsp;Second<br \/>\nAdds 6\u201311 Cold Damage<br \/>\n+250&nbsp;To Attack Rating<\/div>\n<h3 class=\"nazevrw\">Call to Arms<\/h3>\n<div class=\"zaklady\">\nThul + Ith + Thul + Mal<br \/>\n4&nbsp;Socket Weapons<\/div>\n<div class=\"vlastnosti\">\nPrevent Monster Heal<br \/>\n+77% Enhanced Damage<br \/>\nAdds 6\u201328 Cold Damage, 3&nbsp;sec. Duration (Normal)<br \/>\n+200&nbsp;Defense<br \/>\n+200&nbsp;To Attack Rating<br \/>\n+9&nbsp;To Maximum Damage<br \/>\n+15&nbsp;To Dexterity<br \/>\nAttacker Takes Damage Of 21<\/div>\n<h3 class=\"nazevrw\">Chains of Honor<\/h3>\n<div class=\"zaklady\">\nTir + Amn + El + Ort<br \/>\n4&nbsp;Socket Body Armor<\/div>\n<div class=\"vlastnosti\">\n+2&nbsp;To Mana After Each Kill<br \/>\nFastest Hit Recovery<br \/>\n+1&nbsp;To Light Radius<br \/>\n+70% Enhanced Defense<br \/>\nLightning Resist +30%<br \/>\n+15&nbsp;Defense<br \/>\n+30&nbsp;To Life<br \/>\nAttacker Takes Damage Of 14<br \/>\n+2&nbsp;To Defensive Auras (Paladin Only)<\/div>\n<h3 class=\"nazevrw\">Chance<\/h3>\n<div class=\"zaklady\">\nLo + Ral<br \/>\n2&nbsp;Socket Weapons<\/div>\n<div class=\"vlastnosti\">\n20% Deadly Strike<br \/>\nHit Blinds Target<br \/>\n+42% Enhanced Damage<br \/>\nAdds 5\u201330 Fire Damage<br \/>\n50% Better Chance Of Getting Magic Items<br \/>\n100% Extra Gold From Monsters<\/div>\n<h3 class=\"nazevrw\">Chaos<\/h3>\n<div class=\"zaklady\">\nSur + Ort + Eld + Shae<br \/>\n4&nbsp;Socket Body Armor<\/div>\n<div class=\"vlastnosti\">\n50% Chance To Cast Level 7&nbsp;Charged Bolt When Struck<br \/>\n15% Slower Stamina Drain<br \/>\nFaster Hit Recovery<br \/>\n+80% Enhanced Defense<br \/>\nIncrease Maximum Mana 5%<br \/>\nLightning Resist +30%<br \/>\nFire Resist +30%<br \/>\n+15&nbsp;To Strenght<\/div>\n<h3 class=\"nazevrw\">Crescent Moon<\/h3>\n<div class=\"zaklady\">\nEld + Hel + Um<br \/>\n3&nbsp;Socket Axes\/ Swords\/ Polearms<\/div>\n<div class=\"vlastnosti\">\n25% Chance Of Open Wounds<br \/>\n+50&nbsp;To Attack Rating Against Undead<br \/>\n175% Damage To Undead<br \/>\n20% Bonus To Attack Rating<br \/>\nRequirements&nbsp;\u201320%<br \/>\n7% Mana Stolen Per Hit<br \/>\n+100% Enhanced Damage<br \/>\nGreatly Increased Attack Speed<\/div>\n<h3 class=\"nazevrw\">Darkness<\/h3>\n<div class=\"zaklady\">\nTal + Amn + Gul + Nef + Thul<br \/>\n5&nbsp;Socket Melee Weapons<\/div>\n<div class=\"vlastnosti\">\n20% Bonus To Attack Rating<br \/>\nHit Blinds Target<br \/>\n10% Life Stolen Per Hit<br \/>\n+120% Enhanced Damage<br \/>\n+20&nbsp;Poison Damage Over 1&nbsp;Second<br \/>\nAdds 3\u201314 Cold Damage, 3&nbsp;sec. Duration (Normal)<br \/>\nKnockback<\/div>\n<h3 class=\"nazevrw\">Daylight<\/h3>\n<div class=\"zaklady\">\nAmn + Tir + Jo<br \/>\n3&nbsp;Socket Melee Weapons<\/div>\n<div class=\"vlastnosti\">\nSlows Target By 25%<br \/>\n+2&nbsp;To Mana After Each Kill<br \/>\n+3&nbsp;To Light Radius<br \/>\n7% Life Stolen Per Hit<br \/>\n3% Mana Stolen Per Hit<br \/>\n+120% Enhanced Damage<br \/>\nAdds 33\u201399 Fire Damage<\/div>\n<h3 class=\"nazevrw\">Death<\/h3>\n<div class=\"zaklady\">\nDol + Lem + Nef + Tal + Eth<br \/>\n5&nbsp;Socket Weapons<\/div>\n<div class=\"vlastnosti\">\n33% Deadly Strike<br \/>\nPrevent Monster Heal<br \/>\n\u201325% Target Defense<br \/>\nHit Causes Monster To Flee 25%<br \/>\n5% Life Stolen Per Hit<br \/>\n+133% Enhanced Damage<br \/>\n+78&nbsp;Poison Damage Over 2&nbsp;Seconds<br \/>\nKnockback<br \/>\n75% Extra Gold From Monsters<\/div>\n<h3 class=\"nazevrw\">Deception<\/h3>\n<div class=\"zaklady\">\nKo + Dol + Eth<br \/>\n3&nbsp;Socket Daggers<\/div>\n<div class=\"vlastnosti\">\nSlows Target By 50%<br \/>\n\u201325% Target Defense<br \/>\nIgnore Target&#8217;s&nbsp;Defense<br \/>\nHit Causes Monster To Flee 25%<br \/>\n10% Mana Stolen Per Hit<br \/>\n+199% Enhanced Damage<br \/>\n+20&nbsp;Poison Damage Over 4&nbsp;Seconds<br \/>\n+10&nbsp;To Dexterity<\/div>\n<h3 class=\"nazevrw\">Delirium<\/h3>\n<div class=\"zaklady\">\nLem + Ort + Po<br \/>\n3&nbsp;Socket Helms<\/div>\n<div class=\"vlastnosti\">\n+77% Enhanced Defense<br \/>\nDrain Life&nbsp;\u20133<br \/>\nPoison Resist +66%<br \/>\nCold Resist +44%<br \/>\nLightning Resist +33%<br \/>\nFire Resist +55%<br \/>\n+10&nbsp;To Vitality<br \/>\n50% Extra Gold From Monsters<\/div>\n<\/div>\n<p style=\"text-align: center;\"><sub><a href=\"#nahoru\">\u25b2 Nahoru \u25b2<\/a><\/sub><\/p>\n<p style=\"text-align: center;\">&#8212;&nbsp;\u2014 &#8212;&nbsp;\u2014 &#8212;&nbsp;\u2014 &#8212;&nbsp;\u2014 &#8212;&nbsp;\u2014 &#8212;&nbsp;\u2014 &#8212;&nbsp;\u2014 &#8212;&nbsp;\u2014 &#8212;&nbsp;\u2014 &#8212;&nbsp;\u2014 &#8212;&nbsp;\u2014&nbsp;&#8212;<\/p>\n<h3>Verzia 1.08<\/h3>\n<p>V&nbsp;tejto verzii je funk\u010dn\u00e9 len jedin\u00e9 runov\u00e9 slovo a je n\u00edm <strong><span style=\"color: #908858;\">Ancient&#8217;s&nbsp;Pledge<\/span><\/strong>. Vlastnos\u0165ami, potrebn\u00fdmi runami a ich porad\u00edm ako aj vy\u017eadovan\u00fdm predmetom je \u00faplne zhodn\u00e9 ako to z&nbsp;1.07.&nbsp;Taktie\u017e je dostupn\u00e9 vo v\u0161etk\u00fdch m\u00f3doch&nbsp;hry.<\/p>\n<p style=\"text-align: center;\">&#8212;&nbsp;\u2014 &#8212;&nbsp;\u2014 &#8212;&nbsp;\u2014 &#8212;&nbsp;\u2014 &#8212;&nbsp;\u2014 &#8212;&nbsp;\u2014 &#8212;&nbsp;\u2014 &#8212;&nbsp;\u2014 &#8212;&nbsp;\u2014 &#8212;&nbsp;\u2014 &#8212;&nbsp;\u2014&nbsp;&#8212;<\/p>\n<h4>U\u017eito\u010dn\u00e9 fakty<\/h4>\n<ul>\n<li>v&nbsp;t\u00fdchto verzi\u00e1ch mali tri runy rozdielne n\u00e1zvy: Shael sa volal <strong>Shae<\/strong>, Io mal n\u00e1zov <strong>Po<\/strong> a Jah bol <strong>Jo<\/strong>.<\/li>\n<li>po vlo\u017een\u00ed runy Po do predmetu sa jej n\u00e1zov zmen\u00ed u\u017e na s\u00fa\u010dasn\u00fd&nbsp;Io.<\/li>\n<li>runov\u00e9 slovo Delirium sa v&nbsp;hre zobrazuje s&nbsp;preklepom ako \u201eDelerium\u201c.<\/li>\n<li>runov\u00e9 slov\u00e1 v&nbsp;t\u00fdchto verzi\u00e1ch nezobrazuj\u00fa n\u00e1zov predmetu, do ktor\u00e9ho boli vytvoren\u00e9.<\/li>\n<li>niektor\u00e9 tieto runov\u00e9 slov\u00e1 maj\u00fa rovnak\u00e9 n\u00e1zvy ako s\u00fa\u010dasn\u00e9, ale to je \u010dasto jedin\u00e1 vec, ktor\u00fa maj\u00fa navz\u00e1jom spolo\u010dn\u00fa.<\/li>\n<\/ul>\n<h4>Odli\u0161nosti vo vlastnostiach<\/h4>\n<ul>\n<li>vlastnosti t\u00fdkaj\u00face sa r\u00fdchlosti neboli zobrazovan\u00e9 v&nbsp;percent\u00e1ch, existovali len tri druhy \u00farovn\u00ed ozna\u010den\u00e9 slovami:<br \/>\n&#8211; Fast, Faster a Fastest&nbsp;\u2013 vlastnosti ako Run\/Walk Speed, Hit Recovery alebo Block Rate<br \/>\n&#8211; Slightly Increased, Increased a Greatly Increased&nbsp;\u2013 Attack Speed alebo Chance of Blocking Interne v\u0161ak hra po\u010d\u00edtala s&nbsp;percentami rovnako ako v&nbsp;nov\u0161\u00edch verzi\u00e1ch, preto dva predmety s&nbsp;rovnakou \u00farov\u0148ou mohli d\u00e1va\u0165 rozdielny bonus. Tieto n\u00e1zvy \u00farovn\u00ed vlastne ozna\u010dovali intervaly skryt\u00fdch percentu\u00e1lnych hodn\u00f4t.<\/li>\n<\/ul>\n<ul>\n<li>vlastnosti Hit Freezes Target a Hit Blinds Target nepou\u017e\u00edvali \u017eiadny bonus z&nbsp;predmetov (napr. +3) do v\u00fdpo\u010dtu, inak povedan\u00e9 bu\u010f predmet dan\u00fa vlastnos\u0165 mal alebo&nbsp;nie.<\/li>\n<\/ul>\n<ul>\n<li>vlastnos\u0165 Enhanced Damage To Undead (Demons) bola zobrazovan\u00e1 v&nbsp;celkov\u00fdch percentu\u00e1lnych hodnot\u00e1ch, nie ako pr\u00edrastok (napr. ak mala zbra\u0148 +50% Enhanced Damage To Undead, v&nbsp;hre sa to zobrazilo ako 150% bez znamienka).<\/li>\n<\/ul>\n<h4>Rozdiely v&nbsp;run\u00e1ch<\/h4>\n<table style=\"text-align: center;\">\n<thead>\n<tr>\n<th>N\u00e1zov<\/th>\n<th>1.07<\/th>\n<th>1.08<\/th>\n<th>1.13<\/th>\n<\/tr>\n<\/thead>\n<tbody>\n<tr>\n<td>Eld<\/td>\n<td>Increased Chance of Blocking (\u0161t\u00edty)<\/td>\n<td>Increased Chance of Blocking (\u0161t\u00edty)<\/td>\n<td>7% Increased Chance of Blocking (\u0161t\u00edty)<\/td>\n<\/tr>\n<tr>\n<td rowspan=\"2\">Tal<\/td>\n<td>+20&nbsp;Poison Damage Over 1&nbsp;Second (zbrane)<\/td>\n<td>+20&nbsp;Poison Damage Over 1&nbsp;Second (zbrane)<\/td>\n<td>+75&nbsp;Poison Damage Over 5&nbsp;Seconds (zbrane)<\/td>\n<\/tr>\n<tr>\n<td>Poison Resist +30% (\u0161t\u00edty)<\/td>\n<td>Poison Resist +30% (\u0161t\u00edty)<\/td>\n<td>Poison Resist +35% (\u0161t\u00edty)<\/td>\n<\/tr>\n<tr>\n<td>Ral<\/td>\n<td>Fire Resist +30% (\u0161t\u00edty)<\/td>\n<td>Fire Resist +30% (\u0161t\u00edty)<\/td>\n<td>Fire Resist +35% (\u0161t\u00edty)<\/td>\n<\/tr>\n<tr>\n<td>Ort<\/td>\n<td>Lightning Resist +30% (\u0161t\u00edty)<\/td>\n<td>Lightning Resist +30% (\u0161t\u00edty)<\/td>\n<td>Lightning Resist +35% (\u0161t\u00edty)<\/td>\n<\/tr>\n<tr>\n<td>Thul<\/td>\n<td>Cold Resist +30% (\u0161t\u00edty)<\/td>\n<td>Cold Resist +30% (\u0161t\u00edty)<\/td>\n<td>Cold Resist +35% (\u0161t\u00edty)<\/td>\n<\/tr>\n<tr>\n<td rowspan=\"3\">Shae\/Shael<\/td>\n<td>Increased Attack Speed (zbrane)<\/td>\n<td>Increased Attack Speed (zbrane)<\/td>\n<td>20% Increased Attack Speed (zbrane)<\/td>\n<\/tr>\n<tr>\n<td>Faster Hit Recovery (brnenie a helmy)<\/td>\n<td>Faster Hit Recovery (brnenie a helmy)<\/td>\n<td>20% Faster Hit Recovery (brnenie a helmy)<\/td>\n<\/tr>\n<tr>\n<td>Faster Block Rate (\u0161t\u00edty)<\/td>\n<td>Faster Block Rate (\u0161t\u00edty)<\/td>\n<td>20% Faster Block Rate (\u0161t\u00edty)<\/td>\n<\/tr>\n<tr>\n<td rowspan=\"2\">Um<\/td>\n<td>All Resistances +10 (brnenia a helmy)<\/td>\n<td>All Resistances +15 (brnenia a helmy)<\/td>\n<td>All Resistances +15 (brnenia a helmy)<\/td>\n<\/tr>\n<tr>\n<td>All Resistances +20 (\u0161t\u00edty)<\/td>\n<td>All Resistances +22 (\u0161t\u00edty)<\/td>\n<td>All Resistances +22 (\u0161t\u00edty)<\/td>\n<\/tr>\n<tr>\n<td>Gul<\/td>\n<td>3% To Maximum Poison Resist<br \/>\n(brnenia, helmy, \u0161t\u00edty)<\/td>\n<td>5% To Maximum Poison Resist<br \/>\n(brnenia, helmy, \u0161t\u00edty)<\/td>\n<td>5% To Maximum Poison Resist<br \/>\n(brnenia, helmy, \u0161t\u00edty)<\/td>\n<\/tr>\n<tr>\n<td>Vex<\/td>\n<td>3% To Maximum Fire Resist<br \/>\n(brnenia, helmy, \u0161t\u00edty)<\/td>\n<td>5% To Maximum Fire Resist<br \/>\n(brnenia, helmy, \u0161t\u00edty)<\/td>\n<td>5% To Maximum Fire Resist<br \/>\n(brnenia, helmy, \u0161t\u00edty)<\/td>\n<\/tr>\n<tr>\n<td>Ohm<\/td>\n<td>3% To Maximum Cold Resist<br \/>\n(brnenia, helmy, \u0161t\u00edty)<\/td>\n<td>5% To Maximum Cold Resist<br \/>\n(brnenia, helmy, \u0161t\u00edty)<\/td>\n<td>5% To Maximum Cold Resist<br \/>\n(brnenia, helmy, \u0161t\u00edty)<\/td>\n<\/tr>\n<tr>\n<td>Lo<\/td>\n<td>3% To Maximum Lightning Resist<br \/>\n(brnenia, helmy,&nbsp;\u0161t\u00edty)<\/td>\n<td>5% To Maximum Lightning Resist<br \/>\n(brnenia, helmy,&nbsp;\u0161t\u00edty)<\/td>\n<td>5% To Maximum Lightning Resist<br \/>\n(brnenia, helmy,&nbsp;\u0161t\u00edty)<\/td>\n<\/tr>\n<tr>\n<td>Jo\/Jah<\/td>\n<td>Slows Target By 25%<\/td>\n<td>Freezes Target<\/td>\n<td>Ignore Target&#8217;s&nbsp;Defense<\/td>\n<\/tr>\n<tr>\n<td>Cham<\/td>\n<td>Freezes Target<\/td>\n<td>Ignore Target&#8217;s&nbsp;Defense<\/td>\n<td>Freezes Target +3<\/td>\n<\/tr>\n<\/tbody>\n<\/table>\n<h4>Download<\/h4>\n<p>Ke\u010f\u017ee ide o&nbsp;star\u00fa verziu hry a m\u00e1lo zn\u00e1me runov\u00e9 slov\u00e1, s&nbsp;t\u00fdmito predmetmi by si zrejme neporadil \u017eiadny z&nbsp;editorov dostupn\u00fdch na tomto webe. Preto arch\u00edv obsahuje tri mule postavy, na ktor\u00fdch n\u00e1jdete v\u0161etky runov\u00e9 slov\u00e1 z&nbsp;<strong>verzie 1.07<\/strong>. Pokia\u013e by ste mali z\u00e1ujem ich da\u0165 va\u0161ej postave, najbezpe\u010dnej\u0161\u00ed sp\u00f4sob bude trade cez TCP\/IP&nbsp;hru.<\/p>\n<p style=\"margin-bottom: 20px;\"><a href=\"files\/predmety\/rws-1-07.rar\">Stiahnu\u0165 runov\u00e9 slov\u00e1 na 1.07<\/a><\/p>\n<p style=\"text-align: center;\">&#8212;&nbsp;\u2014 &#8212;&nbsp;\u2014 &#8212;&nbsp;\u2014 &#8212;&nbsp;\u2014 &#8212;&nbsp;\u2014 &#8212;&nbsp;\u2014 &#8212;&nbsp;\u2014 &#8212;&nbsp;\u2014 &#8212;&nbsp;\u2014 &#8212;&nbsp;\u2014 &#8212;&nbsp;\u2014&nbsp;&#8212;<\/p>\n<p style=\"text-align: center;\"><a href=\"https:\/\/www.diablofans.cz\/d2\/specialni-predmety#runovaslova\">\u00ab Zp\u011bt do sekce Speci\u00e1ln\u00ed p\u0159edm\u011bty.<\/a><\/p>\n<p><!-- by Texy2! --><\/p>\n","protected":false},"excerpt":{"rendered":"<p>Fakt, \u017ee runy boli pridan\u00e9 do hry pr\u00edchodom datadisku (z\u00e1kladn\u00e1 verzia 1.07), nie je ni\u010d nezn\u00e1me. Ale to, \u017ee runov\u00e9 slov\u00e1 pri\u0161li do Diabla tie\u017e u\u017e vo verzii 1.07, je menej zn\u00e1ma vec. Blizzard o\u010dividne pl\u00e1noval tieto runov\u00e9 slov\u00e1 len pre Battle.net, ale nakoniec ostali pr\u00edstupn\u00e9 aj pre Single Player a taktie\u017e aj trochu zabudnut\u00e9. [&#8230;]<\/p>\n<p><a class=\"btn btn-secondary understrap-read-more-link\" href=\"https:\/\/www.diablofans.cz\/d2\/runova-slova-early\/\">\u010c\u00edst d\u00e1le&#8230;<span class=\"screen-reader-text\"> from Runov\u00e1 slova v ran\u00fdch verz\u00edch<\/span><\/a><\/p>\n","protected":false},"author":1,"featured_media":0,"parent":0,"menu_order":0,"comment_status":"open","ping_status":"open","template":"","meta":{"footnotes":""},"class_list":["post-3194","page","type-page","status-publish","hentry"],"_links":{"self":[{"href":"https:\/\/www.diablofans.cz\/d2\/wp-json\/wp\/v2\/pages\/3194","targetHints":{"allow":["GET"]}}],"collection":[{"href":"https:\/\/www.diablofans.cz\/d2\/wp-json\/wp\/v2\/pages"}],"about":[{"href":"https:\/\/www.diablofans.cz\/d2\/wp-json\/wp\/v2\/types\/page"}],"author":[{"embeddable":true,"href":"https:\/\/www.diablofans.cz\/d2\/wp-json\/wp\/v2\/users\/1"}],"replies":[{"embeddable":true,"href":"https:\/\/www.diablofans.cz\/d2\/wp-json\/wp\/v2\/comments?post=3194"}],"version-history":[{"count":1,"href":"https:\/\/www.diablofans.cz\/d2\/wp-json\/wp\/v2\/pages\/3194\/revisions"}],"predecessor-version":[{"id":4818,"href":"https:\/\/www.diablofans.cz\/d2\/wp-json\/wp\/v2\/pages\/3194\/revisions\/4818"}],"wp:attachment":[{"href":"https:\/\/www.diablofans.cz\/d2\/wp-json\/wp\/v2\/media?parent=3194"}],"curies":[{"name":"wp","href":"https:\/\/api.w.org\/{rel}","templated":true}]}}