{"id":3274,"date":"2018-08-25T22:08:55","date_gmt":"2018-08-25T20:08:55","guid":{"rendered":"http:\/\/diablofans.ddev.site\/d2\/herni-postavy-sorceress-skilly-lightning-spells-static-field\/"},"modified":"2018-08-25T22:08:55","modified_gmt":"2018-08-25T20:08:55","slug":"herni-postavy-sorceress-skilly-lightning-spells-static-field","status":"publish","type":"page","link":"https:\/\/www.diablofans.cz\/d2\/herni-postavy-sorceress-skilly-lightning-spells-static-field\/","title":{"rendered":"Sorceress &#8211; Skilly &#8211; Lightning Spells &#8211; Static Field"},"content":{"rendered":"\n<div class=\"skilly\">\n<p style=\"text-align:center\"><a href=\"https:\/\/www.diablofans.cz\/d2\/herni-postavy-assassin\">Sorceress<\/a>\u00a0\u2013 <a href=\"https:\/\/www.diablofans.cz\/d2\/herni-postavy-sorceress-skilly-cold-spells\">Cold Spells<\/a>\u00a0\u2013 <strong><a href=\"https:\/\/www.diablofans.cz\/d2\/herni-postavy-sorceress-skilly-lightning-spells\">Lightning Spells<\/a><\/strong>\u00a0\u2013 <a href=\"https:\/\/www.diablofans.cz\/d2\/herni-postavy-sorceress-skilly-fire-spells\">Fire\u00a0Spells<\/a><\/p>\n<div style=\"float: right; width: 150px; \">\n<table>\n<tbody>\n<tr>\n<td><a href=\"https:\/\/www.diablofans.cz\/d2\/herni-postavy-sorceress-skilly-lightning-spells-charged-bolt\">Charged Bolt<\/a><\/td>\n<\/tr>\n<tr>\n<td><strong><a href=\"https:\/\/www.diablofans.cz\/d2\/herni-postavy-sorceress-skilly-lightning-spells-static-field\">Static Field<\/a><\/strong><\/td>\n<\/tr>\n<tr>\n<td><a href=\"https:\/\/www.diablofans.cz\/d2\/herni-postavy-sorceress-skilly-lightning-spells-telekinesis\">Telekinesis<\/a><\/td>\n<\/tr>\n<tr>\n<td><a href=\"https:\/\/www.diablofans.cz\/d2\/herni-postavy-sorceress-skilly-lightning-spells-nova\">Nova<\/a><\/td>\n<\/tr>\n<tr>\n<td><a href=\"https:\/\/www.diablofans.cz\/d2\/herni-postavy-sorceress-skilly-lightning-spells-lightning\">Lightning<\/a><\/td>\n<\/tr>\n<tr>\n<td><a href=\"https:\/\/www.diablofans.cz\/d2\/herni-postavy-sorceress-skilly-lightning-spells-chain-lightning\">Chain Lightning<\/a><\/td>\n<\/tr>\n<tr>\n<td><a href=\"https:\/\/www.diablofans.cz\/d2\/herni-postavy-sorceress-skilly-lightning-spells-teleport\">Teleport<\/a><\/td>\n<\/tr>\n<tr>\n<td><a href=\"https:\/\/www.diablofans.cz\/d2\/herni-postavy-sorceress-skilly-lightning-spells-thunder-storm\">Thunder Storm<\/a><\/td>\n<\/tr>\n<tr>\n<td><a href=\"https:\/\/www.diablofans.cz\/d2\/herni-postavy-sorceress-skilly-lightning-spells-energy-shield\">Energy Shield<\/a><\/td>\n<\/tr>\n<tr>\n<td><a href=\"https:\/\/www.diablofans.cz\/d2\/herni-postavy-sorceress-skilly-lightning-spells-lightning-mastery\">Lightning Mastery<\/a><\/td>\n<\/tr>\n<\/tbody>\n<\/table><\/div>\n<h3 style=\"clear:none\">Static Field<\/h3>\n<div><img loading=\"lazy\" decoding=\"async\" src=\"https:\/\/www.diablofans.cz\/d2\/wp-content\/uploads\/2018\/08\/staticfield.jpg\" alt=\"Static Field\" class=\"img-left\" width=\"48\" height=\"48\" \/><\/div>\n<ul>\n<li>Pot\u0159ebn\u00fd level: 6<\/li>\n<li>Pot\u0159ebn\u00e9 skilly: \u017e\u00e1dn\u00e9<\/li>\n<li>Typ: Plo\u0161n\u00e9 procentn\u00ed \u0161kody<\/li>\n<li>Lev\u00e9 tla\u010d\u00edtko: Ne<\/li>\n<\/ul>\n<p>Statick\u00e9 pole pat\u0159\u00ed mezi nejd\u016fle\u017eit\u011bj\u0161\u00ed dovednosti ka\u017ed\u00e9 \u010darod\u011bjky. V\u0161em nep\u0159\u00e1tel\u016fm v\u00a0dosahu toti\u017e ubere 25\u00a0% \u017eivota, \u010d\u00edm\u017e se st\u00e1v\u00e1 vyhled\u00e1van\u00fdm v\u00a0moment\u011b, kdy je pot\u0159eba se rychle zbavit siln\u00e9ho protivn\u00edka. Obzvl\u00e1\u0161t\u011b \u00fa\u010dinn\u00e9 je v\u00a0boji s\u00a0akt bossy. Po oslaben\u00ed nep\u0159\u00edtele je nutn\u00e9 nep\u0159\u00edtele dorazit jinou dovednost\u00ed nebo \u00fatokem, nebo\u0165 statick\u00e9 pole nen\u00ed schopn\u00e9 zab\u00edjet.<\/p>\n<p>Samoz\u0159ejmost\u00ed je, \u017ee tento skill nen\u00ed takto \u00fa\u010dinn\u00fd za v\u0161ech okolnost\u00ed\u00a0\u2013 viz\u00a0n\u00ed\u017ee.<\/p>\n<h3>Tabulka<\/h3>\n<table>\n<thead>\n<tr>\n<th style=\"width:100px\">\u00darovn\u011b<\/th>\n<th style=\"width:40px\">1<\/th>\n<th style=\"width:40px\">2<\/th>\n<th style=\"width:40px\">3<\/th>\n<th style=\"width:40px\">4<\/th>\n<th style=\"width:40px\">5<\/th>\n<th style=\"width:40px\">6<\/th>\n<th style=\"width:40px\">7<\/th>\n<th style=\"width:40px\">8<\/th>\n<th style=\"width:40px\">9<\/th>\n<th style=\"width:40px\">10<\/th>\n<\/tr>\n<\/thead>\n<tbody>\n<tr>\n<td>Dosah (y)<\/td>\n<td>3,3<\/td>\n<td>4<\/td>\n<td>4,6<\/td>\n<td>5,3<\/td>\n<td>6<\/td>\n<td>6,6<\/td>\n<td>7,3<\/td>\n<td>8<\/td>\n<td>8,6<\/td>\n<td>9,3<\/td>\n<\/tr>\n<tr>\n<th>\u00darovn\u011b<\/th>\n<th>11<\/th>\n<th>12<\/th>\n<th>13<\/th>\n<th>14<\/th>\n<th>15<\/th>\n<th>16<\/th>\n<th>17<\/th>\n<th>18<\/th>\n<th>19<\/th>\n<th>20<\/th>\n<\/tr>\n<tr>\n<td>Dosah (y)<\/td>\n<td>10<\/td>\n<td>10,6<\/td>\n<td>11,3<\/td>\n<td>12<\/td>\n<td>12,6<\/td>\n<td>13,3<\/td>\n<td>14<\/td>\n<td>14,6<\/td>\n<td>15,3<\/td>\n<td>16<\/td>\n<\/tr>\n<\/tbody>\n<\/table>\n<table>\n<thead>\n<tr>\n<th style=\"width:100px\">\u00darovn\u011b<\/th>\n<th style=\"width:40px\">21<\/th>\n<th style=\"width:40px\">22<\/th>\n<th style=\"width:40px\">23<\/th>\n<th style=\"width:40px\">24<\/th>\n<th style=\"width:40px\">25<\/th>\n<th style=\"width:40px\">26<\/th>\n<th style=\"width:40px\">27<\/th>\n<th style=\"width:40px\">28<\/th>\n<th style=\"width:40px\">29<\/th>\n<th style=\"width:40px\">30<\/th>\n<\/tr>\n<\/thead>\n<tbody>\n<tr>\n<td>Dosah (y)<\/td>\n<td>16,6<\/td>\n<td>17,3<\/td>\n<td>18<\/td>\n<td>18,6<\/td>\n<td>19,3<\/td>\n<td>20<\/td>\n<td>20,6<\/td>\n<td>21,3<\/td>\n<td>22<\/td>\n<td>22,6<\/td>\n<\/tr>\n<tr>\n<th>\u00darovn\u011b<\/th>\n<th>31<\/th>\n<th>32<\/th>\n<th>33<\/th>\n<th>34<\/th>\n<th>35<\/th>\n<th>36<\/th>\n<th>37<\/th>\n<th>38<\/th>\n<th>39<\/th>\n<th>40<\/th>\n<\/tr>\n<tr>\n<td>Dosah (y)<\/td>\n<td>23,3<\/td>\n<td>24<\/td>\n<td>24,6<\/td>\n<td>25,3<\/td>\n<td>26<\/td>\n<td>26,6<\/td>\n<td>27,3<\/td>\n<td>28<\/td>\n<td>28,6<\/td>\n<td>29,3<\/td>\n<\/tr>\n<\/tbody>\n<\/table>\n<p>Nep\u0159\u00e1tel\u016fm v\u00a0dosahu sn\u00ed\u017e\u00ed aktu\u00e1ln\u00ed \u017eivoty o\u00a025\u00a0%. V\u00a0re\u00e1lu to znamen\u00e1, \u017ee nepo\u0161kozen\u00e9mu oponentovi o\u00a01000\u00a0\u017eivotech a \u017e\u00e1dn\u00fdch rezistenc\u00ed sn\u00ed\u017e\u00ed na 750.\u00a0Druh\u00fd z\u00e1sah sn\u00ed\u017e\u00ed \u017eivot na 563, t\u0159et\u00ed na 422, \u010dtvrt\u00fd na 316,\u00a0atd.<\/p>\n<p>Na obt\u00ed\u017enosti Nightmare nelze t\u00edmto skillem sn\u00ed\u017eit \u017eivot na m\u00e9n\u011b jak 33\u00a0%. Na Hellu je toto omezen\u00ed zv\u00fd\u0161eno na a\u017e 50\u00a0%. Animace ud\u011blen\u00ed \u0161kody nebude zobrazena na t\u011bch, kter\u00fdm ji\u017e statick\u00e9 pole nem\u016f\u017ee ub\u00edrat \u017eivoty.<\/p>\n<p>Bonus ze skillu <a href=\"https:\/\/www.diablofans.cz\/d2\/herni-postavy-sorceress-skilly-lightning-spells-lightning-mastery\">Lightning Mastery<\/a> nebo bonus k\u00a0bleskov\u00fdm \u0161kod\u00e1m skill\u016f z\u00a0p\u0159edm\u011bt\u016f nem\u00e1 na \u00fa\u010dinky statick\u00e9ho pole\u00a0vliv.<\/p>\n<p>Pokud je c\u00edl imunn\u00ed v\u016f\u010di blesk\u016fm, nem\u00e1 statick\u00e9 pole \u017e\u00e1dn\u00fd \u00fa\u010dinek. \u010caste\u010dn\u00e9 odolnosti v\u016f\u010di blesk\u016fm \u00fa\u010dinek pole mohou zna\u010dn\u011b sn\u00ed\u017eit. T\u0159eba monstru s\u00a050% odolnost\u00ed v\u016f\u010di blesk\u016fm neubere z\u00e1sah 25\u00a0% \u017eivota, ale pouze 12,5\u00a0%.<\/p>\n<p>Skilly <a href=\"https:\/\/www.diablofans.cz\/d2\/herni-postavy-necromancer-skilly-curses-lower-resist\">Lower Resist<\/a> a <a href=\"https:\/\/www.diablofans.cz\/d2\/herni-postavy-paladin-skilly-offensive-auras-conviction\">Conviction<\/a> v\u0161ak mohou nep\u0159\u00edteli odstranit jeho schopnost odol\u00e1vat. Nicm\u00e9n\u011b z\u00e1porn\u00e9 rezistence z\u00a0t\u011bchto dvou skill\u016f nezv\u00fd\u0161\u00ed \u00fa\u010dinek statick\u00e9ho pole nad 25\u00a0%.<\/p>\n<p>Pokud je v\u0161ak k\u00a0vynulovan\u00fdm rezistenc\u00edm aplikov\u00e1no -% Enemy Lightning Resistance z\u00a0p\u0159edm\u011bt\u016f, <span style=\"color: #f0f000;\">zv\u00fd\u0161\u00ed z\u00e1porn\u00e9 rezistence nep\u0159\u00edtele z\u00a0t\u00e9to vlastnosti \u0161kodu statick\u00e9ho pole. Pokud se nep\u0159\u00edteli s\u00a0vynulovan\u00fdmi rezistencemi aplikuje tato polo\u017eka nas\u010d\u00edtan\u00e1 na a\u017e 100%, jsou ud\u011blen\u00e9 plo\u0161n\u00e9 \u0161kody ne 25\u00a0% \u017eivota, ale a\u017e <strong><span style=\"color: #f0f000;\">50\u00a0%!!<\/span><\/strong><\/span><\/p>\n<h3>V\u00fdpo\u010dty<\/h3>\n<ul>\n<li>Dosah (y) = 0,6 * slvl + 2,6\u00a0yardu<\/li>\n<\/ul>\n<p>(slvl = \u00farove\u0148 skillu)<\/p>\n<h3>V\u00fdskyt dovednosti<\/h3>\n<p>N\u011bkter\u00e9 p\u0159edm\u011bty poskytuj\u00ed bonus k\u00a0tomuto skillu:<\/p>\n<ul>\n<li>V\u0161echny p\u0159edm\u011bty typu <a href=\"https:\/\/www.diablofans.cz\/d2\/predmety-normal-sorceress-orbs\">Orb<\/a> a <a href=\"https:\/\/www.diablofans.cz\/d2\/predmety-normal-staves\">Staff<\/a> (ilvl&lt;37)\u00a0\u2013 +1\u20133 to Static Field (Sorceress Only) (varies)<\/li>\n<li><a href=\"https:\/\/www.diablofans.cz\/d2\/predmety-unique-elite-armor\">Ormus&#8216; Robes Dusk Shroud<\/a>\u00a0\u2013 +3\u00a0to Static Field (Sorceress\u00a0Only)<\/li>\n<li><a href=\"https:\/\/www.diablofans.cz\/d2\/runova-slova-1-09\">Memory Staff<\/a>\u00a0\u2013 +2\u00a0to Static Field (Sorceress\u00a0Only)<\/li>\n<li><a href=\"https:\/\/www.diablofans.cz\/d2\/predmety-unique-normal-staves\">Spire of Lazarus Gnarled Staff<\/a>\u00a0\u2013 +3\u00a0to Static Field (Sorceress\u00a0Only)<\/li>\n<\/ul>\n<p>N\u011bkter\u00e9 p\u0159edm\u011bty spou\u0161t\u00ed tento skill:<\/p>\n<ul>\n<li><a href=\"https:\/\/www.diablofans.cz\/d2\/predmety-unique-elite-maces\">Stormlash Scourge<\/a>: 15% Chance to Cast Level 10\u00a0Static Field On Striking<\/li>\n<li><a href=\"https:\/\/www.diablofans.cz\/d2\/predmety-unique-elite-maces\">Schaefer&#8217;s\u00a0Hammer Legendary Mallet<\/a>: 20% Chance to Cast Level 10\u00a0Static Field On Striking<\/li>\n<li><a href=\"https:\/\/www.diablofans.cz\/d2\/runova-slova-1-10\">Crescent Moon axe\/sword\/polearm<\/a>: 7% Chance to Cast Level 13\u00a0Static Field On Striking<\/li>\n<li><a href=\"https:\/\/www.diablofans.cz\/d2\/predmety-setove-sady-hwanins-majesty\">Hwanin&#8217;s\u00a0Refuge Tigulated Mail<\/a>: 10% Chance to Cast Level 3\u00a0Static Field When\u00a0Struck<\/li>\n<li><a href=\"https:\/\/www.diablofans.cz\/d2\/predmety-setove-sady-cow-kings-leathers\">Cow King&#8217;s\u00a0Leathers (\u00fapln\u00fd set)<\/a>: 25% Chance to Cast Level 5\u00a0Static Field When\u00a0Struck<\/li>\n<\/ul>\n<hr \/>\n<p><em>Statick\u00e9 pole m\u00e1 na nep\u0159\u00e1tele ve sv\u00e9m dosahu pusto\u0161iv\u00e9 \u00fa\u010dinky. V\u0161em v\u00a0m\u017eiku sebere zna\u010dnou \u010d\u00e1st jejich \u017eivotn\u00ed s\u00edly. Bez n\u00ed jsou potom snadnou ko\u0159ist\u00ed n\u00e1sleduj\u00edc\u00edch \u00fatok\u016f, a\u0165 u\u017e \u010darod\u011bjky nebo jej\u00ed dru\u017einy. Opakovan\u00e9 vyvol\u00e1n\u00ed statick\u00e9ho pole u\u017e sice ud\u011bluje men\u0161\u00ed po\u0161kozen\u00ed, ale v\u00a0kombinaci s\u00a0ostatn\u00edmi kouzly nebo se siln\u00fdm \u00faderem zbran\u011b je tato mocn\u00e1 dovednost spolehliv\u00fdm n\u00e1strojem na odstran\u011bn\u00ed i\u00a0t\u011bch nejsiln\u011bj\u0161\u00edch protivn\u00edk\u016f.<\/em><\/p>\n<p style=\"text-align:center\">&#8212;\u00a0\u2014 &#8212;\u00a0\u2014 &#8212;\u00a0\u2014 &#8212;\u00a0\u2014 &#8212;\u00a0\u2014 &#8212;\u00a0\u2014 &#8212;\u00a0\u2014 &#8212;\u00a0\u2014 &#8212;\u00a0\u2014 &#8212;\u00a0\u2014 &#8212;\u00a0\u2014\u00a0&#8212;<\/p>\n<p style=\"text-align:center\"><a href=\"https:\/\/www.diablofans.cz\/d2\/herni-postavy-sorceress-skilly-lightning-spells\">\u00ab Zp\u011bt do sekce Hern\u00ed postavy\u00a0\u2013 Sorceress\u00a0\u2013 Skilly\u00a0\u2013 Lightning\u00a0Spells<\/a><\/p>\n<\/p><\/div>\n<p> <!-- by Texy2! --><\/p>\n","protected":false},"excerpt":{"rendered":"<p>Sorceress\u00a0\u2013 Cold Spells\u00a0\u2013 Lightning Spells\u00a0\u2013 Fire\u00a0Spells Charged Bolt Static Field Telekinesis Nova Lightning Chain Lightning Teleport Thunder Storm Energy Shield Lightning Mastery Static Field Pot\u0159ebn\u00fd level: 6 Pot\u0159ebn\u00e9 skilly: \u017e\u00e1dn\u00e9 Typ: Plo\u0161n\u00e9 procentn\u00ed \u0161kody Lev\u00e9 tla\u010d\u00edtko: Ne Statick\u00e9 pole pat\u0159\u00ed mezi nejd\u016fle\u017eit\u011bj\u0161\u00ed dovednosti ka\u017ed\u00e9 \u010darod\u011bjky. V\u0161em nep\u0159\u00e1tel\u016fm v\u00a0dosahu toti\u017e ubere 25\u00a0% \u017eivota, \u010d\u00edm\u017e se st\u00e1v\u00e1 [&#8230;]<\/p>\n<p><a class=\"btn btn-secondary understrap-read-more-link\" href=\"https:\/\/www.diablofans.cz\/d2\/herni-postavy-sorceress-skilly-lightning-spells-static-field\/\">\u010c\u00edst d\u00e1le&#8230;<span class=\"screen-reader-text\"> from Sorceress &#8211; Skilly &#8211; Lightning Spells &#8211; Static Field<\/span><\/a><\/p>\n","protected":false},"author":1,"featured_media":0,"parent":0,"menu_order":0,"comment_status":"open","ping_status":"open","template":"","meta":{"footnotes":""},"class_list":["post-3274","page","type-page","status-publish","hentry"],"_links":{"self":[{"href":"https:\/\/www.diablofans.cz\/d2\/wp-json\/wp\/v2\/pages\/3274","targetHints":{"allow":["GET"]}}],"collection":[{"href":"https:\/\/www.diablofans.cz\/d2\/wp-json\/wp\/v2\/pages"}],"about":[{"href":"https:\/\/www.diablofans.cz\/d2\/wp-json\/wp\/v2\/types\/page"}],"author":[{"embeddable":true,"href":"https:\/\/www.diablofans.cz\/d2\/wp-json\/wp\/v2\/users\/1"}],"replies":[{"embeddable":true,"href":"https:\/\/www.diablofans.cz\/d2\/wp-json\/wp\/v2\/comments?post=3274"}],"version-history":[{"count":0,"href":"https:\/\/www.diablofans.cz\/d2\/wp-json\/wp\/v2\/pages\/3274\/revisions"}],"wp:attachment":[{"href":"https:\/\/www.diablofans.cz\/d2\/wp-json\/wp\/v2\/media?parent=3274"}],"curies":[{"name":"wp","href":"https:\/\/api.w.org\/{rel}","templated":true}]}}