{"id":3278,"date":"2018-08-25T22:08:55","date_gmt":"2018-08-25T20:08:55","guid":{"rendered":"http:\/\/diablofans.ddev.site\/d2\/herni-postavy-sorceress-skilly-lightning-spells-chain-lightning\/"},"modified":"2018-08-25T22:08:55","modified_gmt":"2018-08-25T20:08:55","slug":"herni-postavy-sorceress-skilly-lightning-spells-chain-lightning","status":"publish","type":"page","link":"https:\/\/www.diablofans.cz\/d2\/herni-postavy-sorceress-skilly-lightning-spells-chain-lightning\/","title":{"rendered":"Sorceress &#8211; Skilly &#8211; Lightning Spells &#8211; Chain Lightning"},"content":{"rendered":"\n<div class=\"skilly\">\n<p style=\"text-align:center\"><a href=\"https:\/\/www.diablofans.cz\/d2\/herni-postavy-assassin\">Sorceress<\/a>\u00a0\u2013 <a href=\"https:\/\/www.diablofans.cz\/d2\/herni-postavy-sorceress-skilly-cold-spells\">Cold Spells<\/a>\u00a0\u2013 <strong><a href=\"https:\/\/www.diablofans.cz\/d2\/herni-postavy-sorceress-skilly-lightning-spells\">Lightning Spells<\/a><\/strong>\u00a0\u2013 <a href=\"https:\/\/www.diablofans.cz\/d2\/herni-postavy-sorceress-skilly-fire-spells\">Fire\u00a0Spells<\/a><\/p>\n<div style=\"float: right; width: 150px; \">\n<table>\n<tbody>\n<tr>\n<td><a href=\"https:\/\/www.diablofans.cz\/d2\/herni-postavy-sorceress-skilly-lightning-spells-charged-bolt\">Charged Bolt<\/a><\/td>\n<\/tr>\n<tr>\n<td><a href=\"https:\/\/www.diablofans.cz\/d2\/herni-postavy-sorceress-skilly-lightning-spells-static-field\">Static Field<\/a><\/td>\n<\/tr>\n<tr>\n<td><a href=\"https:\/\/www.diablofans.cz\/d2\/herni-postavy-sorceress-skilly-lightning-spells-telekinesis\">Telekinesis<\/a><\/td>\n<\/tr>\n<tr>\n<td><a href=\"https:\/\/www.diablofans.cz\/d2\/herni-postavy-sorceress-skilly-lightning-spells-nova\">Nova<\/a><\/td>\n<\/tr>\n<tr>\n<td><a href=\"https:\/\/www.diablofans.cz\/d2\/herni-postavy-sorceress-skilly-lightning-spells-lightning\">Lightning<\/a><\/td>\n<\/tr>\n<tr>\n<td><strong><a href=\"https:\/\/www.diablofans.cz\/d2\/herni-postavy-sorceress-skilly-lightning-spells-chain-lightning\">Chain Lightning<\/a><\/strong><\/td>\n<\/tr>\n<tr>\n<td><a href=\"https:\/\/www.diablofans.cz\/d2\/herni-postavy-sorceress-skilly-lightning-spells-teleport\">Teleport<\/a><\/td>\n<\/tr>\n<tr>\n<td><a href=\"https:\/\/www.diablofans.cz\/d2\/herni-postavy-sorceress-skilly-lightning-spells-thunder-storm\">Thunder Storm<\/a><\/td>\n<\/tr>\n<tr>\n<td><a href=\"https:\/\/www.diablofans.cz\/d2\/herni-postavy-sorceress-skilly-lightning-spells-energy-shield\">Energy Shield<\/a><\/td>\n<\/tr>\n<tr>\n<td><a href=\"https:\/\/www.diablofans.cz\/d2\/herni-postavy-sorceress-skilly-lightning-spells-lightning-mastery\">Lightning Mastery<\/a><\/td>\n<\/tr>\n<\/tbody>\n<\/table><\/div>\n<h3 style=\"clear:none\">Chain Lightning<\/h3>\n<div><img loading=\"lazy\" decoding=\"async\" src=\"https:\/\/www.diablofans.cz\/d2\/wp-content\/uploads\/2018\/08\/chainlightning.jpg\" alt=\"Chain Lightning\" class=\"img-left\" width=\"48\" height=\"48\" \/><\/div>\n<ul>\n<li>Pot\u0159ebn\u00fd level: 18<\/li>\n<li>Pot\u0159ebn\u00e9 skilly: <a href=\"https:\/\/www.diablofans.cz\/d2\/herni-postavy-sorceress-skilly-lightning-spells-charged-bolt\">Charged Bolt<\/a>, <a href=\"https:\/\/www.diablofans.cz\/d2\/herni-postavy-sorceress-skilly-lightning-spells-lightning\">Lightning<\/a><\/li>\n<li>Typ: N\u011bkolikan\u00e1sobn\u00fd p\u0159eskakuj\u00edc\u00ed bleskov\u00fd v\u00fdst\u0159el<\/li>\n<li>Lev\u00e9 tla\u010d\u00edtko: Ano<\/li>\n<\/ul>\n<p class=\"zelena\">Lightning dost\u00e1v\u00e1 synergick\u00e9 bonusy ze skill\u016f:<\/p>\n<ul>\n<li><a href=\"https:\/\/www.diablofans.cz\/d2\/herni-postavy-sorceress-skilly-lightning-spells-charged-bolt\">Charged Bolt<\/a>: +4% k\u00a0bleskov\u00fdm \u0161kod\u00e1m za level<\/li>\n<li><a href=\"https:\/\/www.diablofans.cz\/d2\/herni-postavy-sorceress-skilly-lightning-spells-nova\">Nova<\/a>: +4% k\u00a0bleskov\u00fdm \u0161kod\u00e1m za level<\/li>\n<li><a href=\"https:\/\/www.diablofans.cz\/d2\/herni-postavy-sorceress-skilly-lightning-spells-lightning\">Lightning<\/a>: +4% k\u00a0bleskov\u00fdm \u0161kod\u00e1m za level<\/li>\n<\/ul>\n<p>\u0158et\u011bzov\u00fd blesk je jinou verz\u00ed skillu Lightning. Uvol\u0148uje svazky v\u00fdboj\u016f, kter\u00e9 se mohou odr\u00e1\u017eet od st\u011bn a po zasa\u017een\u00ed nep\u0159\u00edtele p\u0159eskakuj\u00ed na n\u011bkolik dal\u0161\u00edch. P\u0159i tom ka\u017ed\u00e9mu zp\u016fsobuje nemal\u00e1 po\u0161kozen\u00ed elektrick\u00fdm proudem. Zvl\u00e1\u0161t\u011b \u00fa\u010dinn\u00e1 je tato schopnost p\u0159i podpo\u0159e mistrovstv\u00ed blesku a synergiemi.<\/p>\n<h3>Tabulka<\/h3>\n<ul>\n<li>Dosah = 11,3\u00a0yard\u016f<\/li>\n<li>Next Delay = 0,16\u00a0sekundy = 4\u00a0sn\u00edmky<\/li>\n<\/ul>\n<table>\n<thead>\n<tr>\n<th style=\"width:100px\">\u00darovn\u011b<\/th>\n<th style=\"width:40px\">1<\/th>\n<th style=\"width:40px\">2<\/th>\n<th style=\"width:40px\">3<\/th>\n<th style=\"width:40px\">4<\/th>\n<th style=\"width:40px\">5<\/th>\n<th style=\"width:40px\">6<\/th>\n<th style=\"width:40px\">7<\/th>\n<th style=\"width:40px\">8<\/th>\n<th style=\"width:40px\">9<\/th>\n<th style=\"width:40px\">10<\/th>\n<\/tr>\n<\/thead>\n<tbody>\n<tr>\n<td>Mana<\/td>\n<td>9<\/td>\n<td>10<\/td>\n<td>11<\/td>\n<td>12<\/td>\n<td>13<\/td>\n<td>14<\/td>\n<td>15<\/td>\n<td>16<\/td>\n<td>17<\/td>\n<td>18<\/td>\n<\/tr>\n<tr>\n<td rowspan=\"2\">Lightning DMG<\/td>\n<td>1<\/td>\n<td>1<\/td>\n<td>1<\/td>\n<td>1<\/td>\n<td>1<\/td>\n<td>1<\/td>\n<td>1<\/td>\n<td>1<\/td>\n<td>1<\/td>\n<td>1<\/td>\n<\/tr>\n<tr>\n<td>40<\/td>\n<td>51<\/td>\n<td>62<\/td>\n<td>73<\/td>\n<td>84<\/td>\n<td>95<\/td>\n<td>106<\/td>\n<td>117<\/td>\n<td>130<\/td>\n<td>143<\/td>\n<\/tr>\n<tr>\n<td>Po\u010det z\u00e1sah\u016f<\/td>\n<td>5<\/td>\n<td>5<\/td>\n<td>5<\/td>\n<td>5<\/td>\n<td>6<\/td>\n<td>6<\/td>\n<td>6<\/td>\n<td>6<\/td>\n<td>6<\/td>\n<td>7<\/td>\n<\/tr>\n<tr>\n<th>\u00darovn\u011b<\/th>\n<th>11<\/th>\n<th>12<\/th>\n<th>13<\/th>\n<th>14<\/th>\n<th>15<\/th>\n<th>16<\/th>\n<th>17<\/th>\n<th>18<\/th>\n<th>19<\/th>\n<th>20<\/th>\n<\/tr>\n<tr>\n<td>Mana<\/td>\n<td>19<\/td>\n<td>20<\/td>\n<td>21<\/td>\n<td>22<\/td>\n<td>23<\/td>\n<td>24<\/td>\n<td>25<\/td>\n<td>26<\/td>\n<td>27<\/td>\n<td>28<\/td>\n<\/tr>\n<tr>\n<td rowspan=\"2\">Lightning DMG<\/td>\n<td>1<\/td>\n<td>1<\/td>\n<td>1<\/td>\n<td>1<\/td>\n<td>1<\/td>\n<td>1<\/td>\n<td>1<\/td>\n<td>1<\/td>\n<td>1<\/td>\n<td>1<\/td>\n<\/tr>\n<tr>\n<td>156<\/td>\n<td>169<\/td>\n<td>182<\/td>\n<td>195<\/td>\n<td>208<\/td>\n<td>221<\/td>\n<td>236<\/td>\n<td>251<\/td>\n<td>266<\/td>\n<td>281<\/td>\n<\/tr>\n<tr>\n<td>Po\u010det z\u00e1sah\u016f<\/td>\n<td>7<\/td>\n<td>7<\/td>\n<td>7<\/td>\n<td>7<\/td>\n<td>8<\/td>\n<td>8<\/td>\n<td>8<\/td>\n<td>8<\/td>\n<td>8<\/td>\n<td>9<\/td>\n<\/tr>\n<\/tbody>\n<\/table>\n<table>\n<thead>\n<tr>\n<th style=\"width:100px\">\u00darovn\u011b<\/th>\n<th style=\"width:40px\">21<\/th>\n<th style=\"width:40px\">22<\/th>\n<th style=\"width:40px\">23<\/th>\n<th style=\"width:40px\">24<\/th>\n<th style=\"width:40px\">25<\/th>\n<th style=\"width:40px\">26<\/th>\n<th style=\"width:40px\">27<\/th>\n<th style=\"width:40px\">28<\/th>\n<th style=\"width:40px\">29<\/th>\n<th style=\"width:40px\">30<\/th>\n<\/tr>\n<\/thead>\n<tbody>\n<tr>\n<td>Mana<\/td>\n<td>29<\/td>\n<td>30<\/td>\n<td>31<\/td>\n<td>32<\/td>\n<td>33<\/td>\n<td>34<\/td>\n<td>35<\/td>\n<td>36<\/td>\n<td>37<\/td>\n<td>38<\/td>\n<\/tr>\n<tr>\n<td rowspan=\"2\">Lightning DMG<\/td>\n<td>1<\/td>\n<td>1<\/td>\n<td>1<\/td>\n<td>1<\/td>\n<td>1<\/td>\n<td>1<\/td>\n<td>1<\/td>\n<td>1<\/td>\n<td>1<\/td>\n<td>1<\/td>\n<\/tr>\n<tr>\n<td>296<\/td>\n<td>311<\/td>\n<td>326<\/td>\n<td>341<\/td>\n<td>356<\/td>\n<td>371<\/td>\n<td>386<\/td>\n<td>401<\/td>\n<td>416<\/td>\n<td>431<\/td>\n<\/tr>\n<tr>\n<td>Po\u010det z\u00e1sah\u016f<\/td>\n<td>9<\/td>\n<td>9<\/td>\n<td>9<\/td>\n<td>9<\/td>\n<td>10<\/td>\n<td>10<\/td>\n<td>10<\/td>\n<td>10<\/td>\n<td>10<\/td>\n<td>11<\/td>\n<\/tr>\n<tr>\n<th>\u00darovn\u011b<\/th>\n<th>31<\/th>\n<th>32<\/th>\n<th>33<\/th>\n<th>34<\/th>\n<th>35<\/th>\n<th>36<\/th>\n<th>37<\/th>\n<th>38<\/th>\n<th>39<\/th>\n<th>40<\/th>\n<\/tr>\n<tr>\n<td>Mana<\/td>\n<td>39<\/td>\n<td>40<\/td>\n<td>41<\/td>\n<td>42<\/td>\n<td>43<\/td>\n<td>44<\/td>\n<td>45<\/td>\n<td>46<\/td>\n<td>47<\/td>\n<td>48<\/td>\n<\/tr>\n<tr>\n<td rowspan=\"2\">Lightning DMG<\/td>\n<td>1<\/td>\n<td>1<\/td>\n<td>1<\/td>\n<td>1<\/td>\n<td>1<\/td>\n<td>1<\/td>\n<td>1<\/td>\n<td>1<\/td>\n<td>1<\/td>\n<td>1<\/td>\n<\/tr>\n<tr>\n<td>446<\/td>\n<td>461<\/td>\n<td>476<\/td>\n<td>491<\/td>\n<td>506<\/td>\n<td>521<\/td>\n<td>536<\/td>\n<td>551<\/td>\n<td>566<\/td>\n<td>581<\/td>\n<\/tr>\n<tr>\n<td>Po\u010det z\u00e1sah\u016f<\/td>\n<td>11<\/td>\n<td>11<\/td>\n<td>11<\/td>\n<td>11<\/td>\n<td>12<\/td>\n<td>12<\/td>\n<td>12<\/td>\n<td>12<\/td>\n<td>12<\/td>\n<td>13<\/td>\n<\/tr>\n<\/tbody>\n<\/table>\n<p>Blesk se z\u0159et\u011bz\u00ed, pokud se pobl\u00ed\u017e c\u00edle v\u00a0dosahu kouzla nach\u00e1z\u00ed je\u0161t\u011b jeden c\u00edl. V\u00a0opa\u010dn\u00e9m p\u0159\u00edpad\u011b blesk pokra\u010duje mimo obrazovku a nikoho dal\u0161\u00edho nezran\u00ed.<\/p>\n<p>Blesk nemus\u00ed zas\u00e1hnout v\u0161echny nep\u0159\u00e1tele v\u00a0dosahu, ne\u017e znovu p\u0159esko\u010d\u00ed na prvn\u011b zasa\u017een\u00e9ho nebo jin\u00e9ho d\u0159\u00edve zasa\u017een\u00e9ho. Aby mohlo b\u00fdt n\u011bjak\u00e9 monstrum zasa\u017eeno opakovan\u011b, mus\u00ed nejprve uplynout Next Delay. Pokud b\u011bhem delaye nem\u00e1 blesk kam jinam p\u0159esko\u010dit, pokra\u010duje mimo obrazovku a nikoho dal\u0161\u00edho nezran\u00ed.<\/p>\n<p>Synergie se uplatn\u00ed pouze na maxim\u00e1ln\u00ed \u0161kody.<\/p>\n<p><span style=\"color: #ff2030;\">Zobrazen\u00ed blesk\u016f nemus\u00ed odpov\u00eddat skute\u010dn\u011b zasa\u017een\u00fdm nep\u0159\u00e1tel\u016fm.<\/span><\/p>\n<p>\u00darove\u0148 skillu je pro v\u0161echny \u0159et\u011bzy blesku stejn\u00e1 a je tedy ur\u010dena p\u0159i vy\u010darov\u00e1n\u00ed schopnosti. <a href=\"https:\/\/www.diablofans.cz\/d2\/herni-postavy-sorceress-skilly-lightning-spells-lightning-mastery\">Lightning Mastery<\/a> a vlastnost +% Lightning Skill Damage na p\u0159edm\u011btech se aplikuj\u00ed pro ka\u017ed\u00fd \u0159et\u011bz blesku zvl\u00e1\u0161\u0165.<\/p>\n<h3>V\u00fdpo\u010dty<\/h3>\n<ul>\n<li>Mana = slvl + 8<\/li>\n<li>Lightning DMG:<\/li>\n<\/ul>\n<table>\n<thead>\n<tr>\n<th>\u00darove\u0148<\/th>\n<th>1\u20138<\/th>\n<th>9\u201316<\/th>\n<th>17\u201322<\/th>\n<th>23\u201327<\/th>\n<th>28\u201399<\/th>\n<\/tr>\n<\/thead>\n<tbody>\n<tr>\n<td style=\"width:100px\">Min Light DMG<\/td>\n<td>1<\/td>\n<td>1<\/td>\n<td>1<\/td>\n<td>1<\/td>\n<td>1<\/td>\n<\/tr>\n<tr>\n<td style=\"width:100px\">Max Light DMG<\/td>\n<td>11*slvl+29<\/td>\n<td>13*slvl+13<\/td>\n<td>15*slvl-19<\/td>\n<td>15*slvl-19<\/td>\n<td>15*slvl-19<\/td>\n<\/tr>\n<\/tbody>\n<\/table>\n<ul>\n<li>Po\u010det z\u00e1sah\u016f = (25 + slvl) \/ 5, zaokrouhleno dol\u016f.<\/li>\n<\/ul>\n<p>(slvl = \u00farove\u0148 skillu)<\/p>\n<h3>V\u00fdskyt dovednosti<\/h3>\n<p>N\u011bkter\u00e9 p\u0159edm\u011bty poskytuj\u00ed bonus k\u00a0tomuto skillu:<\/p>\n<ul>\n<li>V\u0161echny p\u0159edm\u011bty typu <a href=\"https:\/\/www.diablofans.cz\/d2\/predmety-normal-sorceress-orbs\">Orb<\/a> a <a href=\"https:\/\/www.diablofans.cz\/d2\/predmety-normal-staves\">Staff<\/a> (ilvl&gt;18): +1\u20133 to Chain Lightning (Sorceress Only) (varies)<\/li>\n<li><a href=\"https:\/\/www.diablofans.cz\/d2\/predmety-unique-elite-armor\">Ormus&#8216; Robes Dusk Shroud<\/a>: +3\u00a0to Chain Lightning (Sorceress\u00a0Only)<\/li>\n<li><a href=\"https:\/\/www.diablofans.cz\/d2\/predmety-unique-normal-staves\">Spire of Lazarus Gnarled Staff<\/a>: +1\u00a0to Chain Lightning (Sorceress\u00a0Only)<\/li>\n<\/ul>\n<p>N\u011bkter\u00e9 p\u0159edm\u011bty spou\u0161t\u00ed tento skill:<\/p>\n<ul>\n<li>Jak\u00e1koliv magic\/rare\/crafted zbra\u0148 (krom luk\u016f a ku\u0161\u00ed), amulet a prsten se suffixem <em>of Chain Lightning<\/em>: 5% Chance to Cast Level 3\u00a0Chain Lightning On Attack (rlvl&gt;18)<\/li>\n<li>Jak\u00e1koliv magic\/rare\/crafted zbra\u0148 (krom luk\u016f a ku\u0161\u00ed), amulet a prsten se suffixem <em>of Chain Lightning<\/em>: 8% Chance to Cast Level 3\u00a0Chain Lightning On Attack (rlvl&gt;26)<\/li>\n<li>Jak\u00e1koliv magic\/rare\/crafted zbra\u0148 (krom luk\u016f a ku\u0161\u00ed), amulet a prsten se suffixem <em>of Chain Lightning<\/em>: 8% Chance to Cast Level 5\u00a0Chain Lightning On Attack (rlvl&gt;33)<\/li>\n<li><a href=\"https:\/\/www.diablofans.cz\/d2\/predmety-unique-elite-swords\">Lightsabre Phase Blade<\/a>: 5% Chance to Cast Level 14\u201320 Chain Lightning On Attack (varies)<\/li>\n<li><a href=\"https:\/\/www.diablofans.cz\/d2\/predmety-unique-exceptional-axes\">Stormrider Tabar<\/a>: 5% Chance to Cast Level 10\u00a0Chain Lightning On Striking<\/li>\n<li><a href=\"https:\/\/www.diablofans.cz\/d2\/runova-slova-1-10\">Crescent Moon axe\/polearm\/sword<\/a>: 10% Chance to Cast Level 17\u00a0Chain Lightning On Striking<\/li>\n<li><a href=\"https:\/\/www.diablofans.cz\/d2\/predmety-unique-elite-polearms\">Stormspire Giant Thresher<\/a>: 5% Chance to Cast Level 5\u00a0Chain Lightning When\u00a0Struck<\/li>\n<li><a href=\"https:\/\/www.diablofans.cz\/d2\/predmety-setove-sady-najs-ancient-vestige\">Naj&#8217;s\u00a0Circlet<\/a>: 12% Chance to Cast Level 5\u00a0Chain Lightning When\u00a0Struck<\/li>\n<li><a href=\"https:\/\/www.diablofans.cz\/d2\/predmety-setove-sady-cow-kings-leathers\">Cow King&#8217;s\u00a0Hide Studded Leather<\/a>: 18% Chance to Cast Level 5\u00a0Chain Lightning When\u00a0Struck<\/li>\n<li><a href=\"https:\/\/www.diablofans.cz\/d2\/runova-slova-1-10#realmova\">Death axe\/sword<\/a>: 100% Chance to Cast Level 44\u00a0Chain Lightning When You\u00a0Die<\/li>\n<li><a href=\"https:\/\/www.diablofans.cz\/d2\/predmety-unique-ostatni-jewels\">Rainbow Facet Jewel<\/a>: 100% Chance to Cast Level 47\u00a0Chain Lightning When You\u00a0Die<\/li>\n<li><a href=\"https:\/\/www.diablofans.cz\/d2\/runova-slova-1-10#realmova\">Infinity polearm<\/a>: 50% Chance to Cast Level 20\u00a0Chain Lightning When You Kill An\u00a0Enemy<\/li>\n<\/ul>\n<p>Dovednost se vyskytuje i\u00a0na \u201enabit\u00fdch\u201c p\u0159edm\u011btech (Charges):<\/p>\n<ul>\n<li><a href=\"https:\/\/www.diablofans.cz\/d2\/runova-slova-1-09\">Holy Thunder Scepter<\/a>\u00a0\u2013 Level 7, 60\u00a0Charges<\/li>\n<li>D\u00e1le v\u00fdskyt i\u00a0na Magic, Rare, nebo Crafted p\u0159edm\u011btech typu Orb, Staff a\u00a0Spear.<\/li>\n<li>\u00darovn\u011b: 1\u20136<\/li>\n<li>V\u00a0tabulk\u00e1ch je zn\u00e1zorn\u011bn minim\u00e1ln\u00ed po\u017eadavek na \u00farove\u0148 p\u0159edm\u011btu (ilvl) na \u00farove\u0148 skillu spole\u010dn\u011b s\u00a0po\u010dtem n\u00e1boj\u016f (Charges)<\/li>\n<li>Pro Orby a Staves plat\u00ed:<\/li>\n<\/ul>\n<table>\n<thead>\n<tr>\n<th>\u00darove\u0148 skillu<\/th>\n<th>1<\/th>\n<th>2<\/th>\n<th>3<\/th>\n<th>4<\/th>\n<th>5<\/th>\n<th>6<\/th>\n<\/tr>\n<\/thead>\n<tbody>\n<tr>\n<td>Minim\u00e1ln\u00ed ilvl<\/td>\n<td>31<\/td>\n<td>44<\/td>\n<td>57<\/td>\n<td>70<\/td>\n<td>83<\/td>\n<td>96<\/td>\n<\/tr>\n<tr>\n<td>Po\u010det Charges<\/td>\n<td>33<\/td>\n<td>37<\/td>\n<td>41<\/td>\n<td>45<\/td>\n<td>48<\/td>\n<td>52<\/td>\n<\/tr>\n<\/tbody>\n<\/table>\n<ul>\n<li>Pro Spear plat\u00ed:<\/li>\n<\/ul>\n<table>\n<thead>\n<tr>\n<th>\u00darove\u0148 skillu<\/th>\n<th>1<\/th>\n<th>2<\/th>\n<th>3<\/th>\n<\/tr>\n<\/thead>\n<tbody>\n<tr>\n<td>Minim\u00e1ln\u00ed ilvl<\/td>\n<td>45<\/td>\n<td>72<\/td>\n<td>99<\/td>\n<\/tr>\n<tr>\n<td>Po\u010det Charges<\/td>\n<td>22<\/td>\n<td>25<\/td>\n<td>27<\/td>\n<\/tr>\n<\/tbody>\n<\/table>\n<hr \/>\n<p><em>Jedn\u00e1 se o\u00a0vylep\u0161enou a n\u00e1ro\u010dn\u011bj\u0161\u00ed verzi kouzla blesku. \u0158et\u011bzov\u00fd blesk p\u0159eskakuje z\u00a0jednoho nep\u0159\u00edtele na druh\u00e9ho, dokud se nevy\u010derp\u00e1 ve\u0161ker\u00e1 jeho energie. Po pou\u017eit\u00ed takov\u00e9to dovednosti je \u010dasto u\u017e pouze c\u00edtit z\u00e1pach sp\u00e1len\u00e9ho masa nep\u0159\u00e1tel a p\u0159\u00edzemn\u00ed\u00a0ozon.<\/em><\/p>\n<p style=\"text-align:center\">&#8212;\u00a0\u2014 &#8212;\u00a0\u2014 &#8212;\u00a0\u2014 &#8212;\u00a0\u2014 &#8212;\u00a0\u2014 &#8212;\u00a0\u2014 &#8212;\u00a0\u2014 &#8212;\u00a0\u2014 &#8212;\u00a0\u2014 &#8212;\u00a0\u2014 &#8212;\u00a0\u2014\u00a0&#8212;<\/p>\n<p style=\"text-align:center\"><a href=\"https:\/\/www.diablofans.cz\/d2\/herni-postavy-sorceress-skilly-lightning-spells\">\u00ab Zp\u011bt do sekce Hern\u00ed postavy\u00a0\u2013 Sorceress\u00a0\u2013 Skilly\u00a0\u2013 Lightning\u00a0Spells<\/a><\/p>\n<\/p><\/div>\n<p> <!-- by Texy2! --><\/p>\n","protected":false},"excerpt":{"rendered":"<p>Sorceress\u00a0\u2013 Cold Spells\u00a0\u2013 Lightning Spells\u00a0\u2013 Fire\u00a0Spells Charged Bolt Static Field Telekinesis Nova Lightning Chain Lightning Teleport Thunder Storm Energy Shield Lightning Mastery Chain Lightning Pot\u0159ebn\u00fd level: 18 Pot\u0159ebn\u00e9 skilly: Charged Bolt, Lightning Typ: N\u011bkolikan\u00e1sobn\u00fd p\u0159eskakuj\u00edc\u00ed bleskov\u00fd v\u00fdst\u0159el Lev\u00e9 tla\u010d\u00edtko: Ano Lightning dost\u00e1v\u00e1 synergick\u00e9 bonusy ze skill\u016f: Charged Bolt: +4% k\u00a0bleskov\u00fdm \u0161kod\u00e1m za level Nova: +4% [&#8230;]<\/p>\n<p><a class=\"btn btn-secondary understrap-read-more-link\" href=\"https:\/\/www.diablofans.cz\/d2\/herni-postavy-sorceress-skilly-lightning-spells-chain-lightning\/\">\u010c\u00edst d\u00e1le&#8230;<span class=\"screen-reader-text\"> from Sorceress &#8211; Skilly &#8211; Lightning Spells &#8211; Chain Lightning<\/span><\/a><\/p>\n","protected":false},"author":1,"featured_media":0,"parent":0,"menu_order":0,"comment_status":"open","ping_status":"open","template":"","meta":{"footnotes":""},"class_list":["post-3278","page","type-page","status-publish","hentry"],"_links":{"self":[{"href":"https:\/\/www.diablofans.cz\/d2\/wp-json\/wp\/v2\/pages\/3278","targetHints":{"allow":["GET"]}}],"collection":[{"href":"https:\/\/www.diablofans.cz\/d2\/wp-json\/wp\/v2\/pages"}],"about":[{"href":"https:\/\/www.diablofans.cz\/d2\/wp-json\/wp\/v2\/types\/page"}],"author":[{"embeddable":true,"href":"https:\/\/www.diablofans.cz\/d2\/wp-json\/wp\/v2\/users\/1"}],"replies":[{"embeddable":true,"href":"https:\/\/www.diablofans.cz\/d2\/wp-json\/wp\/v2\/comments?post=3278"}],"version-history":[{"count":0,"href":"https:\/\/www.diablofans.cz\/d2\/wp-json\/wp\/v2\/pages\/3278\/revisions"}],"wp:attachment":[{"href":"https:\/\/www.diablofans.cz\/d2\/wp-json\/wp\/v2\/media?parent=3278"}],"curies":[{"name":"wp","href":"https:\/\/api.w.org\/{rel}","templated":true}]}}