{"id":3293,"date":"2018-08-25T22:08:55","date_gmt":"2018-08-25T20:08:55","guid":{"rendered":"http:\/\/diablofans.ddev.site\/d2\/herni-postavy-sorceress-skilly-fire-spells-enchant\/"},"modified":"2018-08-25T22:08:55","modified_gmt":"2018-08-25T20:08:55","slug":"herni-postavy-sorceress-skilly-fire-spells-enchant","status":"publish","type":"page","link":"https:\/\/www.diablofans.cz\/d2\/herni-postavy-sorceress-skilly-fire-spells-enchant\/","title":{"rendered":"Sorceress &#8211; Skilly &#8211; Fire Spells &#8211; Enchant"},"content":{"rendered":"\n<div class=\"skilly\">\n<p style=\"text-align:center\"><a href=\"https:\/\/www.diablofans.cz\/d2\/herni-postavy-assassin\">Sorceress<\/a>\u00a0\u2013 <a href=\"https:\/\/www.diablofans.cz\/d2\/herni-postavy-sorceress-skilly-cold-spells\">Cold Spells<\/a>\u00a0\u2013 <a href=\"https:\/\/www.diablofans.cz\/d2\/herni-postavy-sorceress-skilly-lightning-spells\">Lightning Spells<\/a>\u00a0\u2013 <strong><a href=\"https:\/\/www.diablofans.cz\/d2\/herni-postavy-sorceress-skilly-fire-spells\">Fire\u00a0Spells<\/a><\/strong><\/p>\n<div style=\"float: right; width: 120px; \">\n<table>\n<tbody>\n<tr>\n<td><a href=\"https:\/\/www.diablofans.cz\/d2\/herni-postavy-sorceress-skilly-fire-spells-fire-bolt\">Fire Bolt<\/a><\/td>\n<\/tr>\n<tr>\n<td><a href=\"https:\/\/www.diablofans.cz\/d2\/herni-postavy-sorceress-skilly-fire-spells-warmth\">Warmth<\/a><\/td>\n<\/tr>\n<tr>\n<td><a href=\"https:\/\/www.diablofans.cz\/d2\/herni-postavy-sorceress-skilly-fire-spells-inferno\">Inferno<\/a><\/td>\n<\/tr>\n<tr>\n<td><a href=\"https:\/\/www.diablofans.cz\/d2\/herni-postavy-sorceress-skilly-fire-spells-blaze\">Blaze<\/a><\/td>\n<\/tr>\n<tr>\n<td><a href=\"https:\/\/www.diablofans.cz\/d2\/herni-postavy-sorceress-skilly-fire-spells-fire-ball\">Fire Ball<\/a><\/td>\n<\/tr>\n<tr>\n<td><a href=\"https:\/\/www.diablofans.cz\/d2\/herni-postavy-sorceress-skilly-fire-spells-fire-wall\">Fire Wall<\/a><\/td>\n<\/tr>\n<tr>\n<td><strong><a href=\"https:\/\/www.diablofans.cz\/d2\/herni-postavy-sorceress-skilly-fire-spells-enchant\">Enchant<\/a><\/strong><\/td>\n<\/tr>\n<tr>\n<td><a href=\"https:\/\/www.diablofans.cz\/d2\/herni-postavy-sorceress-skilly-fire-spells-meteor\">Meteor<\/a><\/td>\n<\/tr>\n<tr>\n<td><a href=\"https:\/\/www.diablofans.cz\/d2\/herni-postavy-sorceress-skilly-fire-spells-fire-mastery\">Fire Mastery<\/a><\/td>\n<\/tr>\n<tr>\n<td><a href=\"https:\/\/www.diablofans.cz\/d2\/herni-postavy-sorceress-skilly-fire-spells-hydra\">Hydra<\/a><\/td>\n<\/tr>\n<\/tbody>\n<\/table><\/div>\n<h3 style=\"clear:none\">Enchant<\/h3>\n<div><img loading=\"lazy\" decoding=\"async\" src=\"https:\/\/www.diablofans.cz\/d2\/wp-content\/uploads\/2018\/08\/enchant.jpg\" alt=\"Enchant\" class=\"img-left\" width=\"48\" height=\"48\" \/><\/div>\n<ul>\n<li>Pot\u0159ebn\u00fd level: 24<\/li>\n<li>Pot\u0159ebn\u00e9 skilly: <a href=\"https:\/\/www.diablofans.cz\/d2\/herni-postavy-sorceress-skilly-fire-spells-fire-bolt\">Fire Bolt<\/a>, <a href=\"https:\/\/www.diablofans.cz\/d2\/herni-postavy-sorceress-skilly-fire-spells-warmth\">Warmth<\/a>, <a href=\"https:\/\/www.diablofans.cz\/d2\/herni-postavy-sorceress-skilly-fire-spells-fire-ball\">Fire\u00a0Ball<\/a><\/li>\n<li>Typ: O\u010darov\u00e1n\u00ed zbran\u011b<\/li>\n<li>Lev\u00e9 tla\u010d\u00edtko: Ne<\/li>\n<\/ul>\n<p class=\"zelena\">Enchant dost\u00e1v\u00e1 synergick\u00e9 bonusy ze skill\u016f:<\/p>\n<ul>\n<li><a href=\"https:\/\/www.diablofans.cz\/d2\/herni-postavy-sorceress-skilly-fire-spells-warmth\">Warmth<\/a>: +9% k\u00a0ohniv\u00e9mu po\u0161kozen\u00ed za level<\/li>\n<\/ul>\n<p>\u010carod\u011bjka m\u016f\u017ee t\u00edmto kouzlem o\u010darovat jakoukoliv zbra\u0148 tak, \u017ee do\u010dasn\u011b dod\u00e1 masivn\u00ed ohniv\u00fd \u00fatok a zv\u00fd\u0161\u00ed z\u00e1rove\u0148 i\u00a0p\u0159esnost \u00fader\u016f. Pokud chce kouzelnice m\u00edsto pou\u017e\u00edv\u00e1n\u00ed \u00fato\u010dn\u00fdch kouzel rad\u011bji bojovat s\u00a0me\u010dem \u010di sekerami, je toto kouzlo naprostou nutnost\u00ed, nebo\u0165 prakticky jin\u00e9 dovednosti ke klasick\u00e9mu boji nem\u00e1. O\u010darov\u00e1n\u00ed ale nemus\u00ed ses\u00edlat pouze na sebe, funguje i\u00a0na \u017eoldn\u00e9\u0159e, vyvolan\u00e9 bytosti i\u00a0na sp\u0159\u00e1telen\u00e9 jin\u00e9 hr\u00e1\u010de a jejich pomocn\u00edky. Proto je v\u00a0part\u00e1ch bojovn\u00edk\u016f postava specializovan\u00e1 na tento skill velice \u017e\u00e1dan\u00e1.<\/p>\n<h3>Tabulka<\/h3>\n<table>\n<thead>\n<tr>\n<th style=\"width:100px\">\u00darovn\u011b<\/th>\n<th style=\"width:40px\">1<\/th>\n<th style=\"width:40px\">2<\/th>\n<th style=\"width:40px\">3<\/th>\n<th style=\"width:40px\">4<\/th>\n<th style=\"width:40px\">5<\/th>\n<th style=\"width:40px\">6<\/th>\n<th style=\"width:40px\">7<\/th>\n<th style=\"width:40px\">8<\/th>\n<th style=\"width:40px\">9<\/th>\n<th style=\"width:40px\">10<\/th>\n<\/tr>\n<\/thead>\n<tbody>\n<tr>\n<td>Mana<\/td>\n<td>25<\/td>\n<td>26<\/td>\n<td>27<\/td>\n<td>28<\/td>\n<td>29<\/td>\n<td>30<\/td>\n<td>31<\/td>\n<td>32<\/td>\n<td>33<\/td>\n<td>34<\/td>\n<\/tr>\n<tr>\n<td>+AR (%)<\/td>\n<td>20<\/td>\n<td>29<\/td>\n<td>38<\/td>\n<td>47<\/td>\n<td>56<\/td>\n<td>65<\/td>\n<td>74<\/td>\n<td>83<\/td>\n<td>92<\/td>\n<td>101<\/td>\n<\/tr>\n<tr>\n<td rowspan=\"2\">+Fire DMG<\/td>\n<td>8<\/td>\n<td>9<\/td>\n<td>11<\/td>\n<td>12<\/td>\n<td>14<\/td>\n<td>15<\/td>\n<td>17<\/td>\n<td>18<\/td>\n<td>22<\/td>\n<td>25<\/td>\n<\/tr>\n<tr>\n<td>10<\/td>\n<td>12<\/td>\n<td>15<\/td>\n<td>17<\/td>\n<td>20<\/td>\n<td>22<\/td>\n<td>25<\/td>\n<td>27<\/td>\n<td>32<\/td>\n<td>36<\/td>\n<\/tr>\n<tr>\n<td>Trv\u00e1n\u00ed (s)<\/td>\n<td>144<\/td>\n<td>168<\/td>\n<td>192<\/td>\n<td>216<\/td>\n<td>240<\/td>\n<td>264<\/td>\n<td>288<\/td>\n<td>312<\/td>\n<td>336<\/td>\n<td>360<\/td>\n<\/tr>\n<tr>\n<th>\u00darovn\u011b<\/th>\n<th>11<\/th>\n<th>12<\/th>\n<th>13<\/th>\n<th>14<\/th>\n<th>15<\/th>\n<th>16<\/th>\n<th>17<\/th>\n<th>18<\/th>\n<th>19<\/th>\n<th>20<\/th>\n<\/tr>\n<tr>\n<td>Mana<\/td>\n<td>35<\/td>\n<td>36<\/td>\n<td>37<\/td>\n<td>38<\/td>\n<td>39<\/td>\n<td>40<\/td>\n<td>41<\/td>\n<td>42<\/td>\n<td>43<\/td>\n<td>44<\/td>\n<\/tr>\n<tr>\n<td>+AR (%)<\/td>\n<td>110<\/td>\n<td>119<\/td>\n<td>128<\/td>\n<td>137<\/td>\n<td>146<\/td>\n<td>155<\/td>\n<td>164<\/td>\n<td>173<\/td>\n<td>182<\/td>\n<td>191<\/td>\n<\/tr>\n<tr>\n<td rowspan=\"2\">+Fire DMG<\/td>\n<td>29<\/td>\n<td>32<\/td>\n<td>36<\/td>\n<td>39<\/td>\n<td>43<\/td>\n<td>46<\/td>\n<td>52<\/td>\n<td>57<\/td>\n<td>63<\/td>\n<td>68<\/td>\n<\/tr>\n<tr>\n<td>41<\/td>\n<td>45<\/td>\n<td>50<\/td>\n<td>54<\/td>\n<td>59<\/td>\n<td>63<\/td>\n<td>70<\/td>\n<td>76<\/td>\n<td>83<\/td>\n<td>89<\/td>\n<\/tr>\n<tr>\n<td>Trv\u00e1n\u00ed (s)<\/td>\n<td>384<\/td>\n<td>408<\/td>\n<td>432<\/td>\n<td>456<\/td>\n<td>480<\/td>\n<td>504<\/td>\n<td>528<\/td>\n<td>552<\/td>\n<td>576<\/td>\n<td>600<\/td>\n<\/tr>\n<\/tbody>\n<\/table>\n<table>\n<thead>\n<tr>\n<th style=\"width:100px\">\u00darovn\u011b<\/th>\n<th style=\"width:40px\">21<\/th>\n<th style=\"width:40px\">22<\/th>\n<th style=\"width:40px\">23<\/th>\n<th style=\"width:40px\">24<\/th>\n<th style=\"width:40px\">25<\/th>\n<th style=\"width:40px\">26<\/th>\n<th style=\"width:40px\">27<\/th>\n<th style=\"width:40px\">28<\/th>\n<th style=\"width:40px\">29<\/th>\n<th style=\"width:40px\">30<\/th>\n<\/tr>\n<\/thead>\n<tbody>\n<tr>\n<td>Mana<\/td>\n<td>45<\/td>\n<td>46<\/td>\n<td>47<\/td>\n<td>48<\/td>\n<td>49<\/td>\n<td>50<\/td>\n<td>51<\/td>\n<td>52<\/td>\n<td>53<\/td>\n<td>54<\/td>\n<\/tr>\n<tr>\n<td>+AR (%)<\/td>\n<td>200<\/td>\n<td>209<\/td>\n<td>218<\/td>\n<td>227<\/td>\n<td>236<\/td>\n<td>245<\/td>\n<td>254<\/td>\n<td>263<\/td>\n<td>272<\/td>\n<td>281<\/td>\n<\/tr>\n<tr>\n<td rowspan=\"2\">+Fire DMG<\/td>\n<td>74<\/td>\n<td>79<\/td>\n<td>87<\/td>\n<td>94<\/td>\n<td>102<\/td>\n<td>109<\/td>\n<td>117<\/td>\n<td>124<\/td>\n<td>134<\/td>\n<td>143<\/td>\n<\/tr>\n<tr>\n<td>96<\/td>\n<td>102<\/td>\n<td>111<\/td>\n<td>119<\/td>\n<td>128<\/td>\n<td>136<\/td>\n<td>145<\/td>\n<td>153<\/td>\n<td>164<\/td>\n<td>174<\/td>\n<\/tr>\n<tr>\n<td>Trv\u00e1n\u00ed (s)<\/td>\n<td>624<\/td>\n<td>648<\/td>\n<td>672<\/td>\n<td>696<\/td>\n<td>720<\/td>\n<td>744<\/td>\n<td>768<\/td>\n<td>792<\/td>\n<td>816<\/td>\n<td>840<\/td>\n<\/tr>\n<tr>\n<th>\u00darovn\u011b<\/th>\n<th>31<\/th>\n<th>32<\/th>\n<th>33<\/th>\n<th>34<\/th>\n<th>35<\/th>\n<th>36<\/th>\n<th>37<\/th>\n<th>38<\/th>\n<th>39<\/th>\n<th>40<\/th>\n<\/tr>\n<tr>\n<td>Mana<\/td>\n<td>55<\/td>\n<td>56<\/td>\n<td>57<\/td>\n<td>58<\/td>\n<td>59<\/td>\n<td>60<\/td>\n<td>61<\/td>\n<td>62<\/td>\n<td>63<\/td>\n<td>64<\/td>\n<\/tr>\n<tr>\n<td>+AR (%)<\/td>\n<td>290<\/td>\n<td>299<\/td>\n<td>308<\/td>\n<td>317<\/td>\n<td>326<\/td>\n<td>335<\/td>\n<td>344<\/td>\n<td>353<\/td>\n<td>362<\/td>\n<td>371<\/td>\n<\/tr>\n<tr>\n<td rowspan=\"2\">+Fire DMG<\/td>\n<td>153<\/td>\n<td>162<\/td>\n<td>172<\/td>\n<td>181<\/td>\n<td>191<\/td>\n<td>200<\/td>\n<td>210<\/td>\n<td>219<\/td>\n<td>229<\/td>\n<td>238<\/td>\n<\/tr>\n<tr>\n<td>185<\/td>\n<td>195<\/td>\n<td>206<\/td>\n<td>216<\/td>\n<td>227<\/td>\n<td>237<\/td>\n<td>248<\/td>\n<td>258<\/td>\n<td>269<\/td>\n<td>279<\/td>\n<\/tr>\n<tr>\n<td>Trv\u00e1n\u00ed (s)<\/td>\n<td>864<\/td>\n<td>888<\/td>\n<td>912<\/td>\n<td>936<\/td>\n<td>960<\/td>\n<td>984<\/td>\n<td>1008<\/td>\n<td>1032<\/td>\n<td>1056<\/td>\n<td>1080<\/td>\n<\/tr>\n<\/tbody>\n<\/table>\n<p>P\u0159i o\u010darov\u00e1n\u00ed \u010darod\u011bjky, jej\u00edho \u017eoldn\u00e9\u0159e, vyvolan\u00fdch byteost\u00ed i\u00a0spojenc\u016f se na zbra\u0148 p\u0159id\u00e1 ohniv\u00e9 po\u0161kozen\u00ed a pokud to grafika umo\u017e\u0148uje, zbarv\u00ed ji syt\u011b \u010derven\u011b. Jedin\u00ed, na koho nelze o\u010darov\u00e1n\u00ed seslat, jsou konvertovan\u00e1 monstra pomoc\u00ed skillu <a href=\"https:\/\/www.diablofans.cz\/d2\/herni-postavy-paladin-skilly-combat-skills-conversion\">Conversion<\/a> a nemrtv\u00ed vyvolan\u00ed z\u00a0vlastnosti p\u0159edm\u011btu <a href=\"https:\/\/www.diablofans.cz\/d2\/vlastnosti-reanimated\">Reanimate as: Returned<\/a>.<\/p>\n<p>Ni\u017e\u0161\u00ed \u00farove\u0148 o\u010darov\u00e1n\u00ed m\u016f\u017ee b\u00fdt p\u0159eps\u00e1na vy\u0161\u0161\u00ed, ale nikdy ne obr\u00e1cen\u011b. P\u0159i p\u0159e\u010darov\u00e1n\u00ed o\u00a0stejn\u00e9 \u00farovni se pouze znovu nastav\u00ed trv\u00e1n\u00ed.<\/p>\n<p>Aktivn\u00ed o\u010darov\u00e1n\u00ed se d\u00e1 poznat i\u00a0t\u00edm, \u017ee ve statistik\u00e1ch ve h\u0159e se u\u00a0\u00fatoku zobraz\u00ed po\u0161kozen\u00ed v\u017edy \u010derven\u011b. Pokud se barva po \u010dase zm\u011bn\u00ed, znamen\u00e1 to, \u017ee o\u010darov\u00e1n\u00ed vyprchalo.<\/p>\n<p>\u00darove\u0148 skillu se aplikuje p\u0159i o\u010darov\u00e1n\u00ed a setrv\u00e1v\u00e1 po celou dobu \u00fa\u010dinku. Bonus +% Fire Skill Damage z\u00a0<a href=\"https:\/\/www.diablofans.cz\/d2\/herni-postavy-sorceress-skilly-fire-spells-fire-mastery\">Fire Mastery<\/a> a z\u00a0p\u0159edm\u011bt\u016f se rovn\u011b\u017e zapo\u010d\u00edt\u00e1 v\u00a0moment\u011b o\u010darov\u00e1n\u00ed a setrv\u00e1 celou\u00a0dobu.<\/p>\n<p><span style=\"color: #dfef20;\">Bonus +% Fire Skill Damage z\u00a0<a href=\"https:\/\/www.diablofans.cz\/d2\/herni-postavy-sorceress-skilly-fire-spells-fire-mastery\">Fire Mastery<\/a> a z\u00a0p\u0159edm\u011bt\u016f se rovn\u011b\u017e p\u0159ipo\u010d\u00edt\u00e1 jako\u017eto bonus k\u00a0element\u00e1ln\u00edmu po\u0161kozen\u00ed na zbrani a ten bude aplikov\u00e1n pro ka\u017ed\u00fd \u00fader zvl\u00e1\u0161\u0165. Z\u00a0toho tedy plyne, \u017ee je tato vlastnost p\u0159ipo\u010dtena k\u00a0o\u010darovan\u00e9mu \u00fatoku de facto dvakr\u00e1t.<\/span><\/p>\n<p><span style=\"color: #ef3020;\">Bonus +% Fire Skill Damage v\u0161ak nebude p\u0159ipo\u010dten podruh\u00e9 p\u0159i pou\u017eit\u00ed st\u0159eln\u00e9 nebo vrhac\u00ed zbran\u011b. Tabulka se statistikami v\u0161ak p\u0159esto chybn\u011b ukazuje, \u017ee tento bonus je uplatn\u011bm podruh\u00e9.<\/span> V\u00a0popisu skillu ve h\u0159e je naps\u00e1no, \u017ee p\u0159i \u00fatoku na d\u00e1lku jsou \u0161kody ohn\u011bm sra\u017eeny na t\u0159etinu, co\u017e rovn\u011b\u017e nen\u00ed pravda.<\/p>\n<p><span style=\"color: #dfef20;\">Ohniv\u00e9 \u0161kody z\u00a0tohoto o\u010darov\u00e1n\u00ed, ze skillu <a href=\"https:\/\/www.diablofans.cz\/d2\/herni-postavy-paladin-skilly-offensive-auras-holy-fire\">Holy Fire<\/a> a z\u00a0ohniv\u00fdch \u0161kod na p\u0159edm\u011btech se p\u0159i\u010dtou k\u00a0explozivn\u00edmu po\u0161kozen\u00ed skill\u016f <a href=\"https:\/\/www.diablofans.cz\/d2\/herni-postavy-amazon-skilly-bow-and-crossbow-exploding-arrow\">Exploding Arrow<\/a> a <a href=\"https:\/\/www.diablofans.cz\/d2\/herni-postavy-amazon-skilly-bow-and-crossbow-immolation-arrow\">Immolation Arrow<\/a>, \u010d\u00edm\u017e se zna\u010dn\u00fdm zp\u016fsobem zv\u00fd\u0161\u00ed jejich \u00fa\u010dinek.<\/span><\/p>\n<h3>V\u00fdpo\u010dty<\/h3>\n<ul>\n<li>Mana = 24+slvl<\/li>\n<li>+AR (%) = 11 + 9*slvl<\/li>\n<li>+Fire Damage:<\/li>\n<\/ul>\n<table>\n<thead>\n<tr>\n<th style=\"width:110px\">\u00darove\u0148<\/th>\n<th>1\u20138<\/th>\n<th>9\u201316<\/th>\n<th>17\u201322<\/th>\n<th>23\u201327<\/th>\n<th>28\u201399<\/th>\n<\/tr>\n<\/thead>\n<tbody>\n<tr>\n<td>Min Fire DMG<\/td>\n<td>1,5*slvl+6,5<\/td>\n<td>3,5*slvl-9,5<\/td>\n<td>5,5*slvl-41,5<\/td>\n<td>7,5*slvl-85,5<\/td>\n<td>9,5*slvl-141,5<\/td>\n<\/tr>\n<tr>\n<td>Max Fire DMG<\/td>\n<td>2,5*slvl+7,5<\/td>\n<td>4,5*slvl-8,5<\/td>\n<td>6,5*slvl-40,5<\/td>\n<td>8,5*slvl-84,5<\/td>\n<td>10,5*slvl-140,5<\/td>\n<\/tr>\n<\/tbody>\n<\/table>\n<ul>\n<li><span style=\"color: #dfef20;\">Fin\u00e1ln\u00ed Fire DMG<\/span> = (Fire DMG * (1 + 0,09 * blvl) * (1+FSD) * (1+FSD)) + Fdmg * (1+FSD)<\/li>\n<li>Trv\u00e1n\u00ed (s) = 120 + 24*slvl sekund<\/li>\n<\/ul>\n<p>(slvl = \u00farove\u0148 skillu, blvl = \u00farove\u0148 synergie, FSD = Bonus +% Fire Skill Damage, Fdmg = +Fire DMG z\u00a0p\u0159edm\u011bt\u016f a Holy\u00a0Fire)<\/p>\n<h3>V\u00fdskyt dovednosti<\/h3>\n<p><strong>N\u011bkter\u00e9 p\u0159edm\u011bty poskytuj\u00ed bonus k\u00a0tomuto skillu:<\/strong><\/p>\n<ul>\n<li>V\u0161echny p\u0159edm\u011bty typu <a href=\"https:\/\/www.diablofans.cz\/d2\/predmety-normal-sorceress-orbs\">Orb<\/a> a <a href=\"https:\/\/www.diablofans.cz\/d2\/predmety-normal-staves\">Staff<\/a> (ilvl&gt;18): +1\u20133 to Enchant (Sorceress Only) (varies)<\/li>\n<li><a href=\"https:\/\/www.diablofans.cz\/d2\/predmety-unique-elite-armor\">Ormus&#8216; Robes Dusk Shroud<\/a>: +3\u00a0to Enchant (Sorceress\u00a0Only)<\/li>\n<\/ul>\n<p><strong>N\u011bkter\u00e9 p\u0159edm\u011bty spou\u0161t\u00ed tento skill:<\/strong><\/p>\n<ul>\n<li><a href=\"https:\/\/www.diablofans.cz\/d2\/predmety-unique-exceptional-gloves\">Lava Gout Battle Gauntlets<\/a>: 2% Chance to Cast Level 10\u00a0Enchant On Striking<\/li>\n<li><a href=\"https:\/\/www.diablofans.cz\/d2\/predmety-setove-sady-immortal-king\">Immortal King&#8217;s\u00a0Soul Cage Sacred Armor<\/a>: 5% Chance to Cast Level 5\u00a0Enchant When\u00a0Struck<\/li>\n<li><a href=\"https:\/\/www.diablofans.cz\/d2\/runova-slova-1-10#realmova\">Obedience polearm<\/a>: 30% Chance to Cast Level 21\u00a0Enchant When You Kill An\u00a0Enemy<\/li>\n<\/ul>\n<p>(pozn. Enchant se p\u0159i spu\u0161t\u011bn\u00ed z\u00a0p\u0159edm\u011btu vy\u010daruje pouze na jeho nositele)<\/p>\n<p><strong>Dovednost se vyskytuje i\u00a0na \u201enabit\u00fdch\u201c p\u0159edm\u011btech (Charges):<\/strong><\/p>\n<ul>\n<li><a href=\"https:\/\/www.diablofans.cz\/d2\/predmety-unique-elite-maces\">Demon Limb Tyrant Club<\/a>: Level 23, 20\u00a0Charges<\/li>\n<li><a href=\"https:\/\/www.diablofans.cz\/d2\/predmety-unique-exceptional-swords\">Todesfaelle Flamme Zweihander<\/a>: Level 10, 45\u00a0Charges<\/li>\n<li>V\u00fdskyt i\u00a0na Magic, Rare, nebo Crafted p\u0159edm\u011btech typu Orb, Staff a na jak\u00e9koliv zbrani nabl\u00edzko.<\/li>\n<li>\u00darovn\u011b: 1\u20133<\/li>\n<li>V\u00a0tabulk\u00e1ch je zn\u00e1zorn\u011bn minim\u00e1ln\u00ed po\u017eadavek na \u00farove\u0148 p\u0159edm\u011btu (ilvl) na \u00farove\u0148 skillu spole\u010dn\u011b s\u00a0po\u010dtem n\u00e1boj\u016f (Charges)<\/li>\n<li>Pro Orby a Staves plat\u00ed:<\/li>\n<\/ul>\n<table>\n<thead>\n<tr>\n<th>\u00darove\u0148 skillu<\/th>\n<th>1<\/th>\n<th>2<\/th>\n<th>3<\/th>\n<\/tr>\n<\/thead>\n<tbody>\n<tr>\n<td>Minim\u00e1ln\u00ed ilvl<\/td>\n<td>45<\/td>\n<td>72<\/td>\n<td>99<\/td>\n<\/tr>\n<tr>\n<td>Po\u010det Charges<\/td>\n<td>33<\/td>\n<td>37<\/td>\n<td>41<\/td>\n<\/tr>\n<\/tbody>\n<\/table>\n<ul>\n<li>Zbra\u0148 na bl\u00edzko: Level 1, 22\u00a0Charges, ilvl = 99<\/li>\n<\/ul>\n<hr \/>\n<p><em>Zku\u0161en\u00e1 \u010darod\u011bjka, kter\u00e1 se nau\u010d\u00ed dovednosti o\u010darov\u00e1n\u00ed p\u0159edm\u011btu, m\u016f\u017ee zap\u00e1lit zbra\u0148, ani\u017e by sho\u0159ela. Zn\u00e1m\u00e1 kouzelnice Habacalva kdysi d\u00e1vno ude\u0159ila na sv\u00e9 nep\u0159\u00e1tele s\u00a0pouhou pali\u010dkou, kterou o\u010darovala energi\u00ed p\u0159\u00edmo z\u00a0element\u00e1ln\u00edch pl\u00e1n\u00ed. Jej\u00ed nep\u0159\u00e1tel\u00e9 se brzy za\u010dali b\u00e1t jak jej\u00ed \u201ezbran\u011b\u201c, tak jej\u00edho\u00a0jm\u00e9na.<\/em><\/p>\n<p style=\"text-align:center\">&#8212;\u00a0\u2014 &#8212;\u00a0\u2014 &#8212;\u00a0\u2014 &#8212;\u00a0\u2014 &#8212;\u00a0\u2014 &#8212;\u00a0\u2014 &#8212;\u00a0\u2014 &#8212;\u00a0\u2014 &#8212;\u00a0\u2014 &#8212;\u00a0\u2014 &#8212;\u00a0\u2014\u00a0&#8212;<\/p>\n<p style=\"text-align:center\"><a href=\"https:\/\/www.diablofans.cz\/d2\/herni-postavy-sorceress-skilly-fire-spells\">\u00ab Zp\u011bt do sekce Hern\u00ed postavy\u00a0\u2013 Sorceress\u00a0\u2013 Skilly\u00a0\u2013 Fire\u00a0Spells<\/a><\/p>\n<\/p><\/div>\n<p> <!-- by Texy2! --><\/p>\n","protected":false},"excerpt":{"rendered":"<p>Sorceress\u00a0\u2013 Cold Spells\u00a0\u2013 Lightning Spells\u00a0\u2013 Fire\u00a0Spells Fire Bolt Warmth Inferno Blaze Fire Ball Fire Wall Enchant Meteor Fire Mastery Hydra Enchant Pot\u0159ebn\u00fd level: 24 Pot\u0159ebn\u00e9 skilly: Fire Bolt, Warmth, Fire\u00a0Ball Typ: O\u010darov\u00e1n\u00ed zbran\u011b Lev\u00e9 tla\u010d\u00edtko: Ne Enchant dost\u00e1v\u00e1 synergick\u00e9 bonusy ze skill\u016f: Warmth: +9% k\u00a0ohniv\u00e9mu po\u0161kozen\u00ed za level \u010carod\u011bjka m\u016f\u017ee t\u00edmto kouzlem o\u010darovat jakoukoliv zbra\u0148 [&#8230;]<\/p>\n<p><a class=\"btn btn-secondary understrap-read-more-link\" href=\"https:\/\/www.diablofans.cz\/d2\/herni-postavy-sorceress-skilly-fire-spells-enchant\/\">\u010c\u00edst d\u00e1le&#8230;<span class=\"screen-reader-text\"> from Sorceress &#8211; Skilly &#8211; Fire Spells &#8211; Enchant<\/span><\/a><\/p>\n","protected":false},"author":1,"featured_media":0,"parent":0,"menu_order":0,"comment_status":"open","ping_status":"open","template":"","meta":{"footnotes":""},"class_list":["post-3293","page","type-page","status-publish","hentry"],"_links":{"self":[{"href":"https:\/\/www.diablofans.cz\/d2\/wp-json\/wp\/v2\/pages\/3293","targetHints":{"allow":["GET"]}}],"collection":[{"href":"https:\/\/www.diablofans.cz\/d2\/wp-json\/wp\/v2\/pages"}],"about":[{"href":"https:\/\/www.diablofans.cz\/d2\/wp-json\/wp\/v2\/types\/page"}],"author":[{"embeddable":true,"href":"https:\/\/www.diablofans.cz\/d2\/wp-json\/wp\/v2\/users\/1"}],"replies":[{"embeddable":true,"href":"https:\/\/www.diablofans.cz\/d2\/wp-json\/wp\/v2\/comments?post=3293"}],"version-history":[{"count":0,"href":"https:\/\/www.diablofans.cz\/d2\/wp-json\/wp\/v2\/pages\/3293\/revisions"}],"wp:attachment":[{"href":"https:\/\/www.diablofans.cz\/d2\/wp-json\/wp\/v2\/media?parent=3293"}],"curies":[{"name":"wp","href":"https:\/\/api.w.org\/{rel}","templated":true}]}}