{"id":3325,"date":"2018-08-25T22:08:57","date_gmt":"2018-08-25T20:08:57","guid":{"rendered":"http:\/\/diablofans.ddev.site\/d2\/herni-postavy-paladin-skilly-combat-skills-zeal\/"},"modified":"2018-08-25T22:08:57","modified_gmt":"2018-08-25T20:08:57","slug":"herni-postavy-paladin-skilly-combat-skills-zeal","status":"publish","type":"page","link":"https:\/\/www.diablofans.cz\/d2\/herni-postavy-paladin-skilly-combat-skills-zeal\/","title":{"rendered":"Paladin &#8211; Skilly &#8211; Combat Skills &#8211; Zeal"},"content":{"rendered":"\n<div class=\"skilly\">\n<p style=\"text-align:center\"><a href=\"https:\/\/www.diablofans.cz\/d2\/herni-postavy-paladin\">Paladin<\/a>\u00a0\u2013 <a href=\"https:\/\/www.diablofans.cz\/d2\/herni-postavy-paladin-skilly-defensive-auras\">Defensive Auras<\/a>\u00a0\u2013 <a href=\"https:\/\/www.diablofans.cz\/d2\/herni-postavy-paladin-skilly-offensive-auras\">Offensive Auras<\/a>\u00a0\u2013 <strong><a href=\"https:\/\/www.diablofans.cz\/d2\/herni-postavy-paladin-skilly-combat-skills\">Combat\u00a0Skills<\/a><\/strong><\/p>\n<div style=\"float: right; width: 160px; \">\n<table>\n<tbody>\n<tr>\n<td><a href=\"https:\/\/www.diablofans.cz\/d2\/herni-postavy-paladin-skilly-combat-skills-sacrifice\">Sacrifice<\/a><\/td>\n<\/tr>\n<tr>\n<td><a href=\"https:\/\/www.diablofans.cz\/d2\/herni-postavy-paladin-skilly-combat-skills-smite\">Smite<\/a><\/td>\n<\/tr>\n<tr>\n<td><a href=\"https:\/\/www.diablofans.cz\/d2\/herni-postavy-paladin-skilly-combat-skills-holy-bolt\">Holy Bolt<\/a><\/td>\n<\/tr>\n<tr>\n<td><strong><a href=\"https:\/\/www.diablofans.cz\/d2\/herni-postavy-paladin-skilly-combat-skills-zeal\">Zeal<\/a><\/strong><\/td>\n<\/tr>\n<tr>\n<td><a href=\"https:\/\/www.diablofans.cz\/d2\/herni-postavy-paladin-skilly-combat-skills-charge\">Charge<\/a><\/td>\n<\/tr>\n<tr>\n<td><a href=\"https:\/\/www.diablofans.cz\/d2\/herni-postavy-paladin-skilly-combat-skills-vengeance\">Vengeance<\/a><\/td>\n<\/tr>\n<tr>\n<td><a href=\"https:\/\/www.diablofans.cz\/d2\/herni-postavy-paladin-skilly-combat-skills-blessed-hammer\">Blessed Hammer<\/a><\/td>\n<\/tr>\n<tr>\n<td><a href=\"https:\/\/www.diablofans.cz\/d2\/herni-postavy-paladin-skilly-combat-skills-conversion\">Conversion<\/a><\/td>\n<\/tr>\n<tr>\n<td><a href=\"https:\/\/www.diablofans.cz\/d2\/herni-postavy-paladin-skilly-combat-skills-holy-shield\">Holy Shield<\/a><\/td>\n<\/tr>\n<tr>\n<td><a href=\"https:\/\/www.diablofans.cz\/d2\/herni-postavy-paladin-skilly-combat-skills-fist-of-the.heavens\">Fist of the Heavens<\/a><\/td>\n<\/tr>\n<\/tbody>\n<\/table><\/div>\n<h3 style=\"clear:none\">Zeal<\/h3>\n<div><img loading=\"lazy\" decoding=\"async\" src=\"https:\/\/www.diablofans.cz\/d2\/wp-content\/uploads\/2018\/08\/zeal.jpg\" alt=\"Zeal\" class=\"img-left\" width=\"48\" height=\"48\" \/><\/div>\n<ul>\n<li>Pot\u0159ebn\u00fd level: 12<\/li>\n<li>Pot\u0159ebn\u00e9 skilly: <a href=\"https:\/\/www.diablofans.cz\/d2\/herni-postavy-paladin-skilly-combat-skills-sacrifice\">Sacrifice<\/a><\/li>\n<li>Typ: N\u011bkolikan\u00e1sobn\u00fd \u00fatok na bl\u00edzko<\/li>\n<li>Lev\u00e9 tla\u010d\u00edtko: Ano<\/li>\n<\/ul>\n<p class=\"zelena\">Sacrifice dost\u00e1v\u00e1 synergick\u00e9 bonusy ze skill\u016f:<\/p>\n<ul>\n<li><a href=\"https:\/\/www.diablofans.cz\/d2\/herni-postavy-paladin-skilly-combat-skills-sacrifice\">Sacrifice<\/a>: +12\u00a0% k\u00a0fyzick\u00fdm \u0161kod\u00e1m za level<\/li>\n<\/ul>\n<p>Paladin, nad\u0161en\u00fd pro boj, tuto vlastnost nejl\u00e9pe ocen\u00ed, kdy\u017e je obkli\u010dov\u00e1n velkou hordou nep\u0159\u00e1tel. Dovede toti\u017e velmi rychle zas\u00e1hnout v\u00edce nep\u0159\u00e1tel jedin\u00fdm v\u00fdpadem, a to a\u017e p\u011bt. V\u00fdhodou je, \u017ee tyto \u00fatoky nejsou v\u011bt\u0161inou p\u0159eru\u0161ovan\u00e9. D\u00edky tomu se z\u00a0t\u00e9to dovednosti st\u00e1v\u00e1 v\u00edtan\u00e1 zbra\u0148 pro t\u011bsn\u00e9 souboje. Hr\u00e1\u010di ocen\u00ed i\u00a0fakt, \u017ee s\u00a0nad\u0161en\u00edm lze vcelku rychle sekat i\u00a0se zbran\u011bmi, je\u017e jsou za norm\u00e1ln\u00edch okolnost\u00ed pomal\u00e9 a d\u00edky tomu i\u00a0p\u0159ehl\u00ed\u017een\u00e9.<\/p>\n<h3>Tabulka<\/h3>\n<ul>\n<li>Cena Many = 2\u00a0pro v\u0161echny \u00farovn\u011b<\/li>\n<\/ul>\n<table>\n<thead>\n<tr>\n<th style=\"width:100px\">\u00darovn\u011b<\/th>\n<th style=\"width:40px\">1<\/th>\n<th style=\"width:40px\">2<\/th>\n<th style=\"width:40px\">3<\/th>\n<th style=\"width:40px\">4<\/th>\n<th style=\"width:40px\">5<\/th>\n<th style=\"width:40px\">6<\/th>\n<th style=\"width:40px\">7<\/th>\n<th style=\"width:40px\">8<\/th>\n<th style=\"width:40px\">9<\/th>\n<th style=\"width:40px\">10<\/th>\n<\/tr>\n<\/thead>\n<tbody>\n<tr>\n<td>+AR (%)<\/td>\n<td>10<\/td>\n<td>20<\/td>\n<td>30<\/td>\n<td>40<\/td>\n<td>50<\/td>\n<td>60<\/td>\n<td>70<\/td>\n<td>80<\/td>\n<td>90<\/td>\n<td>100<\/td>\n<\/tr>\n<tr>\n<td>+DMG (%)<\/td>\n<td>0<\/td>\n<td>0<\/td>\n<td>0<\/td>\n<td>0<\/td>\n<td>6<\/td>\n<td>12<\/td>\n<td>18<\/td>\n<td>24<\/td>\n<td>30<\/td>\n<td>36<\/td>\n<\/tr>\n<tr>\n<td>Po\u010det z\u00e1sah\u016f<\/td>\n<td>2<\/td>\n<td>3<\/td>\n<td>4<\/td>\n<td>5<\/td>\n<td>5<\/td>\n<td>5<\/td>\n<td>5<\/td>\n<td>5<\/td>\n<td>5<\/td>\n<td>5<\/td>\n<\/tr>\n<tr>\n<th>\u00darovn\u011b<\/th>\n<th>11<\/th>\n<th>12<\/th>\n<th>13<\/th>\n<th>14<\/th>\n<th>15<\/th>\n<th>16<\/th>\n<th>17<\/th>\n<th>18<\/th>\n<th>19<\/th>\n<th>20<\/th>\n<\/tr>\n<tr>\n<td>+AR (%)<\/td>\n<td>110<\/td>\n<td>120<\/td>\n<td>130<\/td>\n<td>140<\/td>\n<td>150<\/td>\n<td>160<\/td>\n<td>170<\/td>\n<td>180<\/td>\n<td>190<\/td>\n<td>200<\/td>\n<\/tr>\n<tr>\n<td>+DMG (%)<\/td>\n<td>42<\/td>\n<td>48<\/td>\n<td>54<\/td>\n<td>60<\/td>\n<td>66<\/td>\n<td>72<\/td>\n<td>78<\/td>\n<td>84<\/td>\n<td>90<\/td>\n<td>96<\/td>\n<\/tr>\n<tr>\n<td>Po\u010det z\u00e1sah\u016f<\/td>\n<td>5<\/td>\n<td>5<\/td>\n<td>5<\/td>\n<td>5<\/td>\n<td>5<\/td>\n<td>5<\/td>\n<td>5<\/td>\n<td>5<\/td>\n<td>5<\/td>\n<td>5<\/td>\n<\/tr>\n<\/tbody>\n<\/table>\n<table>\n<thead>\n<tr>\n<th style=\"width:100px\">\u00darovn\u011b<\/th>\n<th style=\"width:40px\">21<\/th>\n<th style=\"width:40px\">22<\/th>\n<th style=\"width:40px\">23<\/th>\n<th style=\"width:40px\">24<\/th>\n<th style=\"width:40px\">25<\/th>\n<th style=\"width:40px\">26<\/th>\n<th style=\"width:40px\">27<\/th>\n<th style=\"width:40px\">28<\/th>\n<th style=\"width:40px\">29<\/th>\n<th style=\"width:40px\">30<\/th>\n<\/tr>\n<\/thead>\n<tbody>\n<tr>\n<td>+AR (%)<\/td>\n<td>210<\/td>\n<td>220<\/td>\n<td>230<\/td>\n<td>240<\/td>\n<td>250<\/td>\n<td>260<\/td>\n<td>270<\/td>\n<td>280<\/td>\n<td>290<\/td>\n<td>300<\/td>\n<\/tr>\n<tr>\n<td>+DMG (%)<\/td>\n<td>102<\/td>\n<td>108<\/td>\n<td>114<\/td>\n<td>120<\/td>\n<td>126<\/td>\n<td>132<\/td>\n<td>138<\/td>\n<td>144<\/td>\n<td>150<\/td>\n<td>156<\/td>\n<\/tr>\n<tr>\n<td>Po\u010det z\u00e1sah\u016f<\/td>\n<td>5<\/td>\n<td>5<\/td>\n<td>5<\/td>\n<td>5<\/td>\n<td>5<\/td>\n<td>5<\/td>\n<td>5<\/td>\n<td>5<\/td>\n<td>5<\/td>\n<td>5<\/td>\n<\/tr>\n<tr>\n<th>\u00darovn\u011b<\/th>\n<th>31<\/th>\n<th>32<\/th>\n<th>33<\/th>\n<th>34<\/th>\n<th>35<\/th>\n<th>36<\/th>\n<th>37<\/th>\n<th>38<\/th>\n<th>39<\/th>\n<th>40<\/th>\n<\/tr>\n<tr>\n<td>+AR (%)<\/td>\n<td>310<\/td>\n<td>320<\/td>\n<td>330<\/td>\n<td>340<\/td>\n<td>350<\/td>\n<td>360<\/td>\n<td>370<\/td>\n<td>380<\/td>\n<td>390<\/td>\n<td>400<\/td>\n<\/tr>\n<tr>\n<td>+DMG (%)<\/td>\n<td>162<\/td>\n<td>168<\/td>\n<td>174<\/td>\n<td>180<\/td>\n<td>186<\/td>\n<td>192<\/td>\n<td>198<\/td>\n<td>204<\/td>\n<td>210<\/td>\n<td>216<\/td>\n<\/tr>\n<tr>\n<td>Po\u010det z\u00e1sah\u016f<\/td>\n<td>5<\/td>\n<td>5<\/td>\n<td>5<\/td>\n<td>5<\/td>\n<td>5<\/td>\n<td>5<\/td>\n<td>5<\/td>\n<td>5<\/td>\n<td>5<\/td>\n<td>5<\/td>\n<\/tr>\n<\/tbody>\n<\/table>\n<p>Postava \u00fato\u010d\u00ed v\u00a0kr\u00e1tk\u00e9 sekvenci na v\u00edce c\u00edl\u016f. C\u00edle jsou n\u00e1hodn\u011b vyb\u00edr\u00e1ny a jsou zasa\u017eeny opakovan\u011b, a\u017e budou zasa\u017eeni v\u0161ichni v\u00a0dosahu. Na \u00farovni skillu 4\u00a0a vy\u0161\u0161\u00ed m\u00e1 sekvence v\u017edy 5\u00a0\u00fatok\u016f, bez ohledu na po\u010det c\u00edl\u016f v\u00a0dosahu. Pokud je k\u00a0dispozici jen jeden c\u00edl, schyt\u00e1 p\u011bt\u00a0ran.<\/p>\n<p>Sekvence \u00fatok\u016f nem\u016f\u017ee b\u00fdt zastavena blokov\u00e1n\u00edm \u0161t\u00edtem, \u010darov\u00e1n\u00edm, <a href=\"https:\/\/www.diablofans.cz\/d2\/vlastnosti-faster-hit-recovery\">hit recovery<\/a>, <a href=\"https:\/\/www.diablofans.cz\/d2\/vlastnosti-knockback\">knockbackem<\/a>, ani omr\u00e1\u010den\u00edm, pokud ji\u017e nastal \u00fasp\u011b\u0161n\u011b aspo\u0148 prvn\u00ed\u00a0\u00fader.<\/p>\n<p><span style=\"color: #ff3020;\">Zeal je p\u0159eru\u0161iteln\u00fd jen p\u0159i spu\u0161t\u011bn\u00ed skill\u016f <a href=\"https:\/\/www.diablofans.cz\/d2\/herni-postavy-amazon-skilly-passive-and-magic-dodge\">Dodge<\/a> a <a href=\"https:\/\/www.diablofans.cz\/d2\/herni-postavy-amazon-skilly-passive-and-magic-avoid\">Avoid<\/a>.<\/span> Prvn\u00ed i\u00a0n\u00e1sledn\u00fd \u00fatok se zastav\u00ed v\u00a0moment\u011b p\u0159eru\u0161en\u00ed. Pokud bude postava s\u00a0t\u011bmito dv\u011bma skilly pokra\u010dovat v\u00a0nep\u0159etr\u017eit\u00e9m \u00fato\u010den\u00ed, dal\u0161\u00ed v\u00fdpady nic netref\u00ed. Proto mus\u00ed p\u0159estat \u00fato\u010dit a za\u010d\u00edt\u00a0znovu.<\/p>\n<p>Rychlost \u00fatoku z\u00e1vis\u00ed na postav\u011b pou\u017e\u00edvaj\u00edc\u00ed Zeal, na druhu zbran\u011b, na jej\u00ed <a href=\"https:\/\/www.diablofans.cz\/d2\/vlastnosti-weapon-speed-modifier\">z\u00e1kladn\u00ed rychlosti<\/a> a na celkov\u00e9 <a href=\"https:\/\/www.diablofans.cz\/d2\/vlastnosti-increased-attack-speed\">IAS<\/a>.<\/p>\n<h3>V\u00fdpo\u010dty<\/h3>\n<ul>\n<li>+Attack Rating (%) = 10 * slvl %<\/li>\n<li>+DMG (%) =\u00a0\u201324 + 6 * slvl %, minimum = 0\u00a0%<\/li>\n<li>Po\u010det z\u00e1sah\u016f = 1 + slvl, maximum = 5<\/li>\n<\/ul>\n<p>(slvl = \u00farove\u0148 skillu)<\/p>\n<h3>V\u00fdskyt dovednosti<\/h3>\n<p><strong>N\u011bkter\u00e9 p\u0159edm\u011bty poskytuj\u00ed bonus k\u00a0tomuto skillu:<\/strong><\/p>\n<ul>\n<li>V\u0161echny p\u0159edm\u011bty typu <a href=\"https:\/\/www.diablofans.cz\/d2\/predmety-normal-scepters\">Scepter<\/a> (ilvl&gt;11): +1\u20133 to Zeal (Paladin Only) (varies)<\/li>\n<li><a href=\"https:\/\/www.diablofans.cz\/d2\/runova-slova-1-10\">Passion<\/a> zbra\u0148: +1\u00a0to Zeal\u00a0\u2013 <a href=\"https:\/\/www.diablofans.cz\/d2\/dovednosti#oskills\">oskill<\/a><\/li>\n<\/ul>\n<p><strong>Dovednost se vyskytuje na \u201enabit\u00fdch\u201c p\u0159edm\u011btech (Charges):<\/strong><\/p>\n<ul>\n<li>V\u00fdskyt pouze na Magic nebo Rare nebo crafted p\u0159edm\u011btech typu zbra\u0148 na bl\u00edzko, Scepter nebo paladinsk\u00fd\u00a0\u0161t\u00edt.<\/li>\n<li>\u00darovn\u011b: 1\u20137<\/li>\n<li>V\u00a0tabulce je zn\u00e1zorn\u011bn minim\u00e1ln\u00ed po\u017eadavek na \u00farove\u0148 p\u0159edm\u011btu (ilvl) na \u00farove\u0148 skillu spole\u010dn\u011b s\u00a0po\u010dtem n\u00e1boj\u016f (Charges)<\/li>\n<\/ul>\n<p>Pro Sceptery a paladinsk\u00e9 \u0161t\u00edty plat\u00ed:<\/p>\n<table>\n<thead>\n<tr>\n<th>\u00darove\u0148 skillu<\/th>\n<th>1<\/th>\n<th>2<\/th>\n<th>3<\/th>\n<th>4<\/th>\n<th>5<\/th>\n<th>6<\/th>\n<th>7<\/th>\n<\/tr>\n<\/thead>\n<tbody>\n<tr>\n<td>Minim\u00e1ln\u00ed ilvl<\/td>\n<td>24<\/td>\n<td>36<\/td>\n<td>48<\/td>\n<td>60<\/td>\n<td>72<\/td>\n<td>84<\/td>\n<td>96<\/td>\n<\/tr>\n<tr>\n<td>Po\u010det Charges<\/td>\n<td>33<\/td>\n<td>37<\/td>\n<td>41<\/td>\n<td>45<\/td>\n<td>48<\/td>\n<td>52<\/td>\n<td>56<\/td>\n<\/tr>\n<\/tbody>\n<\/table>\n<p>Pro zbran\u011b na bl\u00edzko plat\u00ed:<\/p>\n<table>\n<thead>\n<tr>\n<th>\u00darove\u0148 skillu<\/th>\n<th>1<\/th>\n<th>2<\/th>\n<th>3<\/th>\n<th>4<\/th>\n<\/tr>\n<\/thead>\n<tbody>\n<tr>\n<td>Minim\u00e1ln\u00ed ilvl<\/td>\n<td>33<\/td>\n<td>54<\/td>\n<td>75<\/td>\n<td>96<\/td>\n<\/tr>\n<tr>\n<td>Po\u010det Charges<\/td>\n<td>22<\/td>\n<td>25<\/td>\n<td>27<\/td>\n<td>30<\/td>\n<\/tr>\n<\/tbody>\n<\/table>\n<hr \/>\n<p><em>Vzne\u0161enost Paladin\u016f vych\u00e1z\u00ed z\u00a0jejich hlubok\u00e9 oddanosti spravedlnosti, je\u017e jim dod\u00e1v\u00e1 s\u00edlu, umo\u017e\u0148uj\u00edc\u00ed vykonat zd\u00e1nliv\u011b nemo\u017en\u00e9 \u00fakoly. Zku\u0161en\u00fd Paladin se p\u0159i obkl\u00ed\u010den\u00ed zam\u011b\u0159\u00ed na sv\u00e9 nep\u0159\u00e1tele s\u00a0tak ohromn\u00fdm nad\u0161en\u00edm a horlivost\u00ed, \u017ee dovede svou v\u00fdkonnost v\u00a0boji zn\u011bkolikan\u00e1sobit.<\/em><\/p>\n<p style=\"text-align:center\">&#8212;\u00a0\u2014 &#8212;\u00a0\u2014 &#8212;\u00a0\u2014 &#8212;\u00a0\u2014 &#8212;\u00a0\u2014 &#8212;\u00a0\u2014 &#8212;\u00a0\u2014 &#8212;\u00a0\u2014 &#8212;\u00a0\u2014 &#8212;\u00a0\u2014 &#8212;\u00a0\u2014\u00a0&#8212;<\/p>\n<p style=\"text-align:center\"><a href=\"https:\/\/www.diablofans.cz\/d2\/herni-postavy-paladin-skilly-combat-skills\">\u00ab Zp\u011bt do sekce Hern\u00ed postavy\u00a0\u2013 Paladin\u00a0\u2013 Skilly\u00a0\u2013 Combat\u00a0Skills<\/a><\/p>\n<\/p><\/div>\n<p> <!-- by Texy2! --><\/p>\n","protected":false},"excerpt":{"rendered":"<p>Paladin\u00a0\u2013 Defensive Auras\u00a0\u2013 Offensive Auras\u00a0\u2013 Combat\u00a0Skills Sacrifice Smite Holy Bolt Zeal Charge Vengeance Blessed Hammer Conversion Holy Shield Fist of the Heavens Zeal Pot\u0159ebn\u00fd level: 12 Pot\u0159ebn\u00e9 skilly: Sacrifice Typ: N\u011bkolikan\u00e1sobn\u00fd \u00fatok na bl\u00edzko Lev\u00e9 tla\u010d\u00edtko: Ano Sacrifice dost\u00e1v\u00e1 synergick\u00e9 bonusy ze skill\u016f: Sacrifice: +12\u00a0% k\u00a0fyzick\u00fdm \u0161kod\u00e1m za level Paladin, nad\u0161en\u00fd pro boj, tuto vlastnost [&#8230;]<\/p>\n<p><a class=\"btn btn-secondary understrap-read-more-link\" href=\"https:\/\/www.diablofans.cz\/d2\/herni-postavy-paladin-skilly-combat-skills-zeal\/\">\u010c\u00edst d\u00e1le&#8230;<span class=\"screen-reader-text\"> from Paladin &#8211; Skilly &#8211; Combat Skills &#8211; Zeal<\/span><\/a><\/p>\n","protected":false},"author":1,"featured_media":0,"parent":0,"menu_order":0,"comment_status":"open","ping_status":"open","template":"","meta":{"footnotes":""},"class_list":["post-3325","page","type-page","status-publish","hentry"],"_links":{"self":[{"href":"https:\/\/www.diablofans.cz\/d2\/wp-json\/wp\/v2\/pages\/3325","targetHints":{"allow":["GET"]}}],"collection":[{"href":"https:\/\/www.diablofans.cz\/d2\/wp-json\/wp\/v2\/pages"}],"about":[{"href":"https:\/\/www.diablofans.cz\/d2\/wp-json\/wp\/v2\/types\/page"}],"author":[{"embeddable":true,"href":"https:\/\/www.diablofans.cz\/d2\/wp-json\/wp\/v2\/users\/1"}],"replies":[{"embeddable":true,"href":"https:\/\/www.diablofans.cz\/d2\/wp-json\/wp\/v2\/comments?post=3325"}],"version-history":[{"count":0,"href":"https:\/\/www.diablofans.cz\/d2\/wp-json\/wp\/v2\/pages\/3325\/revisions"}],"wp:attachment":[{"href":"https:\/\/www.diablofans.cz\/d2\/wp-json\/wp\/v2\/media?parent=3325"}],"curies":[{"name":"wp","href":"https:\/\/api.w.org\/{rel}","templated":true}]}}