{"id":3335,"date":"2018-08-25T22:08:57","date_gmt":"2018-08-25T20:08:57","guid":{"rendered":"http:\/\/diablofans.ddev.site\/d2\/herni-postavy-paladin-skilly-offensive-auras-holy-fire\/"},"modified":"2018-08-25T22:08:57","modified_gmt":"2018-08-25T20:08:57","slug":"herni-postavy-paladin-skilly-offensive-auras-holy-fire","status":"publish","type":"page","link":"https:\/\/www.diablofans.cz\/d2\/herni-postavy-paladin-skilly-offensive-auras-holy-fire\/","title":{"rendered":"Paladin &#8211; Skilly &#8211; Offensive Auras &#8211; Holy Fire"},"content":{"rendered":"\n<div class=\"skilly\">\n<p style=\"text-align:center\"><a href=\"https:\/\/www.diablofans.cz\/d2\/herni-postavy-paladin\">Paladin<\/a>\u00a0\u2013 <a href=\"https:\/\/www.diablofans.cz\/d2\/herni-postavy-paladin-skilly-defensive-auras\">Defensive Auras<\/a>\u00a0\u2013 <strong><a href=\"https:\/\/www.diablofans.cz\/d2\/herni-postavy-paladin-skilly-offensive-auras\">Offensive Auras<\/a><\/strong>\u00a0\u2013 <a href=\"https:\/\/www.diablofans.cz\/d2\/herni-postavy-paladin-skilly-combat-skills\">Combat\u00a0Skills<\/a><\/p>\n<div style=\"float: right; width: 140px; \">\n<table>\n<tbody>\n<tr>\n<td><a href=\"https:\/\/www.diablofans.cz\/d2\/herni-postavy-paladin-skilly-offensive-auras-might\">Might<\/a><\/td>\n<\/tr>\n<tr>\n<td><strong><a href=\"https:\/\/www.diablofans.cz\/d2\/herni-postavy-paladin-skilly-offensive-auras-holy-fire\">Holy Fire<\/a><\/strong><\/td>\n<\/tr>\n<tr>\n<td><a href=\"https:\/\/www.diablofans.cz\/d2\/herni-postavy-paladin-skilly-offensive-auras-thorns\">Thorns<\/a><\/td>\n<\/tr>\n<tr>\n<td><a href=\"https:\/\/www.diablofans.cz\/d2\/herni-postavy-paladin-skilly-offensive-auras-blessed-aim\">Blessed Aim<\/a><\/td>\n<\/tr>\n<tr>\n<td><a href=\"https:\/\/www.diablofans.cz\/d2\/herni-postavy-paladin-skilly-offensive-auras-concentration\">Concentration<\/a><\/td>\n<\/tr>\n<tr>\n<td><a href=\"https:\/\/www.diablofans.cz\/d2\/herni-postavy-paladin-skilly-offensive-auras-holy-freeze\">Holy Freeze<\/a><\/td>\n<\/tr>\n<tr>\n<td><a href=\"https:\/\/www.diablofans.cz\/d2\/herni-postavy-paladin-skilly-offensive-auras-holy-shock\">Holy Shock<\/a><\/td>\n<\/tr>\n<tr>\n<td><a href=\"https:\/\/www.diablofans.cz\/d2\/herni-postavy-paladin-skilly-offensive-auras-sanctuary\">Sanctuary<\/a><\/td>\n<\/tr>\n<tr>\n<td><a href=\"https:\/\/www.diablofans.cz\/d2\/herni-postavy-paladin-skilly-offensive-auras-fanaticism\">Fanaticism<\/a><\/td>\n<\/tr>\n<tr>\n<td><a href=\"https:\/\/www.diablofans.cz\/d2\/herni-postavy-paladin-skilly-offensive-auras-conviction\">Conviction<\/a><\/td>\n<\/tr>\n<\/tbody>\n<\/table><\/div>\n<h3 style=\"clear:none\">Holy Fire<\/h3>\n<div><img loading=\"lazy\" decoding=\"async\" src=\"https:\/\/www.diablofans.cz\/d2\/wp-content\/uploads\/2018\/08\/holyfire.jpg\" alt=\"Holy Fire\" class=\"img-left\" width=\"48\" height=\"48\" \/><\/div>\n<ul>\n<li>Pot\u0159ebn\u00fd level: 6<\/li>\n<li>Pot\u0159ebn\u00e9 skilly: <a href=\"https:\/\/www.diablofans.cz\/d2\/herni-postavy-paladin-skilly-offensive-auras-might\">Might<\/a><\/li>\n<li>Typ: Aura ovliv\u0148uj\u00edc\u00ed tebe a nep\u0159\u00e1tele<\/li>\n<li>Lev\u00e9 tla\u010d\u00edtko: Ne<\/li>\n<\/ul>\n<p class=\"zelena\">Holy Fire dost\u00e1v\u00e1 synergick\u00e9 bonusy ze skill\u016f:<\/p>\n<ul>\n<li><a href=\"https:\/\/www.diablofans.cz\/d2\/herni-postavy-paladin-skilly-defensive-auras-resist-fire\">Resist Fire<\/a>: +18\u00a0% k\u00a0ohniv\u00fdm \u0161kod\u00e1m za level<\/li>\n<li><a href=\"https:\/\/www.diablofans.cz\/d2\/herni-postavy-paladin-skilly-defensive-auras-salvation\">Salvation<\/a>: +6\u00a0% k\u00a0ohniv\u00fdm \u0161kod\u00e1m za level<\/li>\n<\/ul>\n<p>Tato aura periodicky zra\u0148uje v\u0161echny nep\u0159\u00e1telsk\u00e9 jednotky v\u00a0dosahu ohniv\u00fdmi poryvy. P\u0159esto\u017ee jsou \u0161kody t\u011bchto poryv\u016f celkem nicotn\u00e9, je schopnost u\u017eite\u010dn\u00e1, proto\u017ee Paladinovi d\u00e1 na zbra\u0148 nem\u00e1lo ohniv\u00fdch\u00a0\u0161kod.<\/p>\n<p>Z\u00a0aury svat\u00e9ho ohn\u011b v\u0161ak mohou profitovat i\u00a0boss <strong>Aura Enchanted<\/strong> se sv\u00fdmi nohsledy, jen\u017e j\u00ed disponuje. V\u00a0mnoha p\u0159\u00edpadech tak m\u016f\u017ee nejednomu hrdinovi nehezky zatopit.<\/p>\n<h3>Tabulka<\/h3>\n<table>\n<thead>\n<tr>\n<th style=\"width:100px\">\u00darovn\u011b<\/th>\n<th style=\"width:40px\">1<\/th>\n<th style=\"width:40px\">2<\/th>\n<th style=\"width:40px\">3<\/th>\n<th style=\"width:40px\">4<\/th>\n<th style=\"width:40px\">5<\/th>\n<th style=\"width:40px\">6<\/th>\n<th style=\"width:40px\">7<\/th>\n<th style=\"width:40px\">8<\/th>\n<th style=\"width:40px\">9<\/th>\n<th style=\"width:40px\">10<\/th>\n<\/tr>\n<\/thead>\n<tbody>\n<tr>\n<td rowspan=\"2\">+Fire DMG<\/td>\n<td>6<\/td>\n<td>9<\/td>\n<td>12<\/td>\n<td>15<\/td>\n<td>18<\/td>\n<td>21<\/td>\n<td>24<\/td>\n<td>27<\/td>\n<td>33<\/td>\n<td>39<\/td>\n<\/tr>\n<tr>\n<td>18<\/td>\n<td>21<\/td>\n<td>24<\/td>\n<td>27<\/td>\n<td>30<\/td>\n<td>33<\/td>\n<td>36<\/td>\n<td>39<\/td>\n<td>45<\/td>\n<td>51<\/td>\n<\/tr>\n<tr>\n<td rowspan=\"2\">Plo\u0161n\u00e9 Fire DMG<\/td>\n<td>1<\/td>\n<td>1,5<\/td>\n<td>2<\/td>\n<td>2,5<\/td>\n<td>3<\/td>\n<td>3,5<\/td>\n<td>4<\/td>\n<td>4,5<\/td>\n<td>5,5<\/td>\n<td>6,5<\/td>\n<\/tr>\n<tr>\n<td>3<\/td>\n<td>3,5<\/td>\n<td>4<\/td>\n<td>4,5<\/td>\n<td>5<\/td>\n<td>5,5<\/td>\n<td>6<\/td>\n<td>6,5<\/td>\n<td>7,5<\/td>\n<td>8,5<\/td>\n<\/tr>\n<tr>\n<td>Dosah (y)<\/td>\n<td>4<\/td>\n<td>4,6<\/td>\n<td>5,3<\/td>\n<td>6<\/td>\n<td>6,6<\/td>\n<td>7,3<\/td>\n<td>8<\/td>\n<td>8,6<\/td>\n<td>9,3<\/td>\n<td>10<\/td>\n<\/tr>\n<tr>\n<th>\u00darovn\u011b<\/th>\n<th>11<\/th>\n<th>12<\/th>\n<th>13<\/th>\n<th>14<\/th>\n<th>15<\/th>\n<th>16<\/th>\n<th>17<\/th>\n<th>18<\/th>\n<th>19<\/th>\n<th>20<\/th>\n<\/tr>\n<tr>\n<td rowspan=\"2\">+Fire DMG<\/td>\n<td>45<\/td>\n<td>51<\/td>\n<td>57<\/td>\n<td>63<\/td>\n<td>69<\/td>\n<td>75<\/td>\n<td>84<\/td>\n<td>93<\/td>\n<td>102<\/td>\n<td>111<\/td>\n<\/tr>\n<tr>\n<td>57<\/td>\n<td>63<\/td>\n<td>69<\/td>\n<td>75<\/td>\n<td>81<\/td>\n<td>87<\/td>\n<td>96<\/td>\n<td>105<\/td>\n<td>114<\/td>\n<td>123<\/td>\n<\/tr>\n<tr>\n<td rowspan=\"2\">Plo\u0161n\u00e9 Fire DMG<\/td>\n<td>7,5<\/td>\n<td>8,5<\/td>\n<td>9,5<\/td>\n<td>10,5<\/td>\n<td>11,5<\/td>\n<td>12,5<\/td>\n<td>14<\/td>\n<td>15,5<\/td>\n<td>17<\/td>\n<td>18,5<\/td>\n<\/tr>\n<tr>\n<td>9.5<\/td>\n<td>10.5<\/td>\n<td>11,5<\/td>\n<td>12,5<\/td>\n<td>13,5<\/td>\n<td>14,5<\/td>\n<td>16<\/td>\n<td>17,5<\/td>\n<td>19<\/td>\n<td>20,5<\/td>\n<\/tr>\n<tr>\n<td>Dosah (y)<\/td>\n<td>10,6<\/td>\n<td>11,3<\/td>\n<td>12<\/td>\n<td>12,6<\/td>\n<td>13,3<\/td>\n<td>14<\/td>\n<td>14,6<\/td>\n<td>15,3<\/td>\n<td>16<\/td>\n<td>16,6<\/td>\n<\/tr>\n<\/tbody>\n<\/table>\n<table>\n<thead>\n<tr>\n<th style=\"width:100px\">\u00darovn\u011b<\/th>\n<th style=\"width:40px\">21<\/th>\n<th style=\"width:40px\">22<\/th>\n<th style=\"width:40px\">23<\/th>\n<th style=\"width:40px\">24<\/th>\n<th style=\"width:40px\">25<\/th>\n<th style=\"width:40px\">26<\/th>\n<th style=\"width:40px\">27<\/th>\n<th style=\"width:40px\">28<\/th>\n<th style=\"width:40px\">29<\/th>\n<th style=\"width:40px\">30<\/th>\n<\/tr>\n<\/thead>\n<tbody>\n<tr>\n<td rowspan=\"2\">+Fire DMG<\/td>\n<td>120<\/td>\n<td>129<\/td>\n<td>144<\/td>\n<td>159<\/td>\n<td>174<\/td>\n<td>189<\/td>\n<td>204<\/td>\n<td>219<\/td>\n<td>240<\/td>\n<td>261<\/td>\n<\/tr>\n<tr>\n<td>132<\/td>\n<td>141<\/td>\n<td>156<\/td>\n<td>171<\/td>\n<td>186<\/td>\n<td>201<\/td>\n<td>216<\/td>\n<td>231<\/td>\n<td>252<\/td>\n<td>273<\/td>\n<\/tr>\n<tr>\n<td rowspan=\"2\">Plo\u0161n\u00e9 Fire DMG<\/td>\n<td>20<\/td>\n<td>21,5<\/td>\n<td>24<\/td>\n<td>26,5<\/td>\n<td>29<\/td>\n<td>31,5<\/td>\n<td>34<\/td>\n<td>36,5<\/td>\n<td>40<\/td>\n<td>43,5<\/td>\n<\/tr>\n<tr>\n<td>22<\/td>\n<td>23,5<\/td>\n<td>26<\/td>\n<td>28,5<\/td>\n<td>31<\/td>\n<td>33,5<\/td>\n<td>36<\/td>\n<td>38,5<\/td>\n<td>42<\/td>\n<td>45,5<\/td>\n<\/tr>\n<tr>\n<td>Dosah (y)<\/td>\n<td>17,3<\/td>\n<td>18<\/td>\n<td>18,6<\/td>\n<td>19,3<\/td>\n<td>20<\/td>\n<td>20,6<\/td>\n<td>21,3<\/td>\n<td>22<\/td>\n<td>22,6<\/td>\n<td>23,3<\/td>\n<\/tr>\n<tr>\n<th>\u00darovn\u011b<\/th>\n<th>31<\/th>\n<th>32<\/th>\n<th>33<\/th>\n<th>34<\/th>\n<th>35<\/th>\n<th>36<\/th>\n<th>37<\/th>\n<th>38<\/th>\n<th>39<\/th>\n<th>40<\/th>\n<\/tr>\n<tr>\n<td rowspan=\"2\">+Fire DMG<\/td>\n<td>282<\/td>\n<td>303<\/td>\n<td>324<\/td>\n<td>345<\/td>\n<td>366<\/td>\n<td>387<\/td>\n<td>408<\/td>\n<td>429<\/td>\n<td>450<\/td>\n<td>471<\/td>\n<\/tr>\n<tr>\n<td>294<\/td>\n<td>315<\/td>\n<td>336<\/td>\n<td>357<\/td>\n<td>378<\/td>\n<td>399<\/td>\n<td>420<\/td>\n<td>441<\/td>\n<td>462<\/td>\n<td>483<\/td>\n<\/tr>\n<tr>\n<td rowspan=\"2\">Plo\u0161n\u00e9 Fire DMG<\/td>\n<td>47<\/td>\n<td>50,5<\/td>\n<td>54<\/td>\n<td>57,5<\/td>\n<td>61<\/td>\n<td>64,5<\/td>\n<td>68<\/td>\n<td>71,5<\/td>\n<td>75<\/td>\n<td>78,5<\/td>\n<\/tr>\n<tr>\n<td>49<\/td>\n<td>52,5<\/td>\n<td>56<\/td>\n<td>59,5<\/td>\n<td>63<\/td>\n<td>66,5<\/td>\n<td>70<\/td>\n<td>73,5<\/td>\n<td>77<\/td>\n<td>80,5<\/td>\n<\/tr>\n<tr>\n<td>Dosah (y)<\/td>\n<td>24<\/td>\n<td>24,6<\/td>\n<td>25,3<\/td>\n<td>26<\/td>\n<td>26,6<\/td>\n<td>27,3<\/td>\n<td>28<\/td>\n<td>28,6<\/td>\n<td>29,3<\/td>\n<td>30<\/td>\n<\/tr>\n<\/tbody>\n<\/table>\n<p>Aura ud\u011bl\u00ed ka\u017ed\u00e9 dv\u011b sekundy plo\u0161n\u00e9 ohniv\u00e9 poran\u011bn\u00ed v\u0161em nep\u0159\u00e1tel\u016fm v\u00a0dosahu \u00fa\u010dinku a p\u0159id\u00e1 ohniv\u00e9 \u0161kody na\u00a0zbra\u0148.<\/p>\n<p>Pokud je nep\u0159\u00edtel v\u00a0dosahu v\u00edce zdroj\u016f t\u00e9to aury, je poran\u011bn v\u0161emi najednou.<\/p>\n<p>Pokud postava st\u0159\u00edl\u00ed lukem nebo ku\u0161\u00ed, je cel\u00e1 ohniv\u00e1 \u0161koda p\u0159evedena na \u0161\u00edpy. <span style=\"color: #ffff20;\">Pokud vyu\u017e\u00edv\u00e1 skilly <a href=\"https:\/\/www.diablofans.cz\/d2\/herni-postavy-amazon-skilly-bow-and-crossbow-exploding-arrow\">Exploding Arrow<\/a> a <a href=\"https:\/\/www.diablofans.cz\/d2\/herni-postavy-amazon-skilly-bow-and-crossbow-immolation-arrow\">Immolation Arrow<\/a>, je ohniv\u00e1 \u0161koda p\u0159id\u00e1na k\u00a0explozivn\u00edmu plo\u0161n\u00e9mu zran\u011bn\u00ed.<\/span><\/p>\n<p>Vlastnost +Fire Skill Damage nejprve zvedne \u0161kody na skillu, pak podruh\u00e9 jako \u0161kodu na zbrani na bl\u00edzko. Funguje to stejn\u011b jako \u010darod\u011bjky skill <a href=\"https:\/\/www.diablofans.cz\/d2\/herni-postavy-sorceress-skilly-fire-spells-fire-mastery\">Fire Mastery<\/a>.<\/p>\n<p>Bossov\u00e9 se Svat\u00fdm ohn\u011bm prost\u0159ednictv\u00edm vlastnosti Aura Enchanted maj\u00ed auru na \u00farovni dle vzorce mlvl\/6, zaokrouhleno\u00a0dol\u016f.<\/p>\n<h3>V\u00fdpo\u010dty<\/h3>\n<ul>\n<li>Fire DMG:<\/li>\n<\/ul>\n<table>\n<thead>\n<tr>\n<th>\u00darove\u0148<\/th>\n<th>1\u20138<\/th>\n<th>9\u201316<\/th>\n<th>17\u201322<\/th>\n<th>23\u201327<\/th>\n<th>28\u201399<\/th>\n<\/tr>\n<\/thead>\n<tbody>\n<tr>\n<td style=\"width:100px\">Min Fire DMG<\/td>\n<td>3*slvl + 3<\/td>\n<td>6*slvl\u00a0\u2013 21<\/td>\n<td>9*slvl\u00a0\u2013 69<\/td>\n<td>15*slvl\u00a0\u2013 201<\/td>\n<td>21*slvl\u00a0\u2013 369<\/td>\n<\/tr>\n<tr>\n<td style=\"width:100px\">Max Fire DMG<\/td>\n<td>3*slvl + 15<\/td>\n<td>6*slvl\u00a0\u2013 9<\/td>\n<td>9*slvl\u00a0\u2013 57<\/td>\n<td>15*slvl\u00a0\u2013 189<\/td>\n<td>21*slvl\u00a0\u2013 357<\/td>\n<\/tr>\n<\/tbody>\n<\/table>\n<ul>\n<li>Plo\u0161n\u00e9 Fire DMG:<\/li>\n<\/ul>\n<table>\n<thead>\n<tr>\n<th>\u00darove\u0148<\/th>\n<th>1\u20138<\/th>\n<th>9\u201316<\/th>\n<th>17\u201322<\/th>\n<th>23\u201327<\/th>\n<th>28\u201399<\/th>\n<\/tr>\n<\/thead>\n<tbody>\n<tr>\n<td style=\"width:100px\">Min Fire DMG<\/td>\n<td>0,5*slvl+0,5<\/td>\n<td>slvl-3,5<\/td>\n<td>1,5*slvl-11,5<\/td>\n<td>2,5*slvl-33,5<\/td>\n<td>3,5*slvl-61,5<\/td>\n<\/tr>\n<tr>\n<td style=\"width:100px\">Max Fire DMG<\/td>\n<td>0,5*slvl+2,5<\/td>\n<td>slvl-1,5<\/td>\n<td>1,5*slvl-9,5<\/td>\n<td>2,5*slvl-31,5<\/td>\n<td>3,5*slvl-59,5<\/td>\n<\/tr>\n<\/tbody>\n<\/table>\n<ul>\n<li>Dosah (y) = (10 + (2 * slvl)) \/ 3\u00a0yard\u016f<\/li>\n<\/ul>\n<p>(slvl = \u00farove\u0148 skillu)<\/p>\n<h3>V\u00fdskyt dovednosti<\/h3>\n<p><strong>N\u011bkter\u00e9 p\u0159edm\u011bty poskytuj\u00ed bonus k\u00a0tomuto skillu:<\/strong><\/p>\n<ul>\n<li>V\u0161echny p\u0159edm\u011bty typu <a href=\"https:\/\/www.diablofans.cz\/d2\/predmety-normal-scepters\">Scepter<\/a> (ilvl&lt;37): +1\u20133 to Holy Fire (Paladin Only) (varies)<\/li>\n<li><a href=\"https:\/\/www.diablofans.cz\/d2\/predmety-unique-normal-swords\">Kinemil&#8217;s\u00a0Awl Giant Sword<\/a>: +6\u00a0to Holy Fire (Paladin\u00a0Only)<\/li>\n<\/ul>\n<p><strong>N\u011bkter\u00e9 p\u0159edm\u011bty spou\u0161t\u00ed tento skill:<\/strong><\/p>\n<ul>\n<li><a href=\"https:\/\/www.diablofans.cz\/d2\/runova-slova-1-10#realmova\">Dragon<\/a> brn\u011bn\u00ed\/\u0161t\u00edt: Level 14\u00a0Holy Fire Aura When Equipped<\/li>\n<li><a href=\"https:\/\/www.diablofans.cz\/d2\/runova-slova-1-10#realmova\">Hand of Justice<\/a> zbra\u0148: Level 16\u00a0Holy Fire Aura When Equipped<\/li>\n<\/ul>\n<hr \/>\n<p><em>Paladin se zapnutou ohnivou svatou aurou si sm\u011ble vykra\u010duje do bitvy, obklopen trochou s\u00edry ve v\u011btru. V\u0161e v\u00a0jeho okol\u00ed je pop\u00e1leno plam\u00ednky bo\u017esk\u00e9 cti. Proto si vyslanci Pekel mus\u00ed d\u00e1t pozor. Tento ohe\u0148 na o\u010di\u0161t\u011bn\u00ed je ur\u010den p\u0159esn\u011b pro\u00a0n\u011b.<\/em><\/p>\n<p style=\"text-align:center\">&#8212;\u00a0\u2014 &#8212;\u00a0\u2014 &#8212;\u00a0\u2014 &#8212;\u00a0\u2014 &#8212;\u00a0\u2014 &#8212;\u00a0\u2014 &#8212;\u00a0\u2014 &#8212;\u00a0\u2014 &#8212;\u00a0\u2014 &#8212;\u00a0\u2014 &#8212;\u00a0\u2014\u00a0&#8212;<\/p>\n<p style=\"text-align:center\"><a href=\"https:\/\/www.diablofans.cz\/d2\/herni-postavy-paladin-skilly-offensive-auras\">\u00ab Zp\u011bt do sekce Hern\u00ed postavy\u00a0\u2013 Paladin\u00a0\u2013 Skilly\u00a0\u2013 Offensive\u00a0Auras<\/a><\/p>\n<\/p><\/div>\n<p> <!-- by Texy2! --><\/p>\n","protected":false},"excerpt":{"rendered":"<p>Paladin\u00a0\u2013 Defensive Auras\u00a0\u2013 Offensive Auras\u00a0\u2013 Combat\u00a0Skills Might Holy Fire Thorns Blessed Aim Concentration Holy Freeze Holy Shock Sanctuary Fanaticism Conviction Holy Fire Pot\u0159ebn\u00fd level: 6 Pot\u0159ebn\u00e9 skilly: Might Typ: Aura ovliv\u0148uj\u00edc\u00ed tebe a nep\u0159\u00e1tele Lev\u00e9 tla\u010d\u00edtko: Ne Holy Fire dost\u00e1v\u00e1 synergick\u00e9 bonusy ze skill\u016f: Resist Fire: +18\u00a0% k\u00a0ohniv\u00fdm \u0161kod\u00e1m za level Salvation: +6\u00a0% k\u00a0ohniv\u00fdm \u0161kod\u00e1m [&#8230;]<\/p>\n<p><a class=\"btn btn-secondary understrap-read-more-link\" href=\"https:\/\/www.diablofans.cz\/d2\/herni-postavy-paladin-skilly-offensive-auras-holy-fire\/\">\u010c\u00edst d\u00e1le&#8230;<span class=\"screen-reader-text\"> from Paladin &#8211; Skilly &#8211; Offensive Auras &#8211; Holy Fire<\/span><\/a><\/p>\n","protected":false},"author":1,"featured_media":0,"parent":0,"menu_order":0,"comment_status":"open","ping_status":"open","template":"","meta":{"footnotes":""},"class_list":["post-3335","page","type-page","status-publish","hentry"],"_links":{"self":[{"href":"https:\/\/www.diablofans.cz\/d2\/wp-json\/wp\/v2\/pages\/3335","targetHints":{"allow":["GET"]}}],"collection":[{"href":"https:\/\/www.diablofans.cz\/d2\/wp-json\/wp\/v2\/pages"}],"about":[{"href":"https:\/\/www.diablofans.cz\/d2\/wp-json\/wp\/v2\/types\/page"}],"author":[{"embeddable":true,"href":"https:\/\/www.diablofans.cz\/d2\/wp-json\/wp\/v2\/users\/1"}],"replies":[{"embeddable":true,"href":"https:\/\/www.diablofans.cz\/d2\/wp-json\/wp\/v2\/comments?post=3335"}],"version-history":[{"count":0,"href":"https:\/\/www.diablofans.cz\/d2\/wp-json\/wp\/v2\/pages\/3335\/revisions"}],"wp:attachment":[{"href":"https:\/\/www.diablofans.cz\/d2\/wp-json\/wp\/v2\/media?parent=3335"}],"curies":[{"name":"wp","href":"https:\/\/api.w.org\/{rel}","templated":true}]}}