{"id":3339,"date":"2018-08-25T22:08:57","date_gmt":"2018-08-25T20:08:57","guid":{"rendered":"http:\/\/diablofans.ddev.site\/d2\/herni-postavy-paladin-skilly-offensive-auras-holy-freeze\/"},"modified":"2018-08-25T22:08:57","modified_gmt":"2018-08-25T20:08:57","slug":"herni-postavy-paladin-skilly-offensive-auras-holy-freeze","status":"publish","type":"page","link":"https:\/\/www.diablofans.cz\/d2\/herni-postavy-paladin-skilly-offensive-auras-holy-freeze\/","title":{"rendered":"Paladin &#8211; Skilly &#8211; Offensive Auras &#8211; Holy Freeze"},"content":{"rendered":"\n<div class=\"skilly\">\n<p style=\"text-align:center\"><a href=\"https:\/\/www.diablofans.cz\/d2\/herni-postavy-paladin\">Paladin<\/a>\u00a0\u2013 <a href=\"https:\/\/www.diablofans.cz\/d2\/herni-postavy-paladin-skilly-defensive-auras\">Defensive Auras<\/a>\u00a0\u2013 <strong><a href=\"https:\/\/www.diablofans.cz\/d2\/herni-postavy-paladin-skilly-offensive-auras\">Offensive Auras<\/a><\/strong>\u00a0\u2013 <a href=\"https:\/\/www.diablofans.cz\/d2\/herni-postavy-paladin-skilly-combat-skills\">Combat\u00a0Skills<\/a><\/p>\n<div style=\"float: right; width: 140px; \">\n<table>\n<tbody>\n<tr>\n<td><a href=\"https:\/\/www.diablofans.cz\/d2\/herni-postavy-paladin-skilly-offensive-auras-might\">Might<\/a><\/td>\n<\/tr>\n<tr>\n<td><a href=\"https:\/\/www.diablofans.cz\/d2\/herni-postavy-paladin-skilly-offensive-auras-holy-fire\">Holy Fire<\/a><\/td>\n<\/tr>\n<tr>\n<td><a href=\"https:\/\/www.diablofans.cz\/d2\/herni-postavy-paladin-skilly-offensive-auras-thorns\">Thorns<\/a><\/td>\n<\/tr>\n<tr>\n<td><a href=\"https:\/\/www.diablofans.cz\/d2\/herni-postavy-paladin-skilly-offensive-auras-blessed-aim\">Blessed Aim<\/a><\/td>\n<\/tr>\n<tr>\n<td><a href=\"https:\/\/www.diablofans.cz\/d2\/herni-postavy-paladin-skilly-offensive-auras-concentration\">Concentration<\/a><\/td>\n<\/tr>\n<tr>\n<td><strong><a href=\"https:\/\/www.diablofans.cz\/d2\/herni-postavy-paladin-skilly-offensive-auras-holy-freeze\">Holy Freeze<\/a><\/strong><\/td>\n<\/tr>\n<tr>\n<td><a href=\"https:\/\/www.diablofans.cz\/d2\/herni-postavy-paladin-skilly-offensive-auras-holy-shock\">Holy Shock<\/a><\/td>\n<\/tr>\n<tr>\n<td><a href=\"https:\/\/www.diablofans.cz\/d2\/herni-postavy-paladin-skilly-offensive-auras-sanctuary\">Sanctuary<\/a><\/td>\n<\/tr>\n<tr>\n<td><a href=\"https:\/\/www.diablofans.cz\/d2\/herni-postavy-paladin-skilly-offensive-auras-fanaticism\">Fanaticism<\/a><\/td>\n<\/tr>\n<tr>\n<td><a href=\"https:\/\/www.diablofans.cz\/d2\/herni-postavy-paladin-skilly-offensive-auras-conviction\">Conviction<\/a><\/td>\n<\/tr>\n<\/tbody>\n<\/table><\/div>\n<h3 style=\"clear:none\">Holy Freeze<\/h3>\n<div><img loading=\"lazy\" decoding=\"async\" src=\"https:\/\/www.diablofans.cz\/d2\/wp-content\/uploads\/2018\/08\/holyfreeze.jpg\" alt=\"Holy Freeze\" class=\"img-left\" width=\"48\" height=\"48\" \/><\/div>\n<ul>\n<li>Pot\u0159ebn\u00fd level: 18<\/li>\n<li>Pot\u0159ebn\u00e9 skilly: <a href=\"https:\/\/www.diablofans.cz\/d2\/herni-postavy-paladin-skilly-offensive-auras-might\">Might<\/a>, <a href=\"https:\/\/www.diablofans.cz\/d2\/herni-postavy-paladin-skilly-offensive-auras-holy-fire\">Holy Fire<\/a><\/li>\n<li>Typ: Aura ovliv\u0148uj\u00edc\u00ed tebe a nep\u0159\u00e1tele<\/li>\n<li>Lev\u00e9 tla\u010d\u00edtko: Ne<\/li>\n<\/ul>\n<p class=\"zelena\">Holy Freeze dost\u00e1v\u00e1 synergick\u00e9 bonusy ze skill\u016f:<\/p>\n<ul>\n<li><a href=\"https:\/\/www.diablofans.cz\/d2\/herni-postavy-paladin-skilly-defensive-auras-resist-cold\">Resist Cold<\/a>: +15\u00a0% k\u00a0ledov\u00fdm \u0161kod\u00e1m za level<\/li>\n<li><a href=\"https:\/\/www.diablofans.cz\/d2\/herni-postavy-paladin-skilly-defensive-auras-salvation\">Salvation<\/a>: +7\u00a0% k\u00a0ledov\u00fdm \u0161kod\u00e1m za level<\/li>\n<\/ul>\n<p>Tato aura funguje podobn\u011b jako svat\u00fd ohe\u0148. Zra\u0148uje v\u0161echny nep\u0159\u00e1telsk\u00e9 jednotky v\u00a0dosahu poryvy mrazu, ale z\u00e1rove\u0148 tak\u00e9 ovliv\u0148uje jejich schopnost pohybovat se a \u00fato\u010dit. Tato schopnost je proto velice u\u017eite\u010dn\u00e1 a cen\u011bn\u00e1, proto\u017ee Paladinovi d\u00e1 nejen nem\u00e1lo mraziv\u00fdch \u0161kod na zbra\u0148, ale tak\u00e9 mu pom\u016f\u017ee s\u00a0kontrolou davu jako nic jin\u00e9ho.<\/p>\n<p>Z\u00a0aury svat\u00e9ho mrazu v\u0161ak mohou profitovat i\u00a0<strong>Aura Enchanted<\/strong> bossov\u00e9 se sv\u00fdmi nohsledy, je\u017e j\u00ed disponuj\u00ed. V\u00a0mnoha p\u0159\u00edpadech tak p\u0159i setk\u00e1n\u00ed s\u00a0nimi nejednomu hrdinovi zamraz\u00ed. Pop\u0159\u00edpad\u011b mu rovnou vystav\u00ed stopku.<\/p>\n<p>Tuto auru t\u00e9\u017e m\u016f\u017ee pou\u017e\u00edvat ofenzivn\u00ed <a href=\"https:\/\/www.diablofans.cz\/d2\/zoldaci#lancer\">pou\u0161tn\u00ed \u017eoldn\u00e9\u0159<\/a>, <a href=\"https:\/\/www.diablofans.cz\/d2\/akt-bossove-duriel\">Duriel<\/a> a <a href=\"https:\/\/www.diablofans.cz\/d2\/uberbossove-duriel\">\u00dcber-Duriel<\/a>.<\/p>\n<h3>Tabulka<\/h3>\n<table>\n<thead>\n<tr>\n<th style=\"width:100px\">\u00darovn\u011b<\/th>\n<th style=\"width:40px\">1<\/th>\n<th style=\"width:40px\">2<\/th>\n<th style=\"width:40px\">3<\/th>\n<th style=\"width:40px\">4<\/th>\n<th style=\"width:40px\">5<\/th>\n<th style=\"width:40px\">6<\/th>\n<th style=\"width:40px\">7<\/th>\n<th style=\"width:40px\">8<\/th>\n<th style=\"width:40px\">9<\/th>\n<th style=\"width:40px\">10<\/th>\n<\/tr>\n<\/thead>\n<tbody>\n<tr>\n<td rowspan=\"2\">+Cold DMG<\/td>\n<td>10<\/td>\n<td>15<\/td>\n<td>20<\/td>\n<td>25<\/td>\n<td>30<\/td>\n<td>35<\/td>\n<td>40<\/td>\n<td>45<\/td>\n<td>55<\/td>\n<td>65<\/td>\n<\/tr>\n<tr>\n<td>15<\/td>\n<td>20<\/td>\n<td>25<\/td>\n<td>30<\/td>\n<td>35<\/td>\n<td>40<\/td>\n<td>45<\/td>\n<td>50<\/td>\n<td>60<\/td>\n<td>70<\/td>\n<\/tr>\n<tr>\n<td rowspan=\"2\">Plo\u0161n\u00e9 Cold DMG<\/td>\n<td>2<\/td>\n<td>3<\/td>\n<td>4<\/td>\n<td>5<\/td>\n<td>6<\/td>\n<td>7<\/td>\n<td>8<\/td>\n<td>9<\/td>\n<td>11<\/td>\n<td>13<\/td>\n<\/tr>\n<tr>\n<td>3<\/td>\n<td>4<\/td>\n<td>5<\/td>\n<td>6<\/td>\n<td>7<\/td>\n<td>8<\/td>\n<td>9<\/td>\n<td>10<\/td>\n<td>12<\/td>\n<td>14<\/td>\n<\/tr>\n<tr>\n<td>Zpomalen\u00ed (%)<\/td>\n<td>\u201330<\/td>\n<td>\u201334<\/td>\n<td>\u201337<\/td>\n<td>\u201340<\/td>\n<td>\u201342<\/td>\n<td>\u201344<\/td>\n<td>\u201345<\/td>\n<td>\u201346<\/td>\n<td>\u201348<\/td>\n<td>\u201348<\/td>\n<\/tr>\n<tr>\n<td>Dosah (y)<\/td>\n<td>4<\/td>\n<td>4,6<\/td>\n<td>5,3<\/td>\n<td>6<\/td>\n<td>6,6<\/td>\n<td>7,3<\/td>\n<td>8<\/td>\n<td>8,6<\/td>\n<td>9,3<\/td>\n<td>10<\/td>\n<\/tr>\n<tr>\n<th>\u00darovn\u011b<\/th>\n<th>11<\/th>\n<th>12<\/th>\n<th>13<\/th>\n<th>14<\/th>\n<th>15<\/th>\n<th>16<\/th>\n<th>17<\/th>\n<th>18<\/th>\n<th>19<\/th>\n<th>20<\/th>\n<\/tr>\n<tr>\n<td rowspan=\"2\">+Cold DMG<\/td>\n<td>75<\/td>\n<td>85<\/td>\n<td>95<\/td>\n<td>105<\/td>\n<td>115<\/td>\n<td>125<\/td>\n<td>140<\/td>\n<td>155<\/td>\n<td>170<\/td>\n<td>185<\/td>\n<\/tr>\n<tr>\n<td>80<\/td>\n<td>90<\/td>\n<td>100<\/td>\n<td>110<\/td>\n<td>120<\/td>\n<td>130<\/td>\n<td>145<\/td>\n<td>160<\/td>\n<td>175<\/td>\n<td>190<\/td>\n<\/tr>\n<tr>\n<td rowspan=\"2\">Plo\u0161n\u00e9 Cold DMG<\/td>\n<td>15<\/td>\n<td>17<\/td>\n<td>19<\/td>\n<td>21<\/td>\n<td>23<\/td>\n<td>25<\/td>\n<td>28<\/td>\n<td>31<\/td>\n<td>34<\/td>\n<td>37<\/td>\n<\/tr>\n<tr>\n<td>16<\/td>\n<td>18<\/td>\n<td>20<\/td>\n<td>22<\/td>\n<td>24<\/td>\n<td>26<\/td>\n<td>29<\/td>\n<td>32<\/td>\n<td>35<\/td>\n<td>38<\/td>\n<\/tr>\n<tr>\n<td>Zpomalen\u00ed (%)<\/td>\n<td>\u201349<\/td>\n<td>\u201350<\/td>\n<td>\u201351<\/td>\n<td>\u201351<\/td>\n<td>\u201352<\/td>\n<td>\u201353<\/td>\n<td>\u201353<\/td>\n<td>\u201353<\/td>\n<td>\u201354<\/td>\n<td>\u201354<\/td>\n<\/tr>\n<tr>\n<td>Dosah (y)<\/td>\n<td>10,6<\/td>\n<td>11,3<\/td>\n<td>12<\/td>\n<td>12,6<\/td>\n<td>13,3<\/td>\n<td>14<\/td>\n<td>14,6<\/td>\n<td>15,3<\/td>\n<td>16<\/td>\n<td>16,6<\/td>\n<\/tr>\n<\/tbody>\n<\/table>\n<table>\n<thead>\n<tr>\n<th style=\"width:100px\">\u00darovn\u011b<\/th>\n<th style=\"width:40px\">21<\/th>\n<th style=\"width:40px\">22<\/th>\n<th style=\"width:40px\">23<\/th>\n<th style=\"width:40px\">24<\/th>\n<th style=\"width:40px\">25<\/th>\n<th style=\"width:40px\">26<\/th>\n<th style=\"width:40px\">27<\/th>\n<th style=\"width:40px\">28<\/th>\n<th style=\"width:40px\">29<\/th>\n<th style=\"width:40px\">30<\/th>\n<\/tr>\n<\/thead>\n<tbody>\n<tr>\n<td rowspan=\"2\">+Cold DMG<\/td>\n<td>200<\/td>\n<td>215<\/td>\n<td>235<\/td>\n<td>255<\/td>\n<td>275<\/td>\n<td>295<\/td>\n<td>315<\/td>\n<td>335<\/td>\n<td>360<\/td>\n<td>385<\/td>\n<\/tr>\n<tr>\n<td>205<\/td>\n<td>220<\/td>\n<td>240<\/td>\n<td>260<\/td>\n<td>280<\/td>\n<td>300<\/td>\n<td>320<\/td>\n<td>340<\/td>\n<td>365<\/td>\n<td>390<\/td>\n<\/tr>\n<tr>\n<td rowspan=\"2\">Plo\u0161n\u00e9 Cold DMG<\/td>\n<td>40<\/td>\n<td>43<\/td>\n<td>47<\/td>\n<td>51<\/td>\n<td>55<\/td>\n<td>59<\/td>\n<td>63<\/td>\n<td>67<\/td>\n<td>72<\/td>\n<td>77<\/td>\n<\/tr>\n<tr>\n<td>41<\/td>\n<td>44<\/td>\n<td>48<\/td>\n<td>52<\/td>\n<td>56<\/td>\n<td>60<\/td>\n<td>64<\/td>\n<td>68<\/td>\n<td>73<\/td>\n<td>78<\/td>\n<\/tr>\n<tr>\n<td>Zpomalen\u00ed (%)<\/td>\n<td>\u201354<\/td>\n<td>\u201355<\/td>\n<td>\u201355<\/td>\n<td>\u201355<\/td>\n<td>\u201355<\/td>\n<td>\u201356<\/td>\n<td>\u201356<\/td>\n<td>\u201356<\/td>\n<td>\u201356<\/td>\n<td>\u201356<\/td>\n<\/tr>\n<tr>\n<td>Dosah (y)<\/td>\n<td>17,3<\/td>\n<td>18<\/td>\n<td>18,6<\/td>\n<td>19,3<\/td>\n<td>20<\/td>\n<td>20,6<\/td>\n<td>21,3<\/td>\n<td>22<\/td>\n<td>22,6<\/td>\n<td>23,3<\/td>\n<\/tr>\n<tr>\n<th>\u00darovn\u011b<\/th>\n<th>31<\/th>\n<th>32<\/th>\n<th>33<\/th>\n<th>34<\/th>\n<th>35<\/th>\n<th>36<\/th>\n<th>37<\/th>\n<th>38<\/th>\n<th>39<\/th>\n<th>40<\/th>\n<\/tr>\n<tr>\n<td rowspan=\"2\">+Cold DMG<\/td>\n<td>410<\/td>\n<td>435<\/td>\n<td>460<\/td>\n<td>485<\/td>\n<td>510<\/td>\n<td>535<\/td>\n<td>560<\/td>\n<td>585<\/td>\n<td>610<\/td>\n<td>635<\/td>\n<\/tr>\n<tr>\n<td>415<\/td>\n<td>440<\/td>\n<td>465<\/td>\n<td>490<\/td>\n<td>515<\/td>\n<td>540<\/td>\n<td>565<\/td>\n<td>590<\/td>\n<td>615<\/td>\n<td>640<\/td>\n<\/tr>\n<tr>\n<td rowspan=\"2\">Plo\u0161n\u00e9 Cold DMG<\/td>\n<td>82<\/td>\n<td>87<\/td>\n<td>92<\/td>\n<td>97<\/td>\n<td>102<\/td>\n<td>107<\/td>\n<td>112<\/td>\n<td>117<\/td>\n<td>122<\/td>\n<td>127<\/td>\n<\/tr>\n<tr>\n<td>83<\/td>\n<td>88<\/td>\n<td>93<\/td>\n<td>98<\/td>\n<td>103<\/td>\n<td>108<\/td>\n<td>113<\/td>\n<td>118<\/td>\n<td>123<\/td>\n<td>128<\/td>\n<\/tr>\n<tr>\n<td>Zpomalen\u00ed (%)<\/td>\n<td>\u201357<\/td>\n<td>\u201357<\/td>\n<td>\u201357<\/td>\n<td>\u201357<\/td>\n<td>\u201357<\/td>\n<td>\u201357<\/td>\n<td>\u201357<\/td>\n<td>\u201358<\/td>\n<td>\u201358<\/td>\n<td>\u201358<\/td>\n<\/tr>\n<tr>\n<td>Dosah (y)<\/td>\n<td>24<\/td>\n<td>24,6<\/td>\n<td>25,3<\/td>\n<td>26<\/td>\n<td>26,6<\/td>\n<td>27,3<\/td>\n<td>28<\/td>\n<td>28,6<\/td>\n<td>29,3<\/td>\n<td>30<\/td>\n<\/tr>\n<\/tbody>\n<\/table>\n<p>Aura ud\u011bl\u00ed ka\u017ed\u00e9 dv\u011b sekundy plo\u0161n\u00e9 mraziv\u00e9 poran\u011bn\u00ed v\u0161em nep\u0159\u00e1tel\u016fm v\u00a0dosahu \u00fa\u010dinku a p\u0159id\u00e1 mraziv\u00e9 \u0161kody na\u00a0zbra\u0148.<\/p>\n<p>Pokud je nep\u0159\u00edtel v\u00a0dosahu v\u00edce zdroj\u016f t\u00e9to aury, je poran\u011bn v\u0161emi najednou.<\/p>\n<p>Pokud postava st\u0159\u00edl\u00ed z\u00a0luku nebo ku\u0161e, je cel\u00e1 mraziv\u00e1 \u0161koda p\u0159evedena na \u0161\u00edpy. <span style=\"color: #ffff20;\">Pokud vyu\u017e\u00edv\u00e1 skill <a href=\"https:\/\/www.diablofans.cz\/d2\/herni-postavy-amazon-skilly-bow-and-crossbow-freezing-arrow\">Freezing Arrow<\/a>, je mraziv\u00e1 \u0161koda p\u0159id\u00e1na k\u00a0explozivn\u00edmu plo\u0161n\u00e9mu zran\u011bn\u00ed.<\/span><\/p>\n<p>Vlastnost +Cold Skill Damage nejprve zvedne \u0161kody na skillu, pak podruh\u00e9 jako \u0161kodu na zbrani na bl\u00edzko.<\/p>\n<p>Bossov\u00e9 se Svat\u00fdm mrazem prost\u0159ednictv\u00edm vlastnosti Aura Enchanted maj\u00ed auru na \u00farovni dle vzorce mlvl\/7, zaokrouhleno dol\u016f. Duriel m\u00e1 tento skill na \u00farovni 5\u00a0na obt\u00ed\u017enosti Normal a na \u00farovni 6\u00a0na obt\u00ed\u017enostech Nightmare a Hell. Pro \u00dcber-Duriela plat\u00ed rovn\u011b\u017e \u00farove\u0148\u00a06.<\/p>\n<p>Aura nemraz\u00ed nep\u0159\u00e1tele stejn\u00fdm zp\u016fsobem jako chladiv\u00e9 \u0161kody nap\u0159. ze zbran\u011b. Svat\u00fd mr\u00e1z je zcela unik\u00e1tn\u00ed zdroj zpomalen\u00ed a nelze ho \u017e\u00e1dn\u00fdm zp\u016fsobem zredukovat. Ani odolnost\u00ed \u010di imunitou na\u00a0chlad.<\/p>\n<p>Rychlost \u00fatoku a pohybu je zpomalena bu\u010f m\u00edrou danou skillem, nebo efektivnost\u00ed zmra\u017een\u00ed, dle toho, co je men\u0161\u00ed. D\u00edky tomu i\u00a0p\u0159es to, co je ve skillu pops\u00e1no, nikdy nem\u016f\u017ee doj\u00edt k\u00a0poklesu rychlosti pohybu nebo \u00fatoku o\u00a0v\u00edce ne\u017e 50\u00a0%, \u010deho\u017e se dos\u00e1hne ji\u017e na \u00farovni skillu\u00a012.<\/p>\n<p>Pokud m\u00e1 monstrum nulovou efektivnost mra\u017een\u00ed, nezpomal\u00ed ho ani tato\u00a0aura.<\/p>\n<p>Tato aura nefunguje na \u017e\u00e1dn\u00e9 akt bossy. Nezpomal\u00ed je ani jim neud\u011bl\u00ed \u017e\u00e1dn\u00e9 plo\u0161n\u00e9\u00a0\u0161kody.<\/p>\n<h3>V\u00fdpo\u010dty<\/h3>\n<ul>\n<li>Cold DMG:<\/li>\n<\/ul>\n<table>\n<thead>\n<tr>\n<th>\u00darove\u0148<\/th>\n<th>1\u20138<\/th>\n<th>9\u201316<\/th>\n<th>17\u201322<\/th>\n<th>23\u201327<\/th>\n<th>28\u201399<\/th>\n<\/tr>\n<\/thead>\n<tbody>\n<tr>\n<td style=\"width:100px\">Min Cold DMG<\/td>\n<td>5*slvl + 5<\/td>\n<td>10*slvl\u00a0\u2013 35<\/td>\n<td>15*slvl\u00a0\u2013 115<\/td>\n<td>20*slvl\u00a0\u2013 225<\/td>\n<td>25*slvl\u00a0\u2013 365<\/td>\n<\/tr>\n<tr>\n<td style=\"width:100px\">Max Cold DMG<\/td>\n<td>5*slvl + 10<\/td>\n<td>10*slvl\u00a0\u2013 30<\/td>\n<td>15*slvl\u00a0\u2013 110<\/td>\n<td>20*slvl\u00a0\u2013 220<\/td>\n<td>25*slvl\u00a0\u2013 360<\/td>\n<\/tr>\n<\/tbody>\n<\/table>\n<ul>\n<li>Plo\u0161n\u00e9 Cold DMG:<\/li>\n<\/ul>\n<table>\n<thead>\n<tr>\n<th>\u00darove\u0148<\/th>\n<th>1\u20138<\/th>\n<th>9\u201316<\/th>\n<th>17\u201322<\/th>\n<th>23\u201327<\/th>\n<th>28\u201399<\/th>\n<\/tr>\n<\/thead>\n<tbody>\n<tr>\n<td style=\"width:100px\">Min Cold DMG<\/td>\n<td>slvl + 1<\/td>\n<td>2*slvl\u00a0\u2013 23<\/td>\n<td>3*slvl\u00a0\u2013 23<\/td>\n<td>4*slvl\u00a0\u2013 45<\/td>\n<td>5*slvl\u00a0\u2013 73<\/td>\n<\/tr>\n<tr>\n<td style=\"width:100px\">Max Cold DMG<\/td>\n<td>slvl + 2<\/td>\n<td>2*slvl\u00a0\u2013 6<\/td>\n<td>3*slvl\u00a0\u2013 22<\/td>\n<td>4*slvl\u00a0\u2013 44<\/td>\n<td>5*slvl\u00a0\u2013 72<\/td>\n<\/tr>\n<\/tbody>\n<\/table>\n<ul>\n<li>Zpomalen\u00ed pohybu a \u00fatoku =\u00a0\u201325\u00a0\u2013 [0,35 * [(110*slvl) \/ (slvl+6)]] %, maxim\u00e1ln\u011b\u00a0\u201360\u00a0%<\/li>\n<li>Dosah (y) = (10 + (2 * slvl)) \/ 3\u00a0yard\u016f<\/li>\n<\/ul>\n<p>(slvl = \u00farove\u0148 skillu)<\/p>\n<h3>V\u00fdskyt dovednosti<\/h3>\n<p><strong>N\u011bkter\u00e9 p\u0159edm\u011bty poskytuj\u00ed bonus k\u00a0tomuto skillu:<\/strong><\/p>\n<ul>\n<li>V\u0161echny p\u0159edm\u011bty typu <a href=\"https:\/\/www.diablofans.cz\/d2\/predmety-normal-scepters\">Scepter<\/a> (ilvl&gt;18): +1\u20133 to Holy Freeze (Paladin Only) (varies)<\/li>\n<li><a href=\"https:\/\/www.diablofans.cz\/d2\/predmety-unique-exceptional-scepters\">Zakarum&#8217;s\u00a0Hand Rune Scepter<\/a>: +2\u00a0to Holy Freeze (Paladin\u00a0Only)<\/li>\n<\/ul>\n<p><strong>N\u011bkter\u00e9 p\u0159edm\u011bty spou\u0161t\u00ed tento skill:<\/strong><\/p>\n<ul>\n<li><a href=\"https:\/\/www.diablofans.cz\/d2\/runova-slova-1-10\">Doom<\/a> sekyra\/polearm\/kladivo: Level 12\u00a0Holy Freeze Aura When Equipped<\/li>\n<li><a href=\"https:\/\/www.diablofans.cz\/d2\/runova-slova-1-10#realmova\">Ice<\/a> luk\/ku\u0161e: Level 18\u00a0Holy Freeze Aura When Equipped<\/li>\n<\/ul>\n<hr \/>\n<p><em>P\u0159i pou\u017eit\u00ed t\u00e9to aury Paladin zp\u016fsob\u00ed drastick\u00fd pokles teploty vzduchu, kter\u00fd jej obklopuje. T\u00edm zmraz\u00ed sv\u00e9 nep\u0159\u00e1tele doslova na kost. Pohyb posti\u017een\u00fdch nep\u0159\u00e1tel je dramaticky omezen a jsou pak d\u00edky tomu lehko poraziteln\u00ed. Pak u\u017e nen\u00ed t\u011b\u017ek\u00e9 poslat je zp\u011bt do horouc\u00edch pekel, odkud vze\u0161li.<\/em><\/p>\n<p style=\"text-align:center\">&#8212;\u00a0\u2014 &#8212;\u00a0\u2014 &#8212;\u00a0\u2014 &#8212;\u00a0\u2014 &#8212;\u00a0\u2014 &#8212;\u00a0\u2014 &#8212;\u00a0\u2014 &#8212;\u00a0\u2014 &#8212;\u00a0\u2014 &#8212;\u00a0\u2014 &#8212;\u00a0\u2014\u00a0&#8212;<\/p>\n<p style=\"text-align:center\"><a href=\"https:\/\/www.diablofans.cz\/d2\/herni-postavy-paladin-skilly-offensive-auras\">\u00ab Zp\u011bt do sekce Hern\u00ed postavy\u00a0\u2013 Paladin\u00a0\u2013 Skilly\u00a0\u2013 Offensive\u00a0Auras<\/a><\/p>\n<\/p><\/div>\n<p> <!-- by Texy2! --><\/p>\n","protected":false},"excerpt":{"rendered":"<p>Paladin\u00a0\u2013 Defensive Auras\u00a0\u2013 Offensive Auras\u00a0\u2013 Combat\u00a0Skills Might Holy Fire Thorns Blessed Aim Concentration Holy Freeze Holy Shock Sanctuary Fanaticism Conviction Holy Freeze Pot\u0159ebn\u00fd level: 18 Pot\u0159ebn\u00e9 skilly: Might, Holy Fire Typ: Aura ovliv\u0148uj\u00edc\u00ed tebe a nep\u0159\u00e1tele Lev\u00e9 tla\u010d\u00edtko: Ne Holy Freeze dost\u00e1v\u00e1 synergick\u00e9 bonusy ze skill\u016f: Resist Cold: +15\u00a0% k\u00a0ledov\u00fdm \u0161kod\u00e1m za level Salvation: +7\u00a0% [&#8230;]<\/p>\n<p><a class=\"btn btn-secondary understrap-read-more-link\" href=\"https:\/\/www.diablofans.cz\/d2\/herni-postavy-paladin-skilly-offensive-auras-holy-freeze\/\">\u010c\u00edst d\u00e1le&#8230;<span class=\"screen-reader-text\"> from Paladin &#8211; Skilly &#8211; Offensive Auras &#8211; Holy Freeze<\/span><\/a><\/p>\n","protected":false},"author":1,"featured_media":0,"parent":0,"menu_order":0,"comment_status":"open","ping_status":"open","template":"","meta":{"footnotes":""},"class_list":["post-3339","page","type-page","status-publish","hentry"],"_links":{"self":[{"href":"https:\/\/www.diablofans.cz\/d2\/wp-json\/wp\/v2\/pages\/3339","targetHints":{"allow":["GET"]}}],"collection":[{"href":"https:\/\/www.diablofans.cz\/d2\/wp-json\/wp\/v2\/pages"}],"about":[{"href":"https:\/\/www.diablofans.cz\/d2\/wp-json\/wp\/v2\/types\/page"}],"author":[{"embeddable":true,"href":"https:\/\/www.diablofans.cz\/d2\/wp-json\/wp\/v2\/users\/1"}],"replies":[{"embeddable":true,"href":"https:\/\/www.diablofans.cz\/d2\/wp-json\/wp\/v2\/comments?post=3339"}],"version-history":[{"count":0,"href":"https:\/\/www.diablofans.cz\/d2\/wp-json\/wp\/v2\/pages\/3339\/revisions"}],"wp:attachment":[{"href":"https:\/\/www.diablofans.cz\/d2\/wp-json\/wp\/v2\/media?parent=3339"}],"curies":[{"name":"wp","href":"https:\/\/api.w.org\/{rel}","templated":true}]}}