{"id":3421,"date":"2018-08-25T22:09:01","date_gmt":"2018-08-25T20:09:01","guid":{"rendered":"http:\/\/diablofans.ddev.site\/d2\/herni-postavy-necromancer-skilly-poison-and-bone-bone-spirit\/"},"modified":"2019-03-12T11:52:03","modified_gmt":"2019-03-12T10:52:03","slug":"herni-postavy-necromancer-skilly-poison-and-bone-bone-spirit","status":"publish","type":"page","link":"https:\/\/www.diablofans.cz\/d2\/herni-postavy-necromancer-skilly-poison-and-bone-bone-spirit\/","title":{"rendered":"Necromancer &#8211; Skilly &#8211; Poison and Bone &#8211; Bone Spirit"},"content":{"rendered":"<p>&nbsp;<\/p>\n<div class=\"skilly\">\n<p style=\"text-align: center\"><a href=\"https:\/\/www.diablofans.cz\/d2\/herni-postavy-necromancer\">Necromancer<\/a> \u2013 <a href=\"https:\/\/www.diablofans.cz\/d2\/herni-postavy-necromancer-skilly-summoning\">Summoning Spells<\/a> \u2013 <strong><a href=\"https:\/\/www.diablofans.cz\/d2\/herni-postavy-necromancer-skilly-poison-and-bone\">Poison and Bone Spells<\/a><\/strong> \u2013<a href=\"https:\/\/www.diablofans.cz\/d2\/herni-postavy-necromancer-skilly-curses\">\u00a0Curses<\/a><\/p>\n<div style=\"float: right;width: 150px\">\n<table>\n<tbody>\n<tr>\n<td><a href=\"https:\/\/www.diablofans.cz\/d2\/herni-postavy-necromancer-skilly-poison-and-bone-teeth\">Teeth<\/a><\/td>\n<\/tr>\n<tr>\n<td><a href=\"https:\/\/www.diablofans.cz\/d2\/herni-postavy-necromancer-skilly-poison-and-bone-bone-armor\">Bone Armor<\/a><\/td>\n<\/tr>\n<tr>\n<td><a href=\"https:\/\/www.diablofans.cz\/d2\/herni-postavy-necromancer-skilly-poison-and-bone-poison-dagger\">Poison Dagger<\/a><\/td>\n<\/tr>\n<tr>\n<td><a href=\"https:\/\/www.diablofans.cz\/d2\/herni-postavy-necromancer-skilly-poison-and-bone-corpse-explosion\">Corpse Explosion<\/a><\/td>\n<\/tr>\n<tr>\n<td><a href=\"https:\/\/www.diablofans.cz\/d2\/herni-postavy-necromancer-skilly-poison-and-bone-bone-wall\">Bone Wall<\/a><\/td>\n<\/tr>\n<tr>\n<td><a href=\"https:\/\/www.diablofans.cz\/d2\/herni-postavy-necromancer-skilly-poison-and-bone-poison-explosion\">Poison Explosion<\/a><\/td>\n<\/tr>\n<tr>\n<td><a href=\"https:\/\/www.diablofans.cz\/d2\/herni-postavy-necromancer-skilly-poison-and-bone-bone-spear\">Bone Spear<\/a><\/td>\n<\/tr>\n<tr>\n<td><a href=\"https:\/\/www.diablofans.cz\/d2\/herni-postavy-necromancer-skilly-poison-and-bone-bone-prison\">Bone Prison<\/a><\/td>\n<\/tr>\n<tr>\n<td><a href=\"https:\/\/www.diablofans.cz\/d2\/herni-postavy-necromancer-skilly-poison-and-bone-poison-nova\">Poison Nova<\/a><\/td>\n<\/tr>\n<tr>\n<td><strong><a href=\"https:\/\/www.diablofans.cz\/d2\/herni-postavy-necromancer-skilly-poison-and-bone-bone-spirit\">Bone Spirit<\/a><\/strong><\/td>\n<\/tr>\n<\/tbody>\n<\/table>\n<\/div>\n<h3 style=\"clear: none\">Bone Spirit<\/h3>\n<div><img loading=\"lazy\" decoding=\"async\" class=\"img-left\" src=\"https:\/\/www.diablofans.cz\/d2\/wp-content\/uploads\/2018\/08\/bonespirit.jpg\" alt=\"bonespirit\" width=\"48\" height=\"48\" \/><\/div>\n<ul>\n<li>Pot\u0159ebn\u00fd level: 30<\/li>\n<li>Pot\u0159ebn\u00e9 skilly: <a href=\"https:\/\/www.diablofans.cz\/d2\/herni-postavy-necromancer-skilly-poison-and-bone-teeth\">Teeth<\/a>, <a href=\"https:\/\/www.diablofans.cz\/d2\/herni-postavy-necromancer-skilly-poison-and-bone-corpse-explosion\">Corpse Explosion<\/a>, <a href=\"https:\/\/www.diablofans.cz\/d2\/herni-postavy-necromancer-skilly-poison-and-bone-bone-spear\">Bone Spear<\/a><\/li>\n<li>Typ skillu: P\u0159ivol\u00e1vac\u00ed, nav\u00e1d\u011bn\u00e1 st\u0159ela<\/li>\n<li>Lev\u00e9 tla\u010d\u00edtko: Ano<\/li>\n<\/ul>\n<p class=\"zelena\">Bone Spirit dost\u00e1v\u00e1 synergick\u00e9 bonusy ze skill\u016f:<\/p>\n<ul>\n<li><a href=\"https:\/\/www.diablofans.cz\/d2\/herni-postavy-necromancer-skilly-poison-and-bone-teeth\">Teeth<\/a>: +6 % k magick\u00e9mu po\u0161kozen\u00ed za \u00farove\u0148<\/li>\n<li><a href=\"https:\/\/www.diablofans.cz\/d2\/herni-postavy-necromancer-skilly-poison-and-bone-bone-wall\">Bone Wall<\/a>: +6 % k magick\u00e9mu po\u0161kozen\u00ed za \u00farove\u0148<\/li>\n<li><a href=\"https:\/\/www.diablofans.cz\/d2\/herni-postavy-necromancer-skilly-poison-and-bone-bone-spear\">Bone Spear<\/a>: +6 % k magick\u00e9mu po\u0161kozen\u00ed za \u00farove\u0148<\/li>\n<li><a href=\"https:\/\/www.diablofans.cz\/d2\/herni-postavy-necromancer-skilly-poison-and-bone-bone-prison\">Bone Prison<\/a>: +6 % k magick\u00e9mu po\u0161kozen\u00ed za \u00farove\u0148<\/li>\n<\/ul>\n<p>Nekromancer vy\u010daruje kost\u011bn\u00e9ho ducha, kter\u00fd si ze skupiny nep\u0159\u00e1tel vyhled\u00e1 sv\u016fj c\u00edl a pron\u00e1sleduje ho, dokud ho nezas\u00e1hne a neud\u011bl\u00ed masivn\u00ed magick\u00e9 \u0161kody. D\u00edky tomu odpad\u00e1 nutnost p\u0159esn\u00e9ho m\u00ed\u0159en\u00ed. Nev\u00fdhodou je, \u017ee jedin\u00fd kost\u011bn\u00fd duch poran\u00ed pouze jedin\u00e9ho nep\u0159\u00edtele.<\/p>\n<p>Podobn\u00e9 kouzlo maj\u00ed ve sv\u00e9m arzen\u00e1lu <a href=\"https:\/\/www.diablofans.cz\/d2\/bestiar-4-akt#oblivionknight\">Oblivion Knighti<\/a>.<\/p>\n<h3>Tabulka<\/h3>\n<ul>\n<li>Polom\u011br\u00a0vyhled\u00e1v\u00e1n\u00ed c\u00edle = 10 yard\u016f pro v\u0161echny \u00farovn\u011b<\/li>\n<li>Interval\u00a0zam\u011b\u0159en\u00ed c\u00edle = 5 sn\u00edmk\u016f (0,2 s) pro v\u0161echny \u00farovn\u011b<\/li>\n<\/ul>\n<table>\n<thead>\n<tr>\n<th style=\"width: 124.74px\">\u00darovn\u011b<\/th>\n<th style=\"width: 49.9px\">1<\/th>\n<th style=\"width: 49.9px\">2<\/th>\n<th style=\"width: 49.89px\">3<\/th>\n<th style=\"width: 49.89px\">4<\/th>\n<th style=\"width: 49.89px\">5<\/th>\n<th style=\"width: 49.89px\">6<\/th>\n<th style=\"width: 49.89px\">7<\/th>\n<th style=\"width: 49.89px\">8<\/th>\n<th style=\"width: 49.89px\">9<\/th>\n<th style=\"width: 49.89px\">10<\/th>\n<\/tr>\n<\/thead>\n<tbody>\n<tr>\n<td style=\"width: 124.74px\">Mana<\/td>\n<td style=\"width: 49.9px;text-align: center\">12<\/td>\n<td style=\"width: 49.9px;text-align: center\">12,5<\/td>\n<td style=\"width: 49.89px;text-align: center\">13<\/td>\n<td style=\"width: 49.89px;text-align: center\">13,5<\/td>\n<td style=\"width: 49.89px;text-align: center\">14<\/td>\n<td style=\"width: 49.89px;text-align: center\">14,5<\/td>\n<td style=\"width: 49.89px;text-align: center\">15<\/td>\n<td style=\"width: 49.89px;text-align: center\">15,5<\/td>\n<td style=\"width: 49.89px;text-align: center\">16<\/td>\n<td style=\"width: 49.89px;text-align: center\">16,5<\/td>\n<\/tr>\n<tr>\n<td style=\"width: 124.74px\" rowspan=\"2\">Magic DMG<\/td>\n<td style=\"width: 49.9px;text-align: center\">20<\/td>\n<td style=\"width: 49.9px;text-align: center\">36<\/td>\n<td style=\"width: 49.89px;text-align: center\">52<\/td>\n<td style=\"width: 49.89px;text-align: center\">68<\/td>\n<td style=\"width: 49.89px;text-align: center\">84<\/td>\n<td style=\"width: 49.89px;text-align: center\">100<\/td>\n<td style=\"width: 49.89px;text-align: center\">116<\/td>\n<td style=\"width: 49.89px;text-align: center\">132<\/td>\n<td style=\"width: 49.89px;text-align: center\">149<\/td>\n<td style=\"width: 49.89px;text-align: center\">166<\/td>\n<\/tr>\n<tr>\n<td style=\"width: 49.9px;text-align: center\">30<\/td>\n<td style=\"width: 49.9px;text-align: center\">47<\/td>\n<td style=\"width: 49.89px;text-align: center\">64<\/td>\n<td style=\"width: 49.89px;text-align: center\">81<\/td>\n<td style=\"width: 49.89px;text-align: center\">98<\/td>\n<td style=\"width: 49.89px;text-align: center\">115<\/td>\n<td style=\"width: 49.89px;text-align: center\">132<\/td>\n<td style=\"width: 49.89px;text-align: center\">149<\/td>\n<td style=\"width: 49.89px;text-align: center\">167<\/td>\n<td style=\"width: 49.89px;text-align: center\">185<\/td>\n<\/tr>\n<tr>\n<th style=\"width: 124.74px\">\u00darovn\u011b<\/th>\n<th style=\"width: 49.9px\">11<\/th>\n<th style=\"width: 49.9px\">12<\/th>\n<th style=\"width: 49.89px\">13<\/th>\n<th style=\"width: 49.89px\">14<\/th>\n<th style=\"width: 49.89px\">15<\/th>\n<th style=\"width: 49.89px\">16<\/th>\n<th style=\"width: 49.89px\">17<\/th>\n<th style=\"width: 49.89px\">18<\/th>\n<th style=\"width: 49.89px\">19<\/th>\n<th style=\"width: 49.89px\">20<\/th>\n<\/tr>\n<tr>\n<td style=\"width: 124.74px\">Mana<\/td>\n<td style=\"width: 49.9px;text-align: center\">17<\/td>\n<td style=\"width: 49.9px;text-align: center\">17,5<\/td>\n<td style=\"width: 49.89px;text-align: center\">18<\/td>\n<td style=\"width: 49.89px;text-align: center\">18,5<\/td>\n<td style=\"width: 49.89px;text-align: center\">19<\/td>\n<td style=\"width: 49.89px;text-align: center\">19,5<\/td>\n<td style=\"width: 49.89px;text-align: center\">20<\/td>\n<td style=\"width: 49.89px;text-align: center\">20,5<\/td>\n<td style=\"width: 49.89px;text-align: center\">21<\/td>\n<td style=\"width: 49.89px;text-align: center\">21,5<\/td>\n<\/tr>\n<tr>\n<td style=\"width: 124.74px\" rowspan=\"2\">Magic DMG<\/td>\n<td style=\"width: 49.9px;text-align: center\">183<\/td>\n<td style=\"width: 49.9px;text-align: center\">200<\/td>\n<td style=\"width: 49.89px;text-align: center\">217<\/td>\n<td style=\"width: 49.89px;text-align: center\">234<\/td>\n<td style=\"width: 49.89px;text-align: center\">251<\/td>\n<td style=\"width: 49.89px;text-align: center\">268<\/td>\n<td style=\"width: 49.89px;text-align: center\">286<\/td>\n<td style=\"width: 49.89px;text-align: center\">304<\/td>\n<td style=\"width: 49.89px;text-align: center\">322<\/td>\n<td style=\"width: 49.89px;text-align: center\">340<\/td>\n<\/tr>\n<tr>\n<td style=\"width: 49.9px;text-align: center\">203<\/td>\n<td style=\"width: 49.9px;text-align: center\">221<\/td>\n<td style=\"width: 49.89px;text-align: center\">239<\/td>\n<td style=\"width: 49.89px;text-align: center\">257<\/td>\n<td style=\"width: 49.89px;text-align: center\">275<\/td>\n<td style=\"width: 49.89px;text-align: center\">293<\/td>\n<td style=\"width: 49.89px;text-align: center\">312<\/td>\n<td style=\"width: 49.89px;text-align: center\">331<\/td>\n<td style=\"width: 49.89px;text-align: center\">350<\/td>\n<td style=\"width: 49.89px;text-align: center\">369<\/td>\n<\/tr>\n<\/tbody>\n<\/table>\n<table>\n<thead>\n<tr>\n<th style=\"width: 100px\">\u00darovn\u011b<\/th>\n<th style=\"width: 40px\">21<\/th>\n<th style=\"width: 40px\">22<\/th>\n<th style=\"width: 40px\">23<\/th>\n<th style=\"width: 40px\">24<\/th>\n<th style=\"width: 40px\">25<\/th>\n<th style=\"width: 40px\">26<\/th>\n<th style=\"width: 40px\">27<\/th>\n<th style=\"width: 40px\">28<\/th>\n<th style=\"width: 40px\">29<\/th>\n<th style=\"width: 40px\">30<\/th>\n<\/tr>\n<\/thead>\n<tbody>\n<tr>\n<td>Mana<\/td>\n<td style=\"text-align: center\">22<\/td>\n<td style=\"text-align: center\">22,5<\/td>\n<td style=\"text-align: center\">23<\/td>\n<td style=\"text-align: center\">23,5<\/td>\n<td style=\"text-align: center\">24<\/td>\n<td style=\"text-align: center\">24,5<\/td>\n<td style=\"text-align: center\">25<\/td>\n<td style=\"text-align: center\">25,5<\/td>\n<td style=\"text-align: center\">26<\/td>\n<td style=\"text-align: center\">26,5<\/td>\n<\/tr>\n<tr>\n<td rowspan=\"2\">Magic DMG<\/td>\n<td style=\"text-align: center\">358<\/td>\n<td style=\"text-align: center\">376<\/td>\n<td style=\"text-align: center\">395<\/td>\n<td style=\"text-align: center\">414<\/td>\n<td style=\"text-align: center\">433<\/td>\n<td style=\"text-align: center\">452<\/td>\n<td style=\"text-align: center\">471<\/td>\n<td style=\"text-align: center\">490<\/td>\n<td style=\"text-align: center\">510<\/td>\n<td style=\"text-align: center\">530<\/td>\n<\/tr>\n<tr>\n<td style=\"text-align: center\">388<\/td>\n<td style=\"text-align: center\">407<\/td>\n<td style=\"text-align: center\">427<\/td>\n<td style=\"text-align: center\">447<\/td>\n<td style=\"text-align: center\">467<\/td>\n<td style=\"text-align: center\">487<\/td>\n<td style=\"text-align: center\">507<\/td>\n<td style=\"text-align: center\">527<\/td>\n<td style=\"text-align: center\">548<\/td>\n<td style=\"text-align: center\">569<\/td>\n<\/tr>\n<tr>\n<th>\u00darovn\u011b<\/th>\n<th>31<\/th>\n<th>32<\/th>\n<th>33<\/th>\n<th>34<\/th>\n<th>35<\/th>\n<th>36<\/th>\n<th>37<\/th>\n<th>38<\/th>\n<th>39<\/th>\n<th>40<\/th>\n<\/tr>\n<tr>\n<td>Mana<\/td>\n<td style=\"text-align: center\">27<\/td>\n<td style=\"text-align: center\">27,5<\/td>\n<td style=\"text-align: center\">28<\/td>\n<td style=\"text-align: center\">28,5<\/td>\n<td style=\"text-align: center\">29<\/td>\n<td style=\"text-align: center\">29,5<\/td>\n<td style=\"text-align: center\">30<\/td>\n<td style=\"text-align: center\">30,5<\/td>\n<td style=\"text-align: center\">31<\/td>\n<td style=\"text-align: center\">31,5<\/td>\n<\/tr>\n<tr>\n<td rowspan=\"2\">Magic DMG<\/td>\n<td style=\"text-align: center\">550<\/td>\n<td style=\"text-align: center\">570<\/td>\n<td style=\"text-align: center\">590<\/td>\n<td style=\"text-align: center\">610<\/td>\n<td style=\"text-align: center\">630<\/td>\n<td style=\"text-align: center\">650<\/td>\n<td style=\"text-align: center\">670<\/td>\n<td style=\"text-align: center\">690<\/td>\n<td style=\"text-align: center\">710<\/td>\n<td style=\"text-align: center\">730<\/td>\n<\/tr>\n<tr>\n<td style=\"text-align: center\">590<\/td>\n<td style=\"text-align: center\">611<\/td>\n<td style=\"text-align: center\">632<\/td>\n<td style=\"text-align: center\">653<\/td>\n<td style=\"text-align: center\">674<\/td>\n<td style=\"text-align: center\">695<\/td>\n<td style=\"text-align: center\">716<\/td>\n<td style=\"text-align: center\">737<\/td>\n<td style=\"text-align: center\">758<\/td>\n<td style=\"text-align: center\">779<\/td>\n<\/tr>\n<\/tbody>\n<\/table>\n<p>Postava vy\u0161le kost\u011bn\u00e9ho ducha, kter\u00fd se zam\u011b\u0159\u00ed na jednoho nep\u0159\u00edtele v dosahu a za\u010dne ho po uplynut\u00ed intervalu 0,2 sekundy pron\u00e1sledovat. Nebo vy\u0161le ducha p\u0159\u00edmo na konkr\u00e9tn\u00ed monstrum.\u00a0P\u0159ek\u00e1\u017ek\u00e1m se v\u0161ak kost\u011bn\u00fd duch vyh\u00fdbat nebude.<\/p>\n<p>Pro\u00a0zam\u011b\u0159en\u00ed c\u00edle ho mus\u00ed Nekromancer\u00a0vid\u011bt. Kost\u011bn\u00fd duch za nep\u0159\u00edtelem nezahne nap\u0159\u00edklad\u00a0za roh, ani kdy\u017e je nep\u0159\u00edtel v dosahu vyhled\u00e1v\u00e1n\u00ed.<\/p>\n<p>C\u00edl z\u016fstane zam\u011b\u0159en, dokud ho duch nezas\u00e1hne\u00a0nebo dokud nenaraz\u00ed na pevnou p\u0159ek\u00e1\u017eku, nebo dokud c\u00edl neunikne z polom\u011bru vyhled\u00e1v\u00e1n\u00ed.<\/p>\n<p>Pokud je\u00a0hr\u00e1\u010dem vybran\u00fd nep\u0159\u00edtel\u00a0zabit, p\u0159estane Nekromancer\u00a0vytv\u00e1\u0159et nov\u00e9 kost\u011bn\u00e9 duchy\u00a0a v\u0161ichni ti, kte\u0159\u00ed je\u0161t\u011b nedolet\u011bli k zabit\u00e9mu nep\u0159\u00edteli, budou pokra\u010dovat p\u0159\u00edm\u00fdm sm\u011brem, dokud nevyprchaj\u00ed nebo nenaraz\u00ed do p\u0159ek\u00e1\u017eky. Pokud cestou zas\u00e1hnou\u00a0jin\u00e9 nep\u0159\u00e1tele, neubl\u00ed\u017e\u00ed jim. Pokud hr\u00e1\u010d vy\u0161le kost\u011bn\u00e9 duchy\u00a0na konkr\u00e9tn\u00ed monstrum, je\u017e\u00a0mezit\u00edm ustoup\u00ed do m\u00edst, kam na n\u011bj nevid\u00ed, plat\u00ed tot\u00e9\u017e.<\/p>\n<p>Kdy\u017e nen\u00ed za c\u00edl vybr\u00e1no \u017e\u00e1dn\u00e9 konkr\u00e9tn\u00ed monstrum,\u00a0kost\u011bn\u00fd duch se automaticky zam\u011b\u0159\u00ed na nejbli\u017e\u0161\u00ed v dosahu. Av\u0161ak pokud je v dosahu boss, bude obvykle zam\u011b\u0159en prim\u00e1rn\u011b bez ohledu na to, zda ostatn\u00ed monstra budou\u00a0bl\u00ed\u017ee.<\/p>\n<p>Pokud mus\u00ed kost\u011bn\u00fd duch prol\u00e9tnout hlou\u010dkem nestv\u016fr, aby se dostal k c\u00edli, prost\u011b j\u00edm prolet\u00ed, ani\u017e by n\u011bkomu ubl\u00ed\u017eil.<\/p>\n<p>Pokud nen\u00ed v dosahu vyhled\u00e1v\u00e1n\u00ed ani jedno monstrum, polet\u00ed kost\u011bn\u00fd duch v p\u0159\u00edm\u00e9m sm\u011bru tak dlouho, dokud n\u011bco nebo n\u011bkoho nezas\u00e1hne, nebo dokud nevyprch\u00e1.<\/p>\n<h3>V\u00fdpo\u010dty<\/h3>\n<ul>\n<li>Magic DMG:<\/li>\n<\/ul>\n<table>\n<thead>\n<tr>\n<th>\u00darove\u0148<\/th>\n<th>1\u20148<\/th>\n<th>9\u201416<\/th>\n<th>17\u201422<\/th>\n<th>23\u201427<\/th>\n<th>28\u201499<\/th>\n<\/tr>\n<\/thead>\n<tbody>\n<tr>\n<td>Min Magic DMG<\/td>\n<td>16*slvl + 4<\/td>\n<td>17*slvl &#8211; 4<\/td>\n<td>18*slvl &#8211; 20<\/td>\n<td>19*slvl &#8211; 42<\/td>\n<td>20*slvl &#8211; 70<\/td>\n<\/tr>\n<tr>\n<td>Max Magic DMG<\/td>\n<td>17*slvl + 13<\/td>\n<td>18*slvl + 5<\/td>\n<td>19*slvl &#8211; 11<\/td>\n<td>20*slvl &#8211; 33<\/td>\n<td>21*slvl &#8211; 61<\/td>\n<\/tr>\n<\/tbody>\n<\/table>\n<ul>\n<li>Mana = 11,5 + 0,5 * slvl<\/li>\n<\/ul>\n<p>(slvl = \u00farove\u0148 skillu)<\/p>\n<h3>V\u00fdskyt dovednosti<\/h3>\n<p><strong>N\u011bkter\u00e9 p\u0159edm\u011bty poskytuj\u00ed bonus k tomuto skillu:<\/strong><\/p>\n<ul>\n<li>V\u0161echny p\u0159edm\u011bty typu <a href=\"https:\/\/www.diablofans.cz\/d2\/predmety-normal-wands\">Wand<\/a> a <a href=\"https:\/\/www.diablofans.cz\/d2\/predmety-normal-necromancer-shrunken-heads\">Shrunken Heads<\/a> (ilvl&gt;36): +1\u20133 to Bone Spirit (Necromancer Only) (varies)<\/li>\n<li><a href=\"https:\/\/www.diablofans.cz\/d2\/predmety-unique-elite-wands\">Boneshade Lich Wand<\/a>: +1\u20132 to Bone Spirit (Necromancer Only) (varies)<\/li>\n<\/ul>\n<p><strong>N\u011bkter\u00e9 p\u0159edm\u011bty spou\u0161t\u00ed tuto dovednost:<\/strong><\/p>\n<ul>\n<li><a href=\"https:\/\/www.diablofans.cz\/d2\/runova-slova-1-11#realmova\">Oath<\/a> Me\u010d\/Sekyra\/Palc\u00e1t: 30% Chance to Cast Level 20 Bone Spirit on Striking<\/li>\n<li><a href=\"https:\/\/www.diablofans.cz\/d2\/predmety-unique-exceptional-wands\">Arm of King Leoric Tomb Wand<\/a>: 5% Chance to Cast Level 10 Bone Spirit when Strucks<\/li>\n<\/ul>\n<p><strong>Dovednost se vyskytuje na \u201enabit\u00fdch\u201c p\u0159edm\u011btech (Charges):<\/strong><\/p>\n<ul>\n<li>V\u00fdskyt pouze na Magic, Rare, nebo Crafted p\u0159edm\u011btech typu Dagger, Wand, Shrunken Head, Amulet a Circlet.<\/li>\n<li>\u00darovn\u011b: 1\u20143<\/li>\n<li>V tabulce je zn\u00e1zorn\u011bn minim\u00e1ln\u00ed po\u017eadavek na \u00farove\u0148 p\u0159edm\u011btu (ilvl) na \u00farove\u0148 skillu spole\u010dn\u011b s po\u010dtem n\u00e1boj\u016f (Charges)<\/li>\n<\/ul>\n<p>Pro Dagger, Wand a Shrunken Head plat\u00ed:<\/p>\n<table>\n<thead>\n<tr>\n<th>\u00darove\u0148 skillu<\/th>\n<th>1<\/th>\n<th>2<\/th>\n<th>3<\/th>\n<\/tr>\n<\/thead>\n<tbody>\n<tr>\n<td>Minim\u00e1ln\u00ed ilvl<\/td>\n<td style=\"text-align: center\">53<\/td>\n<td style=\"text-align: center\">76<\/td>\n<td style=\"text-align: center\">99<\/td>\n<\/tr>\n<tr>\n<td>Po\u010det Charges<\/td>\n<td style=\"text-align: center\">67<\/td>\n<td style=\"text-align: center\">75<\/td>\n<td style=\"text-align: center\">82<\/td>\n<\/tr>\n<\/tbody>\n<\/table>\n<p>Pro Amulet a Circlet plat\u00ed:<\/p>\n<table>\n<thead>\n<tr>\n<th>\u00darove\u0148 skillu<\/th>\n<th>1<\/th>\n<\/tr>\n<\/thead>\n<tbody>\n<tr>\n<td>Minim\u00e1ln\u00ed ilvl<\/td>\n<td style=\"text-align: center\">99<\/td>\n<\/tr>\n<tr>\n<td>Po\u010det Charges<\/td>\n<td style=\"text-align: center\">22<\/td>\n<\/tr>\n<\/tbody>\n<\/table>\n<hr \/>\n<p><em>Toto mocn\u00e9 kouzlo p\u0159ivol\u00e1 na kr\u00e1tkou dobu ducha zem\u0159el\u00e9ho, tou\u017e\u00edc\u00edho po pomst\u011b. Kost\u011bn\u00fd duch okam\u017eit\u011b vyhled\u00e1 sv\u016fj c\u00edl, na kter\u00fd chce za\u00fato\u010dit, a urve \u010d\u00e1st jeho du\u0161e, aby ji zanesl do \u0159\u00ed\u0161e mrtv\u00fdch. Nen\u00ed to v\u0161ak opravdov\u00e9 p\u0159ivol\u00e1vac\u00ed kouzlo, proto\u017ee Nekromance\u0159i je\u0161t\u011b neobjevili zp\u016fsob, jak tyto kost\u011bn\u00e9 duchy\u00a0ovl\u00e1dat p\u0159\u00edmo. Prozat\u00edm posta\u010duje, \u017ee\u00a0dok\u00e1\u017e\u00ed ochr\u00e1nit sebe i sv\u00e9 spojence p\u0159ed t\u00edm, \u017ee\u00a0by sv\u00fdm hn\u011bvem mohli pron\u00e1sledovat i je samotn\u00e9!<\/em><\/p>\n<p style=\"text-align: center\">\u2014\u00a0\u2014 \u2014\u00a0\u2014 \u2014\u00a0\u2014 \u2014\u00a0\u2014 \u2014\u00a0\u2014 \u2014\u00a0\u2014 \u2014\u00a0\u2014 \u2014\u00a0\u2014 \u2014\u00a0\u2014 \u2014\u00a0\u2014 \u2014\u00a0\u2014\u00a0\u2014<\/p>\n<p style=\"text-align: center\"><a href=\"https:\/\/www.diablofans.cz\/d2\/herni-postavy-necromancer-skilly-poison-and-bone\">\u00ab Zp\u011bt do sekce Hern\u00ed postavy \u2013 Necromancer \u2013 Skilly \u2013 Poison and Bone Spells<\/a><\/p>\n<\/div>\n<p><!-- by Texy2! --><\/p>\n","protected":false},"excerpt":{"rendered":"<p>&nbsp; Necromancer \u2013 Summoning Spells \u2013 Poison and Bone Spells \u2013\u00a0Curses Teeth Bone Armor Poison Dagger Corpse Explosion Bone Wall Poison Explosion Bone Spear Bone Prison Poison Nova Bone Spirit Bone Spirit Pot\u0159ebn\u00fd level: 30 Pot\u0159ebn\u00e9 skilly: Teeth, Corpse Explosion, Bone Spear Typ skillu: P\u0159ivol\u00e1vac\u00ed, nav\u00e1d\u011bn\u00e1 st\u0159ela Lev\u00e9 tla\u010d\u00edtko: Ano Bone Spirit dost\u00e1v\u00e1 synergick\u00e9 bonusy [&#8230;]<\/p>\n<p><a class=\"btn btn-secondary understrap-read-more-link\" href=\"https:\/\/www.diablofans.cz\/d2\/herni-postavy-necromancer-skilly-poison-and-bone-bone-spirit\/\">\u010c\u00edst d\u00e1le&#8230;<span class=\"screen-reader-text\"> from Necromancer &#8211; Skilly &#8211; Poison and Bone &#8211; Bone Spirit<\/span><\/a><\/p>\n","protected":false},"author":1,"featured_media":0,"parent":0,"menu_order":0,"comment_status":"open","ping_status":"open","template":"","meta":{"footnotes":""},"class_list":["post-3421","page","type-page","status-publish","hentry"],"_links":{"self":[{"href":"https:\/\/www.diablofans.cz\/d2\/wp-json\/wp\/v2\/pages\/3421","targetHints":{"allow":["GET"]}}],"collection":[{"href":"https:\/\/www.diablofans.cz\/d2\/wp-json\/wp\/v2\/pages"}],"about":[{"href":"https:\/\/www.diablofans.cz\/d2\/wp-json\/wp\/v2\/types\/page"}],"author":[{"embeddable":true,"href":"https:\/\/www.diablofans.cz\/d2\/wp-json\/wp\/v2\/users\/1"}],"replies":[{"embeddable":true,"href":"https:\/\/www.diablofans.cz\/d2\/wp-json\/wp\/v2\/comments?post=3421"}],"version-history":[{"count":4,"href":"https:\/\/www.diablofans.cz\/d2\/wp-json\/wp\/v2\/pages\/3421\/revisions"}],"predecessor-version":[{"id":3876,"href":"https:\/\/www.diablofans.cz\/d2\/wp-json\/wp\/v2\/pages\/3421\/revisions\/3876"}],"wp:attachment":[{"href":"https:\/\/www.diablofans.cz\/d2\/wp-json\/wp\/v2\/media?parent=3421"}],"curies":[{"name":"wp","href":"https:\/\/api.w.org\/{rel}","templated":true}]}}