{"id":10217,"date":"2012-04-26T18:47:00","date_gmt":"2012-04-26T18:47:00","guid":{"rendered":"http:\/\/diablofans.ddev.site\/d3\/enchantress-eirena\/"},"modified":"2018-03-13T20:04:12","modified_gmt":"2018-03-13T19:04:12","slug":"enchantress-eirena","status":"publish","type":"page","link":"https:\/\/www.diablofans.cz\/d3\/enchantress-eirena\/","title":{"rendered":"Enchantress Eirena"},"content":{"rendered":"<p style=\"text-align: right;\"><strong><em><a href=\"https:\/\/www.diablofans.cz\/d3\/enchantress-eirena\/\">Popis<\/a><\/em><\/strong> &#8211; <a href=\"https:\/\/www.diablofans.cz\/d3\/enchantress-skilly\/\">Skilly<\/a><\/p>\n<h3 style=\"text-align: right;\"><a title=\"Templar\" href=\"https:\/\/www.diablofans.cz\/d3\/templar-kormac\/\"><img decoding=\"async\" src=\"https:\/\/www.diablofans.cz\/d3\/wp-content\/uploads\/templaricon.png\" alt=\"\" \/><\/a> <a title=\"Scoundrel\" href=\"https:\/\/www.diablofans.cz\/d3\/scoundrel-lyndon\/\"><img decoding=\"async\" src=\"https:\/\/www.diablofans.cz\/d3\/wp-content\/uploads\/scoundrelicon.png\" alt=\"\" \/><\/a> <a title=\"Enchantress\" href=\"https:\/\/www.diablofans.cz\/d3\/enchantress-eirena\/\"><img decoding=\"async\" src=\"https:\/\/www.diablofans.cz\/d3\/wp-content\/uploads\/enchantressicon.png\" alt=\"\" \/><\/a><\/h3>\n<h3><span style=\"color: #008080;\">Kouzelnice Eirena<\/span><\/h3>\n<p>Mistryn\u011b magie, jej\u00ed\u017e iluze zne\u0161kod\u0148uj\u00ed a matou jej\u00ed nep\u0159\u00e1tele.<\/p>\n<h3><span style=\"color: #a52a2a;\">\u00a0\u00a0\u00a0\u00a0\u00a0\u00a0\u00a0\u00a0\u00a0\u00a0\u00a0\u00a0\u00a0\u00a0\u00a0\u00a0\u00a0\u00a0\u00a0\u00a0\u00a0\u00a0\u00a0\u00a0\u00a0\u00a0\u00a0\u00a0\u00a0\u00a0\u00a0\u00a0\u00a0\u00a0\u00a0\u00a0\u00a0\u00a0\u00a0\u00a0\u00a0\u00a0 <img decoding=\"async\" style=\"width: 36px; height: 38px;\" src=\"https:\/\/www.diablofans.cz\/d3\/wp-content\/uploads\/loreicon.png\" alt=\"\" \/><\/span><\/h3>\n<h3 style=\"text-align: center;\"><span style=\"color: #008080;\">\u00davodem<\/span><span style=\"font-size: 14px;\"><em><em><img decoding=\"async\" class=\"right\" style=\"width: 225px; height: 383px;\" title=\"Eirena\" src=\"https:\/\/www.diablofans.cz\/d3\/wp-content\/uploads\/Enchantress_avatar.png\" alt=\"\" \/><\/em><\/em><\/span><\/h3>\n<p style=\"text-align: center;\"><strong><span style=\"font-size: 14px;\"><em>\u201cV\u0161e jsem zanechala za sebou&#8230; nyn\u00ed m\u011b prov\u00e1z\u00ed jen nad\u011bje.&#8220;<\/em><\/span><\/strong><\/p>\n<p style=\"text-align: justify;\"><span style=\"font-size: 14px;\">Eirenino mistrovstv\u00ed kouzel a neoblomn\u00e1 state\u010dnost v bitv\u011b neodpov\u00edd\u00e1 jej\u00edmu ml\u00e1d\u00ed &#8211; ale jej\u00ed prav\u00fd p\u016fvod se s t\u011bmito kvalitami sm\u00ed\u0159il.<\/span><\/p>\n<p style=\"text-align: justify;\"><span style=\"font-size: 14px;\">Eirena poch\u00e1z\u00ed z \u00e9ry v\u00e1lek klan\u016f \u010darod\u011bj\u016f, kde byla sou\u010d\u00e1st\u00ed utajen\u00e9ho sesterstva m\u00e1g\u016f, zn\u00e1m\u00e9ho pod n\u00e1zvem Ruka Proroka. Kdy\u017e Prorok, jejich v\u016fdce, p\u0159edpov\u011bd\u011bl obrovskou katastrofu, kter\u00e1 nastane o p\u00e1tnact set let pozd\u011bji, Eirena a jej\u00ed sestry se zav\u00e1zaly k tomu, \u017ee zabr\u00e1n\u00ed t\u00e9to trag\u00e9dii. Tyto z\u00e1vazky nebyly pouh\u00e1 slova, Prorok ulo\u017eil cel\u00e9 sesterstvo do magick\u00e9ho sp\u00e1nku, aby bylo zachov\u00e1no a\u017e do doby katastrofy.<\/span><\/p>\n<p style=\"text-align: justify;\"><span style=\"font-size: 14px;\">P\u0159ed ned\u00e1vnem se Eirena probudila ve sv\u011bt\u011b p\u0159edzv\u011bst\u00ed katastrofy a chaosu, krajina se za ta l\u00e9ta ohromn\u011b zm\u011bnila. Jej\u00ed sestry jsou mrtv\u00e9 a Prorok nen\u00ed k nalezen\u00ed.<\/span><\/p>\n<p style=\"text-align: justify;\">\n<p style=\"text-align: justify;\"><span style=\"font-size: 14px;\">Navzdory t\u00e9to \u0161okuj\u00edc\u00ed situaci je Eirenin z\u00e1m\u011br jasn\u00fd: p\u0159enesla se do nov\u00e9 doby v nad\u011bji, \u017ee nalezne spasen\u00ed. Mohly by b\u00fdt jej\u00ed neobvykl\u00e9 projevy magie kl\u00ed\u010dem, kter\u00fd v\u00e1m pom\u016f\u017ee vyhnat zlo ze Svatyn\u011b?<\/span><\/p>\n<hr \/>\n<h3 style=\"text-align: center;\"><img decoding=\"async\" style=\"width: 36px; height: 38px;\" src=\"https:\/\/www.diablofans.cz\/d3\/wp-content\/uploads\/heroicon.png\" alt=\"\" \/><\/h3>\n<h3 style=\"text-align: center;\"><span style=\"color: #008080;\">Hlavn\u00ed znaky<\/span><\/h3>\n<h3><img loading=\"lazy\" decoding=\"async\" style=\"display: block; margin-left: auto; margin-right: auto;\" src=\"https:\/\/www.diablofans.cz\/d3\/wp-content\/uploads\/enchantresscrest.png\" alt=\"enchanresscrest\" width=\"250\" height=\"250\" \/><\/h3>\n<h4><span style=\"color: #008080;\">Vysiluj\u00edc\u00ed magie<\/span><\/h4>\n<p><img loading=\"lazy\" decoding=\"async\" class=\"vlevo\" src=\"https:\/\/www.diablofans.cz\/d3\/wp-content\/uploads\/Enchantress_feature_1.png\" alt=\"Debilitating Magic\" width=\"64\" height=\"64\" \/><\/p>\n<p style=\"text-align: justify;\">Eirenina podmaniv\u00e1 kouzla znamenaj\u00ed pro va\u0161e nep\u0159\u00e1tele zk\u00e1zu \u2013 m\u016f\u017ee je p\u0159iv\u00e9st do tranzu nebo je obr\u00e1tit proti sob\u011b a usnadnit v\u00e1m tak jejich zab\u00edjen\u00ed.<\/p>\n<h4 class=\"srovnat\"><span style=\"color: #008080;\">Tajemn\u00e9 v\u00fdbuchy<\/span><\/h4>\n<p><img loading=\"lazy\" decoding=\"async\" class=\"vlevo\" src=\"https:\/\/www.diablofans.cz\/d3\/wp-content\/uploads\/Enchantress_feature_3.png\" alt=\"Arcane Blasts\" width=\"64\" height=\"64\" \/>Eirena je schopn\u00e1 vykouzlit vlny tajemn\u00e9 s\u00edly, kter\u00e9 roztrhaj\u00ed nebo odhod\u00ed t\u011bla nep\u0159\u00e1tel.<\/p>\n<h4 class=\"srovnat\"><span style=\"color: #008080;\">Podp\u016frn\u00e1 kouzla<\/span><\/h4>\n<p><img loading=\"lazy\" decoding=\"async\" class=\"vlevo\" src=\"https:\/\/www.diablofans.cz\/d3\/wp-content\/uploads\/Enchantress_feature_2.png\" alt=\"Supportive Spells\" width=\"64\" height=\"64\" \/><\/p>\n<p>Eirenina magie je opravdu u\u017eite\u010dn\u00e1, a\u0165 u\u017e v\u00e1m posiluje \u00fatoky vra\u017eednou energi\u00ed nebo v\u00e1s ochra\u0148uje pomoc\u00ed silov\u00fdch \u0161t\u00edt\u016f.<\/p>\n<p>&nbsp;<\/p>\n<hr \/>\n<h3 style=\"text-align: center;\"><img decoding=\"async\" style=\"width: 36px; height: 38px;\" src=\"https:\/\/www.diablofans.cz\/d3\/wp-content\/uploads\/equipicon.png\" alt=\"\" \/><\/h3>\n<h3 style=\"text-align: center;\"><span style=\"color: #008080;\">V\u00fdbava<\/span><\/h3>\n<p style=\"text-align: justify;\"><a href=\"http:\/\/eu.battle.net\/d3\/en\/item\/long-staff\"><img decoding=\"async\" class=\"vpravo\" style=\"width: 66px; height: 127px;\" src=\"https:\/\/www.diablofans.cz\/d3\/wp-content\/uploads\/Enchantress_equip_3.png\" alt=\"\" \/><\/a><a href=\"http:\/\/eu.battle.net\/d3\/en\/item\/twohanded-sword\"><img decoding=\"async\" class=\"vpravo\" style=\"width: 66px; height: 127px;\" src=\"https:\/\/www.diablofans.cz\/d3\/wp-content\/uploads\/Enchantress_equip_2.png\" alt=\"\" \/><\/a><a href=\"http:\/\/eu.battle.net\/d3\/en\/item\/mirror\"><img decoding=\"async\" class=\"vpravo\" style=\"width: 66px; height: 127px;\" src=\"https:\/\/www.diablofans.cz\/d3\/wp-content\/uploads\/Enchantress_equip_1.png\" alt=\"\" \/><\/a>V bitv\u011b Eirena poskytuje podporu z d\u00e1lky, pou\u017e\u00edv\u00e1 kouzla veden\u00e9 p\u0159es hole a jin\u00e9 magick\u00e9 n\u00e1stroje slou\u017e\u00edc\u00ed k dezorientaci nep\u0159\u00e1tel a ochran\u011b jejich stoupenc\u016f. Jej\u00ed matouc\u00ed magie nezp\u016fsobuje ohromn\u00e9 po\u0161kozen\u00ed, nam\u00edsto toho se zam\u011b\u0159uje na pomot\u00e1v\u00e1n\u00ed mysl\u00ed ostatn\u00edch. Eirenino unik\u00e1tn\u00ed vybaven\u00ed \u2013 \u010darod\u011bjnick\u00e9 pom\u016fcky ur\u010den\u00e9 k v\u011b\u0161t\u011bn\u00ed a hypnotizov\u00e1n\u00ed, jako jsou o\u010di a zrcadla \u2013 povol\u00e1v\u00e1 prad\u00e1vn\u00e9 s\u00edly, kter\u00e9 j\u00ed posil\u0148uj\u00ed.<\/p>\n<p style=\"text-align: center;\"><img decoding=\"async\" style=\"width: 36px; height: 38px;\" src=\"https:\/\/www.diablofans.cz\/d3\/wp-content\/uploads\/armoricon.png\" alt=\"\" \/><\/p>\n<h3 style=\"text-align: center;\"><span style=\"color: #008080;\">V\u00fdvoj brn\u011bn\u00ed<\/span><\/h3>\n<table class=\"stred\" style=\"width: 593px; height: 504px;\" border=\"0\">\n<tbody>\n<tr>\n<td colspan=\"3\"><img loading=\"lazy\" decoding=\"async\" style=\"display: block; margin-left: auto; margin-right: auto;\" src=\"https:\/\/www.diablofans.cz\/d3\/wp-content\/uploads\/Diablo-3-Follower-Enchantress-Eirena.png\" alt=\"\" width=\"575\" height=\"326\" \/><\/td>\n<\/tr>\n<tr>\n<td>\n<p style=\"text-align: left;\">Z jej\u00ed z\u00e1kladn\u00ed drobn\u00e9 v\u00fdstroje je patrn\u00e9, \u017ee byla vychov\u00e1na v pou\u0161tn\u00edch kraj\u00edch pobl\u00ed\u017e Caldea. Neposkytuje j\u00ed p\u0159\u00edli\u0161 mnoho ochrany, ale m\u016f\u017ee se v n\u00ed snadno pohybovat.<\/p>\n<\/td>\n<td>\n<p style=\"text-align: left;\">Postupem \u010dasu si Eirena p\u0159id\u011bl\u00e1v\u00e1 k jej\u00edmu od\u011bvu dal\u0161\u00ed ochrann\u00e9 vystu\u017een\u00e9 vrstvy, v\u010detn\u011b chr\u00e1ni\u010d\u016f ramen a l\u00edmce, kter\u00fd j\u00ed chr\u00e1n\u00ed krk.<\/p>\n<\/td>\n<td style=\"text-align: center;\">\n<p style=\"text-align: left;\">Proti siln\u011bj\u0161\u00edm nep\u0159\u00e1tel\u016fm se Eirena vybavuje ocelov\u00fdmi rukavicemi a brn\u011bn\u00edm vyroben\u00fdm na m\u00edru. Od\u011bna v bitevn\u00ed zbroji Proroka je p\u0159edur\u010den\u00e1 k zdevastov\u00e1n\u00ed d\u00e9mon\u016f.<\/p>\n<\/td>\n<\/tr>\n<\/tbody>\n<\/table>\n<hr \/>\n<p style=\"text-align: center;\"><img decoding=\"async\" style=\"width: 36px; height: 38px;\" src=\"https:\/\/www.diablofans.cz\/d3\/wp-content\/uploads\/screensicon.png\" alt=\"\" \/><\/p>\n<h3 style=\"text-align: center;\"><span style=\"color: #008080;\">Screenshoty<\/span><\/h3>\n<table border=\"0\" width=\"722\">\n<tbody>\n<tr>\n<td><a href=\"\/obrazky\/npc_postavy\/followers\/follower-enchantress01-large.jpg\"><img decoding=\"async\" src=\"https:\/\/www.diablofans.cz\/d3\/wp-content\/uploads\/nahled_follower-enchantress01-large.jpg\" alt=\"\" width=\"166\" \/><\/a><\/td>\n<td><a href=\"\/obrazky\/npc_postavy\/followers\/follower-enchantress02-large.jpg\"><img loading=\"lazy\" decoding=\"async\" src=\"https:\/\/www.diablofans.cz\/d3\/wp-content\/uploads\/nahled_follower-enchantress02-large.jpg\" alt=\"\" width=\"166\" height=\"93\" \/><\/a><\/td>\n<td><a href=\"\/obrazky\/npc_postavy\/followers\/follower-enchantress03-large.jpg\"><img loading=\"lazy\" decoding=\"async\" src=\"https:\/\/www.diablofans.cz\/d3\/wp-content\/uploads\/nahled_follower-enchantress03-large.jpg\" alt=\"\" width=\"166\" height=\"93\" \/><\/a><\/td>\n<td><a href=\"\/obrazky\/npc_postavy\/followers\/follower-enchantress04-large.jpg\"><img loading=\"lazy\" decoding=\"async\" src=\"https:\/\/www.diablofans.cz\/d3\/wp-content\/uploads\/nahled_follower-enchantress04-large.jpg\" alt=\"\" width=\"166\" height=\"93\" \/><\/a><\/td>\n<\/tr>\n<\/tbody>\n<\/table>\n<hr \/>\n<p><a href=\"https:\/\/www.diablofans.cz\/d3\/followers\/\">Zp\u011bt na Followers<\/a><\/p>\n","protected":false},"excerpt":{"rendered":"<p>Popis &#8211; Skilly Kouzelnice Eirena Mistryn\u011b magie, jej\u00ed\u017e iluze zne\u0161kod\u0148uj\u00ed a matou jej\u00ed nep\u0159\u00e1tele. \u00a0\u00a0\u00a0\u00a0\u00a0\u00a0\u00a0\u00a0\u00a0\u00a0\u00a0\u00a0\u00a0\u00a0\u00a0\u00a0\u00a0\u00a0\u00a0\u00a0\u00a0\u00a0\u00a0\u00a0\u00a0\u00a0\u00a0\u00a0\u00a0\u00a0\u00a0\u00a0\u00a0\u00a0\u00a0\u00a0\u00a0\u00a0\u00a0\u00a0\u00a0\u00a0 \u00davodem \u201cV\u0161e jsem zanechala za sebou&#8230; nyn\u00ed m\u011b prov\u00e1z\u00ed jen nad\u011bje.&#8220; Eirenino mistrovstv\u00ed kouzel a neoblomn\u00e1 state\u010dnost v bitv\u011b neodpov\u00edd\u00e1 jej\u00edmu ml\u00e1d\u00ed &#8211; ale jej\u00ed prav\u00fd p\u016fvod se s t\u011bmito kvalitami sm\u00ed\u0159il. Eirena poch\u00e1z\u00ed z \u00e9ry v\u00e1lek klan\u016f \u010darod\u011bj\u016f, kde [&#8230;]<\/p>\n<p><a class=\"btn btn-secondary understrap-read-more-link\" href=\"https:\/\/www.diablofans.cz\/d3\/enchantress-eirena\/\">\u010c\u00edst d\u00e1le&#8230;<span class=\"screen-reader-text\"> from Enchantress Eirena<\/span><\/a><\/p>\n","protected":false},"author":13,"featured_media":0,"parent":0,"menu_order":0,"comment_status":"open","ping_status":"closed","template":"","meta":{"footnotes":""},"class_list":["post-10217","page","type-page","status-publish","hentry"],"_links":{"self":[{"href":"https:\/\/www.diablofans.cz\/d3\/wp-json\/wp\/v2\/pages\/10217","targetHints":{"allow":["GET"]}}],"collection":[{"href":"https:\/\/www.diablofans.cz\/d3\/wp-json\/wp\/v2\/pages"}],"about":[{"href":"https:\/\/www.diablofans.cz\/d3\/wp-json\/wp\/v2\/types\/page"}],"author":[{"embeddable":true,"href":"https:\/\/www.diablofans.cz\/d3\/wp-json\/wp\/v2\/users\/13"}],"replies":[{"embeddable":true,"href":"https:\/\/www.diablofans.cz\/d3\/wp-json\/wp\/v2\/comments?post=10217"}],"version-history":[{"count":5,"href":"https:\/\/www.diablofans.cz\/d3\/wp-json\/wp\/v2\/pages\/10217\/revisions"}],"predecessor-version":[{"id":14673,"href":"https:\/\/www.diablofans.cz\/d3\/wp-json\/wp\/v2\/pages\/10217\/revisions\/14673"}],"wp:attachment":[{"href":"https:\/\/www.diablofans.cz\/d3\/wp-json\/wp\/v2\/media?parent=10217"}],"curies":[{"name":"wp","href":"https:\/\/api.w.org\/{rel}","templated":true}]}}