{"id":10242,"date":"2012-07-31T10:22:00","date_gmt":"2012-07-31T10:22:00","guid":{"rendered":"http:\/\/diablofans.ddev.site\/d3\/battlenet-account\/"},"modified":"2012-07-31T10:22:00","modified_gmt":"2012-07-31T10:22:00","slug":"battlenet-account","status":"publish","type":"page","link":"https:\/\/www.diablofans.cz\/d3\/battlenet-account\/","title":{"rendered":"Battle.net Account"},"content":{"rendered":"<table border=\"0\" class=\"vpravo\">\n<tbody>\n<tr>\n<td>\n<p><strong>Obsah tohoto \u010dl\u00e1nku :<\/strong><\/p>\n<p>1.&nbsp;<a href=\"#bugreport\">Jak spr\u00e1vn\u011b napsat bug report<\/a><\/p>\n<\/td>\n<\/tr>\n<\/tbody>\n<\/table>\n<p style=\"text-align: left;\">&nbsp;<\/p>\n<p style=\"text-align: left;\">&nbsp;<\/p>\n<p style=\"text-align: left;\">&nbsp;<\/p>\n<p style=\"text-align: center;\"><img loading=\"lazy\" decoding=\"async\" alt=\"\" height=\"243\" src=\"https:\/\/www.diablofans.cz\/d3\/wp-content\/uploads\/Battlenet_logo.jpg\" width=\"700\" \/><\/p>\n<p style=\"text-align: left;\"><span style=\"font-size: 14px;\"><strong><span style=\"color: #800000;\">Battle.net account :&nbsp;Jak spr\u00e1vn\u011b napsat bug report<\/span><\/strong><\/span>&nbsp;<span style=\"font-size: 10px;\"><em>Ofici\u00e1ln\u00ed f\u00f3rum (<a href=\"http:\/\/us.battle.net\/d3\/en\/forum\/topic\/4926752662\">link<\/a>)<\/em><\/span><\/p>\n<p style=\"text-align: left;\">Jak jist\u011b sami moc dob\u0159e v\u00edte, tak i p\u0159es to, \u017ee p\u0159ed vyd\u00e1n\u00edm hry prob\u011bhl pom\u011brn\u011b dlouhotrvaj\u00edc\u00ed beta test, tak se ani zdaleka nepovedlo odstranit v\u0161echny bugy co jsou ve h\u0159e. Nab\u00edz\u00ed se zde ot\u00e1zka, kdy\u017e bych ve h\u0159e bug na\u0161el, v\u00edm jak a kde jej nahl\u00e1sit? P\u0159in\u00e1\u0161\u00edme v\u00e1m p\u00e1r rad od komunitn\u00edho mana\u017eera Vasadana, jak takov\u00fd &lsquo;&lsquo;bug report&lsquo;&lsquo; spr\u00e1vn\u011b napsat:<\/p>\n<p style=\"text-align: left;\"><strong><span style=\"color: #800000;\">Z\u00e1kladn\u00ed pravidla:<\/span><\/strong><br \/>\nZa prv\u00e9, zp\u011btn\u00e1 vazba NEN\u00cd chyba ve h\u0159e. Cokoliv se t\u00fdk\u00e1 zp\u011btn\u00e9 vazby, balancov\u00e1n\u00ed hern\u00edch postav, n\u00e1vrh\u016f na bosse, atd. pat\u0159\u00ed do jin\u00fdch \u010d\u00e1st\u00ed na\u0161ich f\u00f3r.<\/p>\n<p style=\"text-align: left;\">\nMou povinnost\u00ed je p\u0159e\u010d\u00edst si ka\u017ed\u00fd post tady na f\u00f3ru, nicm\u00e9n\u011b ne v\u017edy na n\u011b odpov\u00edd\u00e1m. Tak\u00e9 v\u00e1s chci poprosit, aby jste NEOBNOVOVALI mrtv\u00e9 p\u0159\u00edsp\u011bvky. Takov\u00e9 p\u0159\u00edsp\u011bvky budu ignorovat a dost mo\u017en\u00e1 je i rovnou sma\u017eu.<\/p>\n<p style=\"text-align: left;\">Kdy\u017e budete nahla\u0161ovat chybu ve h\u0159e, ud\u011blejte pros\u00edm p\u0159\u00edsp\u011bvek pro ka\u017edou chybu zvl\u00e1\u0161\u0165. P\u0159\u00edsp\u011bvky, obsahuj\u00edc\u00ed v\u00edce chyb ze hry se t\u011b\u017ece spravuj\u00ed, hlavn\u011b se m\u016f\u017ee st\u00e1t, \u017ee se d\u016fle\u017eit\u00e1 chyba ztrat\u00ed mezi p\u00e1r ne \u00fapln\u011b d\u016fle\u017eit\u00fdmi.<\/p>\n<p style=\"text-align: left;\">Pros\u00edm, pou\u017e\u00edvejte funkci &lsquo;&lsquo;Hledat&lsquo;&lsquo;, aby jste si ov\u011b\u0159ili, jestli zrovna v\u00e1\u0161 bug nebyl ji\u017e v&nbsp;minulosti nahl\u00e1\u0161en. Pokud n\u00e1hodou vytvo\u0159\u00edte duplik\u00e1tn\u00ed p\u0159\u00edsp\u011bvek, zamknu jej a odk\u00e1\u017ei v\u00e1s na t\u00e9ma kde se v\u00e1\u0161 probl\u00e9m ji\u017e \u0159e\u0161\u00ed.<br \/>\nA na konec, v&nbsp;p\u0159\u00edsp\u011bvku diskutujte pros\u00edm pouze o on\u00e9 chyb\u011b. Vyvarujte se pros\u00edm jak\u00fdchkoliv debat mimo r\u00e1mec t\u00e9matu, kter\u00e9 se net\u00fdkaj\u00ed \u0159e\u0161en\u00ed konkr\u00e9tn\u00ed chyby ve h\u0159e.<\/p>\n<p style=\"text-align: left;\"><strong><span style=\"color: #800000;\">Nahla\u0161ov\u00e1n\u00ed chyby<\/span><\/strong><br \/>\nDob\u0159e, na\u0161li jste chybu, gratuluji! Ale co te\u010f? Tento mini-n\u00e1vod v\u00e1m vysv\u011btl\u00ed jak co nejp\u0159esn\u011bji vyplnit zpr\u00e1vu o chyb\u011b.&nbsp;Kdy\u017e zakl\u00e1d\u00e1te p\u0159\u00edsp\u011bvek, pokuste se co nejp\u0159esn\u011bji rozepsat konkr\u00e9tn\u00ed chybu. M\u011bl bych b\u00fdt schopen probl\u00e9mu, kter\u00fd nahla\u0161ujete, porozum\u011bt alespo\u0148 ze 75% ji\u017e pouze z&nbsp;toho, kdy\u017e se pod\u00edv\u00e1m na popisek u t\u00e9matu va\u0161eho probl\u00e9mu. Ch\u00e1pu, \u017ee popisek m\u00e1 b\u00fdt rozumn\u011b dlouh\u00fd, ale sna\u017ete se jej napsat tak, jak nejl\u00e9pe dovedete.<\/p>\n<p style=\"text-align: left;\">\n<span style=\"color: #ff9900;\">Dobr\u00fd popisek:<\/span> &lsquo;&lsquo;Tooltip for the sklil Bash has a typo&lsquo;&lsquo; &ndash; V&nbsp;popisku u skillu bash je \u0161otek<\/p>\n<p style=\"text-align: left;\"><span style=\"color: #ff9900;\">\u0160patn\u00fd popisek<\/span>: &lsquo;&lsquo;Bug with smash skill&lsquo;&lsquo; &ndash; Chyba u m\u00e9ho monstra-ml\u00e1t\u00edc\u00edho skillu<\/p>\n<p style=\"text-align: left;\">&nbsp;<\/p>\n<p style=\"text-align: left;\">Po va\u0161em popisku vlo\u017ete stru\u010dn\u00fd popis chyby, s&nbsp;kterou jste se setkali. Vlo\u017ete tolik relevantn\u00edch informac\u00ed, kolik jen m\u016f\u017eete. Stalo se to p\u0159i h\u0159e v\u00edce hr\u00e1\u010d\u016f? V\u00edte co p\u0159esn\u011b chybu vyvolalo? M\u016f\u017eete j\u00ed p\u0159\u00edpadn\u011b demonstrovat, nebo j\u00ed nahr\u00e1t? Tyto v\u011bci pot\u0159ebuji v\u011bd\u011bt.<\/p>\n<p style=\"text-align: left;\">\nPokud v\u00edte, jak p\u0159esn\u011b jste se k&nbsp;chyb\u011b dostali, co j\u00ed p\u0159\u00edpadn\u011b mohlo zap\u0159\u00ed\u010dinit, napi\u0161te zpr\u00e1vu ve form\u011b bod\u016f, pom\u016f\u017ee n\u00e1m to rychleji chybu evidovat.&nbsp;Nezapome\u0148te k&nbsp;t\u00e9matu p\u0159ilo\u017eit obr\u00e1zek ze hry s&nbsp;konkr\u00e9tn\u00ed chybou. Pokud bude pot\u0159eba i video, p\u0159ilo\u017ete jej k&nbsp;t\u00e9matu tak\u00e9.<\/p>\n<p style=\"text-align: left;\">&nbsp;<\/p>\n<hr \/>\n<p style=\"text-align: left;\"><strong><span style=\"color: #800000;\">Typy chyb<\/span><\/strong><br \/>\nNyn\u00ed si rozebereme typy chyb, se kter\u00fdmi se nej\u010dast\u011bji v&nbsp;Diablu 3 setk\u00e1te:<\/p>\n<p style=\"text-align: left;\"><span style=\"color: #ff9900;\">Chyby t\u00fdkaj\u00edc\u00ed se soubojov\u00e9ho syst\u00e9mu (Combat bugs)<\/span> &ndash; Pokud je ve h\u0159e rozbit\u00fd sklil, vlo\u017ete do popisku t\u00e9matu n\u00e1zev skillu a typ postavy kter\u00e1 skill vlastn\u00ed.<\/p>\n<p style=\"text-align: left;\">Nap\u0159: &lsquo;&lsquo; The Barbarian&rsquo;s sklil Bash does not knock enemies away&lsquo;&lsquo; &ndash; Barbarian\u016fv sklil Bash neodhazuje nep\u0159\u00edtele dozadu<\/p>\n<p style=\"text-align: left;\"><span style=\"color: #ff9900;\">Chyby t\u00fdkaj\u00edc\u00ed se \u00dakol\u016f ve h\u0159e (Quest bugs)<\/span> &ndash; Tyto chyby mohou b\u00fdt komplikovan\u00e9. Co se jich t\u00fd\u010de, byl bych r\u00e1d, aby v&nbsp;popisku byl naps\u00e1n n\u00e1zev \u00dakolu a n\u00e1zev konkr\u00e9tn\u00ed \u010d\u00e1sti \u00fakolu, kde nastala chyba. Nezapome\u0148te p\u0159ipsat, stalo-li se v\u00e1m to p\u0159i h\u0159e v\u00edce hr\u00e1\u010d\u016f, nebo p\u0159i solo h\u0159e.<\/p>\n<p style=\"text-align: left;\">Nap\u0159: &lsquo;&lsquo;During the quest &quot;The Fire From The Sky : Slay a Wretched Mother&quot;, you cannot kill the Wretched Mother in multiplayer&lsquo;&lsquo; &ndash;<\/p>\n<p style=\"text-align: left;\">P\u0159i \u00fakolu &lsquo;&lsquo;Ohe\u0148 z Nebes: Zabij Zatracenou Matku&lsquo;&lsquo;, se mi ve h\u0159e v\u00edce hr\u00e1\u010d\u016f tuto matku neda\u0159\u00ed zab\u00edt.<\/p>\n<p style=\"text-align: left;\"><span style=\"color: #ff9900;\">Chyby v&nbsp;okol\u00ed (Environment bugs) &#8211;&nbsp;<\/span>O t\u011bchto chyb\u00e1ch pot\u0159ebuj\u00ed ur\u010dit\u00e9 specifick\u00e9 informace. Ve zpr\u00e1v\u011b pros\u00edm napi\u0161te, v&nbsp;jak\u00e9 lokaci se chyba nach\u00e1z\u00ed (popisek je nad minimapou). Kl\u00ed\u010dov\u00fd je pro m\u011b vyt\u00edpnut\u00fd obr\u00e1zek ze hry, kter\u00fd mi p\u0159esn\u011b zobraz\u00ed chybu, kterou vid\u00edte. Obr\u00e1zek vyt\u00edpnete za pomoci kl\u00e1vesy &lsquo;&lsquo;Print Screen&lsquo;&lsquo; a pozd\u011bji si jej dohled\u00e1te ve slo\u017ece Moje Dokumenty\/Diablo III\/Screenshots. Ve fin\u00e1le obr\u00e1zek nahrajte na jednu z&nbsp;hostovac\u00edch slu\u017eeb a vlo\u017ete do zpr\u00e1vy odkaz.<\/p>\n<p style=\"text-align: left;\">Nap\u0159:&lsquo;&lsquo;In New Tristram, one of the house is pink bright&lsquo;&lsquo; &ndash; V&nbsp;Nov\u00e9m Tristramu je jeden z&nbsp;dom\u016f sv\u011btle r\u016f\u017eov\u00fd<\/p>\n<hr \/>\n<p style=\"text-align: left;\"><strong><span style=\"color: #800000;\">Pad\u00e1n\u00ed hry<\/span><\/strong><br \/>\nPad\u00e1n\u00ed hry m\u00e1 kv\u016fli sv\u00e9 komplikovanosti na f\u00f3ru ji\u017e tak\u00e9 svoj\u00ed sekci. Hlavn\u00ed cesta, jak n\u00e1m p\u0159i \u0159e\u0161en\u00ed pad\u00e1n\u00ed hry m\u016f\u017eete pomoci, je ta, \u017ee vypln\u00edte tzv. Crash report, kter\u00fd se objev\u00ed po samotn\u00e9m p\u00e1du hry. Jednodu\u0161e do zpr\u00e1vy napi\u0161te, co se zhruba stalo, kdy\u017e hra spadla. Hr\u00e1l jste hru v\u00edce hr\u00e1\u010d\u016f? Bojoval jste s&nbsp;ur\u010dit\u00fdm bossem? Tak\u00e9 si nezapome\u0148te zkop\u00edrovat Identifika\u010dn\u00ed \u010c\u00edslo p\u00e1du p\u0159ed t\u00edm, ne\u017e p\u00e1d nahl\u00e1s\u00edte. Toto \u010d\u00edslo m\u016f\u017eete odeslat Z\u00e1kaznick\u00e9 Slu\u017eb\u011b, aby si pomoc\u00ed n\u011bj mohli p\u00e1d pozd\u011bji dohledat.<\/p>\n<p style=\"text-align: left;\">D\u011bkuji ze p\u0159e\u010dten\u00ed a u\u017e\u00edvejte si hru!<br \/>\nVasadan<\/p>\n","protected":false},"excerpt":{"rendered":"<p>Obsah tohoto \u010dl\u00e1nku : 1.&nbsp;Jak spr\u00e1vn\u011b napsat bug report &nbsp; &nbsp; &nbsp; Battle.net account :&nbsp;Jak spr\u00e1vn\u011b napsat bug report&nbsp;Ofici\u00e1ln\u00ed f\u00f3rum (link) Jak jist\u011b sami moc dob\u0159e v\u00edte, tak i p\u0159es to, \u017ee p\u0159ed vyd\u00e1n\u00edm hry prob\u011bhl pom\u011brn\u011b dlouhotrvaj\u00edc\u00ed beta test, tak se ani zdaleka nepovedlo odstranit v\u0161echny bugy co jsou ve h\u0159e. Nab\u00edz\u00ed se zde [&#8230;]<\/p>\n<p><a class=\"btn btn-secondary understrap-read-more-link\" href=\"https:\/\/www.diablofans.cz\/d3\/battlenet-account\/\">\u010c\u00edst d\u00e1le&#8230;<span class=\"screen-reader-text\"> from Battle.net Account<\/span><\/a><\/p>\n","protected":false},"author":15,"featured_media":0,"parent":0,"menu_order":0,"comment_status":"open","ping_status":"closed","template":"","meta":{"footnotes":""},"class_list":["post-10242","page","type-page","status-publish","hentry"],"_links":{"self":[{"href":"https:\/\/www.diablofans.cz\/d3\/wp-json\/wp\/v2\/pages\/10242","targetHints":{"allow":["GET"]}}],"collection":[{"href":"https:\/\/www.diablofans.cz\/d3\/wp-json\/wp\/v2\/pages"}],"about":[{"href":"https:\/\/www.diablofans.cz\/d3\/wp-json\/wp\/v2\/types\/page"}],"author":[{"embeddable":true,"href":"https:\/\/www.diablofans.cz\/d3\/wp-json\/wp\/v2\/users\/15"}],"replies":[{"embeddable":true,"href":"https:\/\/www.diablofans.cz\/d3\/wp-json\/wp\/v2\/comments?post=10242"}],"version-history":[{"count":0,"href":"https:\/\/www.diablofans.cz\/d3\/wp-json\/wp\/v2\/pages\/10242\/revisions"}],"wp:attachment":[{"href":"https:\/\/www.diablofans.cz\/d3\/wp-json\/wp\/v2\/media?parent=10242"}],"curies":[{"name":"wp","href":"https:\/\/api.w.org\/{rel}","templated":true}]}}