{"id":10286,"date":"2013-12-01T19:03:00","date_gmt":"2013-12-01T19:03:00","guid":{"rendered":"http:\/\/diablofans.ddev.site\/d3\/akt-bossove-1-akt-the-butcher\/"},"modified":"2013-12-01T19:03:00","modified_gmt":"2013-12-01T19:03:00","slug":"akt-bossove-1-akt-the-butcher","status":"publish","type":"page","link":"https:\/\/www.diablofans.cz\/d3\/akt-bossove-1-akt-the-butcher\/","title":{"rendered":"Akt bossov\u00e9 &#8211; 1. akt &#8211; The Butcher"},"content":{"rendered":"<p>The Butcher<\/p>\n<p><!--more--><\/p>\n<p style=\"text-align: center;\">&nbsp;<\/p>\n<p style=\"text-align: center;\"><a href=\"http:\/\/media.blizzard.com\/d3\/media\/wallpapers\/wallpaper026\/wallpaper026-1024x768.jpg\" style=\"\"><img decoding=\"async\" alt=\"\" src=\"https:\/\/www.diablofans.cz\/d3\/wp-content\/uploads\/butcherbanner.png\" style=\"width: 475px; height: 150px;\" \/><\/a><\/p>\n<p style=\"text-align: center;\">\n<img decoding=\"async\" alt=\"\" src=\"https:\/\/www.diablofans.cz\/d3\/wp-content\/uploads\/freshmeat.png\" style=\"width: 220px; height: 35px;\" \/><\/p>\n<h3>Popis<\/h3>\n<p><img decoding=\"async\" alt=\"\" class=\"left\" src=\"https:\/\/www.diablofans.cz\/d3\/wp-content\/uploads\/butcher%20portrait.png\" style=\"width: 125px; height: 125px; float: left;\" title=\"The Butcher\" \/>Legend\u00e1rny d\u00e9mon, rovnako legend\u00e1rna hl\u00e1\u0161ka, zjav a to ako po n\u00e1s v prvom diele Diabla vyletel zo svojho krvav\u00e9ho &quot;pr\u00edbytku&quot;, utkveli v pam\u00e4tiach mnoh\u00fdch odv\u00e1\u017enych dobrodruhov. V tretej \u010dasti hry sa vracia ale v plnej sile a ako sme sa dozvedeli z Cainovho denn\u00edku, The Butcher nie je jedin\u00fdm svojho druhu, tak\u017ee v spom\u00ednanom Diable I sme odpravili pravdepodobne jedn\u00e9ho z jeho bratov. Ako \u010fa\u013eej uv\u00e1dza spom\u00ednan\u00fd denn\u00edk, v pekle je t\u00fdchto mohutn\u00fdch d\u00e9monov viacej a ich stvorenie spo\u010d\u00edva v nahromaden\u00ed \u010dast\u00ed tiel in\u00fdch d\u00e9monov a bytost\u00ed a ich n\u00e1sledn\u00e9 spojenie dohromady pomocou najtemnej\u0161ej m\u00e1gie. To v podstate aj vysvet\u013euje \u00fanosy dedin\u010danov z Tristramu a jeho oklolia, kedy <a href=\"https:\/\/www.diablofans.cz\/d3\/monstra-1-akt\/#cultist\">temn\u00ed kultisti<\/a> veden\u00ed Maghdou potrebovali pre stvorenie be\u0161tie \u010derstv\u00e9 m\u00e4so a krv.<\/p>\n<p>&nbsp;<\/p>\n<p style=\"text-align: center;\"><img decoding=\"async\" alt=\"\" src=\"https:\/\/www.diablofans.cz\/d3\/wp-content\/uploads\/XVZ5EJCXP7FB1372898195077.png\" style=\"width: 85px; height: 26px;\" \/><\/p>\n<h3>S\u00faboj a taktika<\/h3>\n<p><img decoding=\"async\" alt=\"\" class=\"right\" src=\"https:\/\/www.diablofans.cz\/d3\/wp-content\/uploads\/butcherskills.png\" style=\"width: 140px; height: 88px;\" \/>Jeho hlavnou \u00falohou v hre je zabr\u00e1ni\u0165 v\u00e1\u0161mu hrdinovi v z\u00e1chrane Tyraela, ktor\u00e9ho kultisti uniesli do hlb\u00edn mu\u010diarne a z\u00e1rove\u0148 aj postupu do aktu \u010d\u00edslo dva. S\u00faboj s n\u00edm sa odohr\u00e1va v lok\u00e1cii <strong><span style=\"color:#FFFF00;\">Chamber of Suffering<\/span><\/strong>, kde ho na v\u00e1s vypust\u00ed z\u00e1kern\u00e1 Maghda a v\u00e1m neost\u00e1va ni\u010d in\u00e9 ako si d\u00e1vnu bitku zopakova\u0165. V tejto miestnosti je mre\u017eovan\u00e1 podlaha, z ktorej po\u010das s\u00faboja bud\u00fa vy\u0161\u013eahova\u0165 pekeln\u00e9 plamene, ktor\u00e9 va\u0161u postavu samozrejme zra\u0148uj\u00fa, ide o n\u00e1hodn\u00fd efekt, av\u0161ak na obtia\u017enosti Torment sa po chv\u00edli vznieti podlaha cel\u00e1, tak\u017ee sa mus\u00edte sna\u017ei\u0165 zne\u0161kodni\u0165 svojho protivn\u00edka \u010do najr\u00fdchlej\u0161ie. Okrem toho, ako mo\u017eno vidie\u0165 na prilo\u017eenej mape, sa v ar\u00e9ne v severnej \u010dasti nach\u00e1dzaj\u00fa taktie\u017e dve <a href=\"https:\/\/www.diablofans.cz\/d3\/info-o-hre\/#objekty\">lie\u010div\u00e9 studne<\/a>, \u010di\u017ee zdr\u017eiava\u0165 sa v danej \u010dasti je dobr\u00e1 taktika. V priamom s\u00faboja sa sna\u017ete vyh\u00fdba\u0165 sa jeho atakom, nako\u013eko s\u00e1m o sebe je Butcher dos\u0165 neohraban\u00fd a pri mnoh\u00fdch svojich schopnostiach d\u00e1 vopred vedie\u0165 nejak\u00fdm ur\u010dit\u00fdm znamen\u00edm, \u017ee sa ich chyst\u00e1 pou\u017ei\u0165. Okrem toho, The Butcher m\u00e1 vo svojom reperto\u00e1ri spom\u00ednan\u00fdch nieko\u013eko zauj\u00edmav\u00fdch a hlavne nebezpe\u010dn\u00fdch trikov.<\/p>\n<p>&nbsp;<\/p>\n<p style=\"text-align: center;\"><img decoding=\"async\" alt=\"\" src=\"https:\/\/www.diablofans.cz\/d3\/wp-content\/uploads\/XVZ5EJCXP7FB1372898195077.png\" style=\"width: 85px; height: 26px;\" \/><\/p>\n<h3>Schopnosti<\/h3>\n<p><img decoding=\"async\" alt=\"\" class=\"left\" src=\"https:\/\/www.diablofans.cz\/d3\/wp-content\/uploads\/theimprisonedangel.jpg\" style=\"width: 100px; height: 100px;\" \/>\u0160peci\u00e1lnych \u00fato\u010dn\u00fdch schopnost\u00ed ma tento protivn\u00edk \u0161tyri plus piatu, ak r\u00e1tame aj jeho z\u00e1kladn\u00fd \u00fatok. Z t\u00fdchto s\u00fa najnebezpe\u010dnej\u0161ie asi <strong>Grapling Hook<\/strong> a <strong>Smash<\/strong>, preto\u017ee u\u010fe\u013euj\u00fa najv\u00e4\u010d\u0161ie po\u0161kodenie a naviac po z\u00e1sahu Grapling Hook ste \u00faplne omr\u00e1\u010den\u00ed, tak\u017ee sa bolestiv\u00e9mu z\u00e1sahu u\u017e nevyhnete. Mnoho z jeho skillov, ako u\u017e bolo spomenut\u00e9, je ale mo\u017en\u00e9 vopred rozozna\u0165 \u017ee sa ich Butcher chyst\u00e1 pou\u017ei\u0165, tak\u017ee v tomto tkvie mo\u017en\u00e1 taktick\u00e1 v\u00fdhoda tohoto s\u00faboja.<\/p>\n<p>&nbsp;<\/p>\n<h4>Melee Attack<\/h4>\n<p>Klasick\u00fd \u00fatok na bl\u00edzko za pomoci svojich dvoch zbran\u00ed, <a href=\"http:\/\/eu.battle.net\/d3\/en\/item\/the-butchers-sickle\"><span style=\"color:#FF8C00;\">The Butcher&#39;s Sickle<\/span><\/a> a <a href=\"http:\/\/eu.battle.net\/d3\/en\/item\/butchers-carver\"><span style=\"color:#FF8C00;\">Butcher&#39;s Carver<\/span><\/a>.<\/p>\n<p style=\"text-align: center;\"><img decoding=\"async\" alt=\"\" src=\"https:\/\/www.diablofans.cz\/d3\/wp-content\/uploads\/butchermelee.png\" style=\"width: 212px; height: 145px;\" \/><\/p>\n<hr \/>\n<h4>Smash<\/h4>\n<p>Butcher za\u010dne poskakova\u0165 na mieste a n\u00e1sledne sa za\u017eenie svojou obrovskou sekerou <a href=\"http:\/\/eu.battle.net\/d3\/en\/item\/butchers-carver\"><span style=\"color:#FF8C00;\">Butcher&#39;s Carver<\/span><\/a><span style=\"color:#FF8C00;\"> <\/span>a ak zasiahne, sp\u00f4sob\u00ed ve\u013ek\u00e9 po\u0161kodenie a <a href=\"https:\/\/www.diablofans.cz\/d3\/monstra-affixy\/#knockback\">Knockback<\/a>, \u010di\u017ee odhodenie v\u00e1\u0161ho hrdinu a n\u00e1sledn\u00e9 spomalenie pohybu.<\/p>\n<h4 style=\"text-align: center;\"><img decoding=\"async\" alt=\"\" src=\"https:\/\/www.diablofans.cz\/d3\/wp-content\/uploads\/butchersmash.png\" style=\"width: 175px; height: 144px;\" title=\"Smash\" \/><\/h4>\n<hr \/>\n<h4>Grapling Hook<\/h4>\n<p>Na va\u0161u postavu The Butcher vy\u0161le ve\u013ek\u00fd h\u00e1k na re\u0165azi a pokia\u013e je z\u00e1sah \u00faspe\u0161n\u00fd, ste k v\u00e1\u0161mu protivn\u00edkovi pritiahnut\u00ed, omr\u00e1\u010den\u00ed a vydan\u00ed mu na milos\u0165, \u010do v\u00e1m d\u00e1 n\u00e1le\u017eite poc\u00edti\u0165 tvrd\u00fdm \u00faderom svojej sekery, pravdepodobne najnebezpe\u010dnej\u0161\u00ed z jeho \u00fatokov. Pred jeho vykonan\u00edm zbad\u00e1te na svojom protivn\u00edkovi, \u017ee sa ako keby mierne zaklon\u00ed dozadu, v podstate sa rozo\u017eenie pre vrh h\u00e1kom, tak\u017ee pozorne sledujte jeho chovanie v boji.<\/p>\n<h4 style=\"text-align: center;\"><img decoding=\"async\" alt=\"\" src=\"https:\/\/www.diablofans.cz\/d3\/wp-content\/uploads\/butchergrapplinghook.png\" style=\"width: 250px; height: 142px;\" title=\"Grappling Hook\" \/><\/h4>\n<hr \/>\n<h4>Spear<\/h4>\n<p>T\u00e1to schopnos\u0165 sa ve\u013emi podob\u00e1 ako aj v\u00fdzorovo tak aj funkciovo barbarovmu skillu <a href=\"http:\/\/eu.battle.net\/d3\/en\/class\/barbarian\/active\/ancient-spear\">Ancient Spear<\/a> len s t\u00fdm rozdielom, \u017ee va\u0161u postavu nepritiahne k Butcherovi.<\/p>\n<h4 style=\"text-align: center;\"><img decoding=\"async\" alt=\"\" src=\"https:\/\/www.diablofans.cz\/d3\/wp-content\/uploads\/butcherspear.png\" style=\"width: 250px; height: 143px;\" title=\"Spear\" \/><\/h4>\n<hr \/>\n<h4>Frenzy Charge<\/h4>\n<p>To, \u017ee sa t\u00e1to schopnos\u0165 chyst\u00e1 by\u0165 na bojisku pou\u017eit\u00e1 zist\u00edte tak, \u017ee Butcher zareve a v smere svojho pohybu vy\u0161le pr\u00fad ohnivej energie a n\u00e1sledne sa po tejto trajekt\u00f3rii prudko rozbehne za \u00fa\u010delom tvrd\u00e9ho n\u00e1razu a po\u0161kodenia v\u00e1\u0161ho charakteru plus efekt <a href=\"https:\/\/www.diablofans.cz\/d3\/monstra-affixy\/#knockback\">Knockback<\/a>. Ak sa tomuto \u00fatoku \u00faspe\u0161ne vyhnete, The Butcher ostane po n\u00e1raze do steny na ur\u010dit\u00fd \u010das <strong>omr\u00e1\u010den\u00fd<\/strong>, tak\u017ee toto je najvhodnej\u0161\u00ed \u010das na tvrd\u00fd proti\u00fatok.<\/p>\n<p style=\"text-align: center;\"><img decoding=\"async\" alt=\"\" src=\"https:\/\/www.diablofans.cz\/d3\/wp-content\/uploads\/butcherfrenzycharge.png\" style=\"width: 250px; height: 141px;\" title=\"Frenzy Charge\" \/><\/p>\n<div id=\"stcpDiv\" style=\"position: absolute; top: -1999px; left: -1988px;\">Smash<\/div>\n<div id=\"stcpDiv\" style=\"position: absolute; top: -1999px; left: -1988px;\">Melee Attack<\/div>\n","protected":false},"excerpt":{"rendered":"<p>The Butcher [&#8230;]<\/p>\n<p><a class=\"btn btn-secondary understrap-read-more-link\" href=\"https:\/\/www.diablofans.cz\/d3\/akt-bossove-1-akt-the-butcher\/\">\u010c\u00edst d\u00e1le&#8230;<span class=\"screen-reader-text\"> from Akt bossov\u00e9 &#8211; 1. akt &#8211; The Butcher<\/span><\/a><\/p>\n","protected":false},"author":10,"featured_media":0,"parent":0,"menu_order":0,"comment_status":"open","ping_status":"closed","template":"","meta":{"footnotes":""},"class_list":["post-10286","page","type-page","status-publish","hentry"],"_links":{"self":[{"href":"https:\/\/www.diablofans.cz\/d3\/wp-json\/wp\/v2\/pages\/10286","targetHints":{"allow":["GET"]}}],"collection":[{"href":"https:\/\/www.diablofans.cz\/d3\/wp-json\/wp\/v2\/pages"}],"about":[{"href":"https:\/\/www.diablofans.cz\/d3\/wp-json\/wp\/v2\/types\/page"}],"author":[{"embeddable":true,"href":"https:\/\/www.diablofans.cz\/d3\/wp-json\/wp\/v2\/users\/10"}],"replies":[{"embeddable":true,"href":"https:\/\/www.diablofans.cz\/d3\/wp-json\/wp\/v2\/comments?post=10286"}],"version-history":[{"count":0,"href":"https:\/\/www.diablofans.cz\/d3\/wp-json\/wp\/v2\/pages\/10286\/revisions"}],"wp:attachment":[{"href":"https:\/\/www.diablofans.cz\/d3\/wp-json\/wp\/v2\/media?parent=10286"}],"curies":[{"name":"wp","href":"https:\/\/api.w.org\/{rel}","templated":true}]}}