{"id":10326,"date":"2016-02-26T15:29:00","date_gmt":"2016-02-26T15:29:00","guid":{"rendered":"http:\/\/diablofans.ddev.site\/d3\/westmarch\/"},"modified":"2016-02-26T15:29:00","modified_gmt":"2016-02-26T15:29:00","slug":"westmarch","status":"publish","type":"page","link":"https:\/\/www.diablofans.cz\/d3\/westmarch\/","title":{"rendered":"Westmarch"},"content":{"rendered":"<p>Na co hr\u00e1\u010d poprv\u00e9 naraz\u00ed, kdy\u017e si pust\u00ed prvn\u00ed datadisk pro <strong>Diablo 3 &#8211; <a href=\"http:\/\/xzone.cz\/nahledgame.php3?idg=3427&amp;a_aid=080628\">Reaper of Souls<\/a><\/strong>? A\u0165 u\u017e je to domov \u0159\u00e1du ryt\u00ed\u0159\u016f,&nbsp;architektonick\u00e9 skvosty a&nbsp;monument\u00e1ln\u00ed stavby, nebo dobyt\u00e1 \u00fazem\u00ed kr\u00e1le Rakkise, rozhodn\u011b k tomu bude pat\u0159it m\u011bsto pln\u00e9 hrdin\u016f i krve &#8211; <strong>Westmarch<\/strong>.<\/p>\n<p style=\"text-align: center;\"><img decoding=\"async\" alt=\"Westmarch - Diablo 3 - Reaper of Souls\" src=\"https:\/\/www.diablofans.cz\/d3\/wp-content\/uploads\/westmarch-history.jpg\" style=\"width: 700px; height: 249px;\" \/><\/p>\n<p>Jak to bylo se zalo\u017een\u00edm m\u011bsta? Nebo jak je to s tajemstv\u00edm, kter\u00e9 vedlo k poh\u0159bu&nbsp;kr\u00e1le Rakkise v ba\u017ein\u00e1ch nam\u00edsto osl\u0148uj\u00edc\u00ed katedr\u00e1ly? \u0158\u00edk\u00e1 se, \u017ee nejlep\u0161\u00ed p\u0159\u00edpravou na budoucnost je nastudovat si minulost, poj\u010fme se tedy pod\u00edvat, co <strong>historie Westamarchu<\/strong> skr\u00fdv\u00e1.<\/p>\n<p>&nbsp;<\/p>\n<blockquote>\n<p>&quot;\u010clov\u011bk si mus\u00ed uv\u011bdomit, \u017ee Westmarch v modern\u00ed dob\u011b se hodn\u011b zm\u011bnil a vypad\u00e1 u\u017e \u00fapln\u011b jinak v porovn\u00e1n\u00ed s dobou, ve kter\u00e9 vznikal.&quot; &#8211; Deckard Cain, Book of Tyrael<\/p>\n<\/blockquote>\n<h2>&nbsp;<\/h2>\n<h2>D\u016fsledek v\u00edt\u011bzstv\u00ed<\/h2>\n<p>P\u0159ed dv\u011bma a p\u016fl stolet\u00edmi,&nbsp;tedy v dob\u011b, kdy zakarumsk\u00e1&nbsp;v\u00edra dosahovala sv\u00e9ho maxima, \u0159\u00ed\u0161i&nbsp;Kehjistan su\u017eovala \u0159ada probl\u00e9m\u016f. A\u0165 u\u017e hladomor nebo choroby, kter\u00e9 se rychle&nbsp;\u0161\u00ed\u0159ily mezi obyvateli. Zoufal\u00fdm lidem to tak nahr\u00e1valo ke vzniku nov\u00e9 v\u00edry a douf\u00e1n\u00ed. Zat\u00edmco mnoz\u00ed politici a \u0161lechtici to vn\u00edmali jako hrozbu, nov\u011b zvolen\u00fd&nbsp;c\u00edsa\u0159 Tassara v\u011b\u0159il,&nbsp;\u017ee by akaratsk\u00e9 u\u010den\u00ed mohlo b\u00fdt vyu\u017eito jako n\u00e1stroj pro zlep\u0161en\u00ed jeho reputace. P\u0159ijet\u00edm rozr\u016fstaj\u00edc\u00edcho se n\u00e1bo\u017eenstv\u00ed by Tassara tak\u00e9 urychlil \u0161\u00ed\u0159en\u00ed zakarumsk\u00e9 v\u00edry, \u010d\u00edm\u017e by si pojistil, \u017ee jeho lid ho bude n\u00e1sledovat.<\/p>\n<p style=\"text-align: center;\"><span style=\"color:#A52A2A;\">&diams; &diams; &diams;<\/span><\/p>\n<h2>N\u00e1stup Rakkise<\/h2>\n<p>Kr\u00e1tce po tom, co Tassara nastoupil na tr\u016fn, se proti n\u011bmu spojila skupina odp\u016frc\u016f a cht\u011bli jej svrhnout p\u0159ed t\u00edm, ne\u017e si svou pozici zcela upevn\u00ed. Tassara proto povolal krut\u00e9ho zakarumsk\u00e9ho gener\u00e1la Rakkise, jeho\u017e hrdinsk\u00e9 \u010diny jsou zn\u00e1my nap\u0159\u00ed\u010d histori\u00ed kraje. Jeho \u00fasil\u00ed,&nbsp;moc a v\u00edt\u011bzn\u00e1 ta\u017een\u00ed za \u00fa\u010delem ochrany koruny se staly inspirac\u00ed pro v\u0161echny obyvatele.<\/p>\n<p style=\"text-align: center;\"><a href=\"\/obrazky\/lokace\/westmarch\/sanctuary-map.jpg\" style=\"\"><img decoding=\"async\" alt=\"Mapa Sanctuary - Diablo 3\" src=\"https:\/\/www.diablofans.cz\/d3\/wp-content\/uploads\/sanctuary-map-sml.jpg\" style=\"width: 560px; height: 219px;\" \/><\/a><\/p>\n<p style=\"text-align: center;\"><em>Mapa sv\u011bta Sanctuary v Diablu 3.<\/em><\/p>\n<p>Rakkisova popularita ale za\u010dala Tassarovi vadit. Za\u010dal se toti\u017e ob\u00e1vat, \u017ee by mohl ohrozit jeho vl\u00e1du, a tak mu zasadil riskantn\u00ed \u00fakol&nbsp;prozkoumat z\u00e1padn\u00ed zem\u011b a \u0161\u00ed\u0159it v\u00edru Zakarumu dob\u00fdv\u00e1n\u00edm nov\u00fdch m\u00edst.<\/p>\n<p>Toto ta\u017een\u00ed na z\u00e1pad v\u016fbec nebylo pro Rakkise jednoduch\u00e9. Jeho arm\u00e1da \u010delila velk\u00e9mu odporu, p\u0159edev\u0161\u00edm n\u00e1rodu Ivgorodu a barbar\u016fm z&nbsp;Mount Arreat. I p\u0159es tyto nezdary se Rakkisovi poda\u0159ilo dob\u00fdt a sjednotit dev\u011bt v\u00e1le\u010dn\u00fdch kmen\u016f na jednom subkontinentu a z\u00e1rove\u0148 tak postupn\u011b zavedl zakarumskou v\u00edru do jejich kultury. Tento \u00fasp\u011bch mu pak umo\u017enil podmanit si i zbytek vzdoruj\u00edc\u00edch domorodc\u016f na jihu.<\/p>\n<p style=\"text-align: center;\"><a href=\"\/obrazky\/lokace\/westmarch\/rakkis-army.jpg\" style=\"\"><img decoding=\"async\" alt=\"Arm\u00e1da gener\u00e1la Rakkisa - Diablo 3 - Reaper of Souls\" src=\"https:\/\/www.diablofans.cz\/d3\/wp-content\/uploads\/rakkis-army-sml.jpg\" style=\"width: 560px; height: 361px;\" \/><\/a><\/p>\n<p style=\"text-align: center;\"><em>Rakkisova arm\u00e1da pochoduje po v\u00edt\u011bzn\u00e9m boji.<\/em><\/p>\n<p>Brzy potom se gener\u00e1l Rakkis rozhodl, \u017ee j\u00edm dobyt\u00e9 zem\u011b pojmenuje&nbsp;Westmarch. U\u010dinil tak na po\u010dest Tassary, kter\u00fd mu dal za \u00fakol tyto zem\u011b z\u00edskat. Hlavn\u00edm m\u011bsto nov\u011b vznikl\u00e9ho kraje z\u00edskalo stejn\u00e9 jm\u00e9no, jako kraj samotn\u00fd, tedy Westmarch. M\u011bsto se nach\u00e1z\u00ed u \u0159eky a m\u00e1 tak k dispozici vlastn\u00ed p\u0159\u00edstav. Bl\u00edzkost m\u011bsta k mo\u0159i mu umo\u017enila rychle z\u00edskat um\u011bleckou i obchodn\u00ed moc, kterou si udr\u017eelo dodnes.<\/p>\n<p style=\"text-align: center;\"><span style=\"color:#A52A2A;\">&diams; &diams; &diams;<\/span><\/p>\n<h2>M\u011bsto v oble\u017een\u00ed<\/h2>\n<p>Westmarch za\u017eil n\u011bkolik dek\u00e1d m\u00edru a prosperity. M\u00e1lokdo by si dovolil postavit se zastra\u0161uj\u00edc\u00ed a siln\u00e9 arm\u00e1d\u011b. A ti, kte\u0159\u00ed se opov\u00e1\u017eili, jako nap\u0159. smoln\u00e1 invaze&nbsp;Khandurasu b\u011bhem periody zn\u00e1m\u00e9 jako Potemn\u011bn\u00ed Tristramu, byli zavra\u017ed\u011bni. B\u011bhem v\u00edce ne\u017e dvou set let od zalo\u017een\u00ed Westmarchu si \u017e\u00e1dn\u00e9 vn\u011bj\u0161\u00ed s\u00edly nedovolily prolomit pevn\u00e9 zdi m\u011bsta. Krom\u011b jedn\u00e9. P\u0159\u00edchod Malthaela znamenal vyvra\u017ed\u011bn\u00ed cel\u00e9 populace hlavn\u00edho m\u011bsta z nezn\u00e1m\u00e9ho d\u016fvodu.<\/p>\n<p>Ot\u00e1zkou z\u016fst\u00e1v\u00e1, pro\u010d si And\u011bl Smrti, jak si Malthael \u0159\u00edk\u00e1, vybral zrovna Westmarch?<\/p>\n<p style=\"text-align: center;\"><span style=\"color:#A52A2A;\">&diams; &diams; &diams;<\/span><\/p>\n<h2>Historie pln\u00e1 tajemstv\u00ed<\/h2>\n<p>Obecn\u011b je zaj\u00edmav\u00e9, \u017ee si Rakkis p\u0159i budov\u00e1n\u00ed hlavn\u00edho m\u011bsta vybral zrovna lokaci v divo\u010din\u011b&nbsp;nedaleko od ba\u017ein a mo\u010d\u00e1l\u016f. Pro\u010d si&nbsp;Rakkis vybral zrovna takov\u00e9 m\u00edsto? Byl za t\u00edm v\u0161\u00edm n\u011bjak\u00fd vedlej\u0161\u00ed&nbsp;d\u016fvod, o kter\u00e9m se nemluvilo? Pravd\u011bpodobn\u011b ano, proto\u017ee toto m\u00edsto p\u0159it\u00e1hlo pozornost ne jednoho, ale hned dvou \u010dlen\u016f Angiris Councilu.<\/p>\n<p>Nedaleko Westmarchu se nach\u00e1zel&nbsp;poklad, kter\u00fd m\u011bl vy\u0161\u0161\u00ed hodnotu ne\u017e cokoli. Alespo\u0148 tedy za vl\u00e1dy Rakkise. Po jeho korunovaci na mocn\u00e9ho kr\u00e1le str\u00e1vil n\u011bkolik let zkoum\u00e1n\u00edm a prohled\u00e1v\u00e1n\u00edm kyklopsk\u00fdch ruin, kter\u00e9 le\u017e\u00ed v t\u011bsn\u00e9 bl\u00edzkosti ba\u017ein. Na sv\u016fj vlastn\u00ed p\u0159\u00edkaz byl po smrti pochov\u00e1n pr\u00e1v\u011b tady. Spekulovalo se, \u017ee to nebyly ledajak\u00e9 ruiny, ale \u017ee se jednalo o ztracen\u00e9 m\u011bsto Nephalemu.<\/p>\n<p style=\"text-align: center;\"><a href=\"\/obrazky\/lokace\/westmarch\/nephalem-ruins.jpg\" style=\"\"><img decoding=\"async\" alt=\"Ruiny m\u011bsta Nephalem - Diablo 3 - Reaper of Souls\" src=\"https:\/\/www.diablofans.cz\/d3\/wp-content\/uploads\/angiris-council-soulstone-sml.jpg\" style=\"width: 165px; height: 219px;\" \/><\/a><\/p>\n<p style=\"text-align: center;\"><em>Vlevo: Zv\u011bdav\u00fd dobrodruh prohled\u00e1v\u00e1 ruiny Nephalemu.<\/em><br \/>\n<em>Vpravo: Angiris Council projedn\u00e1v\u00e1 osud Black Soulstone.<\/em><\/p>\n<p>Toto m\u00edsto je pln\u00e9 magie a tajemstv\u00ed. Jen m\u00e1lo lidem&nbsp;se ho&nbsp;poda\u0159ilo odhalit. Byli dokonce i&nbsp;ve starobyl\u00fdch chodb\u00e1ch ruin. \u0158\u00edk\u00e1 se, \u017ee nejzaj\u00edmav\u011bj\u0161\u00ed na tomto&nbsp;ztracen\u00e9m&nbsp;m\u011bst\u011b&nbsp;je m\u00edsto, kam&nbsp;nesm\u00ed and\u011bl\u00e9 ani d\u00e9moni. Zm\u00ednky o tomto m\u00edst\u011b byly pe\u010dliv\u011b ukryty, ale Tyrael, Symbol Rozumu, se o ochran\u011b tohoto m\u00edsta dozv\u011bd\u011bl ve spr\u00e1vnou chv\u00edli. Kdy\u017e hledal po Sanctuary m\u00edsto, kam by ulo\u017eil&nbsp;Black Soulstone, m\u011bl v pl\u00e1nu jej ukr\u00fdt v t\u011bchto ruin\u00e1ch tak, aby se k n\u011bmu nemohly dostat d\u00e9moni. Ale ani and\u011bl\u00e9, proto\u017ee&nbsp;se ani jim nedalo v\u011b\u0159it, \u017ee by dok\u00e1zali&nbsp;k\u00e1men se samotn\u00fdm Prvotn\u00edm Zlem ochr\u00e1nit.<\/p>\n<p>Bohu\u017eel ani s\u00e1m Tyrael nedok\u00e1zal p\u0159edpov\u011bd\u011bt, komu se poda\u0159\u00ed Black Soulstone ukradnout.<\/p>\n<p>Malthael pro\u0161el p\u0159em\u011bnou podobn\u011b jako Tyrael a jeho nov\u00e9 zt\u011blesn\u011bn\u00ed s podobou Smrti mu umo\u017enilo p\u0159ekro\u010dit hranice ruin m\u011bsta bez jak\u00fdchkoli pot\u00ed\u017e\u00ed.<\/p>\n<p style=\"text-align: center;\"><iframe loading=\"lazy\" allowfullscreen=\"\" frameborder=\"0\" height=\"394\" src=\"\/\/www.youtube.com\/embed\/Cb7QJwQ58T0?rel=0\" width=\"700\"><\/iframe><\/p>\n<p style=\"text-align: center;\"><em style=\"text-align: center;\">\u00davodn\u00ed video k datadisku pro Diablo 3 &#8211; <a href=\"http:\/\/xzone.cz\/nahledgame.php3?idg=3427&amp;a_aid=080628\">Reaper of Souls<\/a>.<\/em><\/p>\n<p style=\"text-align: center;\"><span style=\"color:#A52A2A;\">&diams; &diams; &diams;<\/span><\/p>\n<h2>Westmarch a jeho budoucnost<\/h2>\n<p>V sou\u010dasn\u00e9 dob\u011b je Westmarch pln\u00e9 nebezpe\u010d\u00ed a jen ty, state\u010dn\u00fd Nephaleme, dok\u00e1\u017ee\u0161 zachr\u00e1nit historick\u00e9 m\u011bsto p\u0159ed zni\u010den\u00edm. Obyvatel\u00e9 m\u011bsta jsou vychov\u00e1v\u00e1ni pod veden\u00edm Malthaela jako nemrtv\u00e1 arm\u00e1da, kter\u00e1 pln\u00ed jeho p\u0159\u00edkazy. Jak se v\u00e1m poda\u0159\u00ed vy\u010distit Westmarch od zla, kter\u00e9 ho pohltilo? Jak\u00e1 nebezpe\u010d\u00ed na v\u00e1s po cest\u011b \u010dekaj\u00ed?<\/p>\n<p>Dal\u0161\u00ed informace o Westmarchu:<\/p>\n<ul>\n<li><a href=\"https:\/\/www.diablofans.cz\/d3\/westmarch-prvni-pohled-do-mesta\/\">Westmarch &#8211; Prvn\u00ed pohled do m\u011bsta<\/a><\/li>\n<\/ul>\n","protected":false},"excerpt":{"rendered":"<p>Na co hr\u00e1\u010d poprv\u00e9 naraz\u00ed, kdy\u017e si pust\u00ed prvn\u00ed datadisk pro Diablo 3 &#8211; Reaper of Souls? A\u0165 u\u017e je to domov \u0159\u00e1du ryt\u00ed\u0159\u016f,&nbsp;architektonick\u00e9 skvosty a&nbsp;monument\u00e1ln\u00ed stavby, nebo dobyt\u00e1 \u00fazem\u00ed kr\u00e1le Rakkise, rozhodn\u011b k tomu bude pat\u0159it m\u011bsto pln\u00e9 hrdin\u016f i krve &#8211; Westmarch. Jak to bylo se zalo\u017een\u00edm m\u011bsta? Nebo jak je to s [&#8230;]<\/p>\n<p><a class=\"btn btn-secondary understrap-read-more-link\" href=\"https:\/\/www.diablofans.cz\/d3\/westmarch\/\">\u010c\u00edst d\u00e1le&#8230;<span class=\"screen-reader-text\"> from Westmarch<\/span><\/a><\/p>\n","protected":false},"author":10,"featured_media":0,"parent":0,"menu_order":0,"comment_status":"open","ping_status":"closed","template":"","meta":{"footnotes":""},"class_list":["post-10326","page","type-page","status-publish","hentry"],"_links":{"self":[{"href":"https:\/\/www.diablofans.cz\/d3\/wp-json\/wp\/v2\/pages\/10326","targetHints":{"allow":["GET"]}}],"collection":[{"href":"https:\/\/www.diablofans.cz\/d3\/wp-json\/wp\/v2\/pages"}],"about":[{"href":"https:\/\/www.diablofans.cz\/d3\/wp-json\/wp\/v2\/types\/page"}],"author":[{"embeddable":true,"href":"https:\/\/www.diablofans.cz\/d3\/wp-json\/wp\/v2\/users\/10"}],"replies":[{"embeddable":true,"href":"https:\/\/www.diablofans.cz\/d3\/wp-json\/wp\/v2\/comments?post=10326"}],"version-history":[{"count":0,"href":"https:\/\/www.diablofans.cz\/d3\/wp-json\/wp\/v2\/pages\/10326\/revisions"}],"wp:attachment":[{"href":"https:\/\/www.diablofans.cz\/d3\/wp-json\/wp\/v2\/media?parent=10326"}],"curies":[{"name":"wp","href":"https:\/\/api.w.org\/{rel}","templated":true}]}}